000
CXUS56 KSGX 291545
CF6RIV
PRELIMINARY LOCAL CLIMATOLOGICAL DATA (WS FORM: F-6)

                                          STATION:   RIVERSIDE/MARCH FIELD CA
                                          MONTH:     APRIL
                                          YEAR:      2016
                                          LATITUDE:   33 54 N
                                          LONGITUDE: 117 15 W

  TEMPERATURE IN F:       :PCPN:    SNOW:  WIND      :SUNSHINE: SKY     :PK WND
================================================================================
1   2   3   4   5  6A  6B    7    8   9   10  11  12  13   14  15   16   17  18
                                     12Z  AVG MX 2MIN
DY MAX MIN AVG DEP HDD CDD  WTR  SNW DPTH SPD SPD DIR MIN PSBL S-S WX    SPD DR
================================================================================

 1  78  39  59   M   6   0 0.00  0.0    0  4.9 16 300   M    M   0        20 300
 2  83  44  64   M   1   0 0.00  0.0    0  4.4 15 300   M    M   0         M  M
 3  84  45  65   M   0   0 0.00  0.0    0  4.4 15 280   M    M   0        22 280
 4  82  45  64   M   1   0 0.00    M    0  4.3 14 290   M    M   0         M  M
 5  89  45  67   M   0   2 0.00  0.0    0  2.5  8 100   M    M   0         M  M
 6  94  50  72   M   0   7 0.00  0.0    0  7.5 24  80   M    M   0 8      36  80
 7   M   M   M   M   M   M 0.01    M    0  4.3 15 320   M    M   5 1       M  M
 8  60  55  58   M   7   0 0.21  0.0    0  4.1  9 160   M    M   7 1       M  M
 9  64  52  58   M   7   0    T  0.0    0  4.8  9 310   M    M   8         M  M
10  65  54  60   M   5   0 0.49  0.0    0  3.7 12 160   M    M   9 1       M  M
11  69  49  59   M   6   0    T    M    0  3.5  9 280   M    M   4 3       M  M
12  74  48  61   M   4   0 0.00  0.0    0  5.6 13 310   M    M   0        21 310
13  75  50  63   M   2   0 0.00  0.0    0  6.0 14 320   M    M   2 12     20 310
14  71  49  60   M   5   0 0.00  0.0    0  6.6 12 290   M    M   3 1       M  M
15  77  48  63   M   2   0 0.00  0.0    0 12.9 27 350   M    M   2        41 350
16  83  50  67   M   0   2 0.00  0.0    0 17.6 30 340   M    M   0        40 330
17  86  43  65   M   0   0 0.00  0.0    0  5.3 20 330   M    M   0        27 330
18  88  45  67   M   0   2 0.00    M    0  5.0 18 290   M    M   0        24 290
19  88  48  68   M   0   3 0.00    M    0  5.5 17 290   M    M   1        31 300
20  87  45  66   M   0   1 0.00  0.0    0  4.1 14 290   M    M   1         M  M
21  85  46  66   M   0   1 0.00  0.0    0  5.4 15 300   M    M   1        22 300
22  78  46  62   M   3   0 0.00  0.0    0  6.8 18 290   M    M   0        23 290
23  76  52  64   M   1   0 0.00  0.0    0  7.8 15 320   M    M   2         M  M
24  77  46  62   M   3   0 0.00  0.0    0  5.8 17 300   M    M   1        18 340
25  68  45  57   M   8   0 0.20    M    0  8.9 16  10   M    M   5        21  10
26  70  43  57   M   8   0 0.00  0.0    0  5.0 13 310   M    M   1        18 310
27  71  46  59   M   6   0 0.00  0.0    0  7.4 18 300   M    M   1        21 290
28  67  50  59   M   6   0    T  0.0    0  7.8 15 160   M    M   8        21 180
================================================================================
SM 2089 1278        81  18  0.91     0.0 171.9          M       61
================================================================================
AV 77.4 47.3                               6.1 FASTST   M    M   2    MAX(MPH)
                                 MISC ---->    30   M                 41    M
================================================================================
NOTES:
# LAST OF SEVERAL OCCURRENCES

COLUMN 17 PEAK WIND IN M.P.H.

PRELIMINARY LOCAL CLIMATOLOGICAL DATA (WS FORM: F-6) , PAGE 2

                                          STATION:  RIVERSIDE/MARCH FIELD CA
                                          MONTH:    APRIL
                                          YEAR:     2016
                                          LATITUDE:   33 54 N
                                          LONGITUDE: 117 15 W

[TEMPERATURE DATA]      [PRECIPITATION DATA]       SYMBOLS USED IN COLUMN 16

AVERAGE MONTHLY: 62.4   TOTAL FOR MONTH:   0.91    1 = FOG OR MIST
DPTR FM NORMAL:     M   DPTR FM NORMAL:       M    2 = FOG REDUCING VISIBILITY
HIGHEST:    94 ON  6    GRTST 24HR  0.49 ON 10-10      TO 1/4 MILE OR LESS
LOWEST:     39 ON  1                               3 = THUNDER
                        SNOW, ICE PELLETS, HAIL    4 = ICE PELLETS
                        TOTAL MONTH:   0.0 INCH    5 = HAIL
                        GRTST 24HR     0.0         6 = FREEZING RAIN OR DRIZZLE
                        GRTST DEPTH:   0           7 = DUSTSTORM OR SANDSTORM:
                                                       VSBY 1/2 MILE OR LESS
                                                   8 = SMOKE OR HAZE
[NO. OF DAYS WITH]      [WEATHER - DAYS WITH]      9 = BLOWING SNOW
                                                   X = TORNADO
MAX 32 OR BELOW:   0    0.01 INCH OR MORE:   4
MAX 90 OR ABOVE:   1    0.10 INCH OR MORE:   3
MIN 32 OR BELOW:   0    0.50 INCH OR MORE:   0
MIN  0 OR BELOW:   0    1.00 INCH OR MORE:   0

[HDD (BASE 65) ]
TOTAL THIS MO.    81    CLEAR  (SCALE 0-3)  21
DPTR FM NORMAL     M    PTCLDY (SCALE 4-7)   6
TOTAL FM JUL 1  1718    CLOUDY (SCALE 8-10)  1
DPTR FM NORMAL     M

[CDD (BASE 65) ]
TOTAL THIS MO.    18
DPTR FM NORMAL     M    [PRESSURE DATA]
TOTAL FM JAN 1    21    HIGHEST SLP M ON M
DPTR FM NORMAL     M    LOWEST  SLP M ON M

[REMARKS]
