000
CXUS55 KRIW 250904
CF6RIW
PRELIMINARY LOCAL CLIMATOLOGICAL DATA (WS FORM: F-6)

                                          STATION:   RIVERTON WY
                                          MONTH:     MAY
                                          YEAR:      2015
                                          LATITUDE:   43  2 N
                                          LONGITUDE: 108 27 W

  TEMPERATURE IN F:       :PCPN:    SNOW:  WIND      :SUNSHINE: SKY     :PK WND
================================================================================
1   2   3   4   5  6A  6B    7    8   9   10  11  12  13   14  15   16   17  18
                                     12Z  AVG MX 2MIN
DY MAX MIN AVG DEP HDD CDD  WTR  SNW DPTH SPD SPD DIR MIN PSBL S-S WX    SPD DR
================================================================================

 1  72  38  55   6  10   0 0.00  0.0    0  6.9 20 240   M    M   0        23 250
 2  77  40  59  10   6   0 0.00  0.0    0 11.7 26 260   M    M   1        33 240
 3  70  47  59   9   6   0 0.00  0.0    0  9.3 35 230   M    M   2        44 240
 4  70  43  57   7   8   0    T  0.0    0  7.9 29 180   M    M   4        35 180
 5  72  43  58   8   7   0 0.01  0.0    0  6.3 24 300   M    M   2        32 300
 6  55  42  49  -2  16   0 0.28  0.0    0 10.9 23  20   M    M  10 1      30  20
 7  50  38  44  -7  21   0 0.31  0.0    0  9.1 15  70   M    M  10 1      18 150
 8  46  38  42  -9  23   0 0.10  0.0    0 10.6 22  10   M    M  10        27  20
 9  41  33  37 -15  28   0 0.08  0.2    0 19.0 28  20   M    M  10 1      33  10
10  43  32  38 -14  27   0    T  0.2    T  8.5 22  40   M    M  10 1      30  10
11  61  29  45  -7  20   0 0.00  0.0    0  5.0 12 150   M    M   1        16 120
12  72  39  56   3   9   0 0.00  0.0    0  7.4 21  10   M    M   2        33 230
13  70  42  56   3   9   0    T  0.0    0  8.4 26 330   M    M   2 3      34 340
14  67  40  54   1  11   0 0.18    T    0  5.7 33 210   M    M   1 35     41 210
15  59  40  50  -4  15   0    T  0.0    0  8.7 28 170   M    M   5        34 160
16  65  37  51  -3  14   0 0.00  0.0    0  8.3 21  10   M    M   2 12     27  30
17  54  40  47  -7  18   0 0.10  0.0    0 14.7 23  10   M    M  10 1      28  10
18  52  38  45 -10  20   0 0.07  0.0    0  8.8 16  90   M    M  10 1      21  90
19  44  33  39 -16  26   0 1.01    T    0  9.0 18  70   M    M  10 1      25  80
20  50  32  41 -14  24   0 0.01  0.1    0  4.7  9 110   M    M   6        15 120
21  63  35  49  -7  16   0 0.18  0.0    0  4.9 25 180   M    M   2 3      30 180
22  57  44  51  -5  14   0 0.14  0.0    0  7.0 18  60   M    M   8 1      22  60
23  65  44  55  -1  10   0 0.63  0.0    0  7.2 12 310   M    M   8 13      M  M
24  53  44  49  -7  16   0 1.06  0.0    0 10.6 20  20   M    M   9 1      25  20
================================================================================
SM 1428  931       374   0  4.16     0.5 210.6          M      135
================================================================================
AV 59.5 38.8                               8.8 FASTST   M    M   6    MAX(MPH)
                                 MISC ---->  # 35 230               # 44  240
================================================================================
NOTES:
# LAST OF SEVERAL OCCURRENCES

COLUMN 17 PEAK WIND IN M.P.H.

PRELIMINARY LOCAL CLIMATOLOGICAL DATA (WS FORM: F-6) , PAGE 2

                                          STATION:  RIVERTON WY
                                          MONTH:    MAY
                                          YEAR:     2015
                                          LATITUDE:   43  2 N
                                          LONGITUDE: 108 27 W

[TEMPERATURE DATA]      [PRECIPITATION DATA]       SYMBOLS USED IN COLUMN 16

AVERAGE MONTHLY: 49.1   TOTAL FOR MONTH:   4.16    1 = FOG OR MIST
DPTR FM NORMAL:  -3.6   DPTR FM NORMAL:    2.76    2 = FOG REDUCING VISIBILITY
HIGHEST:    77 ON  2    GRTST 24HR  1.06 ON 24-24      TO 1/4 MILE OR LESS
LOWEST:     29 ON 11                               3 = THUNDER
                        SNOW, ICE PELLETS, HAIL    4 = ICE PELLETS
                        TOTAL MONTH:   0.5 INCH    5 = HAIL
                        GRTST 24HR   0.2 ON   M    6 = FREEZING RAIN OR DRIZZLE
                        GRTST DEPTH:   T           7 = DUSTSTORM OR SANDSTORM:
                                                       VSBY 1/2 MILE OR LESS
                                                   8 = SMOKE OR HAZE
[NO. OF DAYS WITH]      [WEATHER - DAYS WITH]      9 = BLOWING SNOW
                                                   X = TORNADO
MAX 32 OR BELOW:   0    0.01 INCH OR MORE:  14
MAX 90 OR ABOVE:   0    0.10 INCH OR MORE:  10
MIN 32 OR BELOW:   3    0.50 INCH OR MORE:   3
MIN  0 OR BELOW:   0    1.00 INCH OR MORE:   2

[HDD (BASE 65) ]
TOTAL THIS MO.   374    CLEAR  (SCALE 0-3)  10
DPTR FM NORMAL    78    PTCLDY (SCALE 4-7)   4
TOTAL FM JUL 1  7132    CLOUDY (SCALE 8-10) 10
DPTR FM NORMAL  -560

[CDD (BASE 65) ]
TOTAL THIS MO.     0
DPTR FM NORMAL     0    [PRESSURE DATA]
TOTAL FM JAN 1     0    HIGHEST SLP M ON M
DPTR FM NORMAL     0    LOWEST  SLP 29.62 ON 15

[REMARKS]
