000
CXUS55 KRIW 170901
CF6RIW
PRELIMINARY LOCAL CLIMATOLOGICAL DATA (WS FORM: F-6)

                                          STATION:   RIVERTON WY
                                          MONTH:     SEPTEMBER
                                          YEAR:      2014
                                          LATITUDE:   43  2 N
                                          LONGITUDE: 108 27 W

  TEMPERATURE IN F:       :PCPN:    SNOW:  WIND      :SUNSHINE: SKY     :PK WND
================================================================================
1   2   3   4   5  6A  6B    7    8   9   10  11  12  13   14  15   16   17  18
                                     12Z  AVG MX 2MIN
DY MAX MIN AVG DEP HDD CDD  WTR  SNW DPTH SPD SPD DIR MIN PSBL S-S WX    SPD DR
================================================================================

 1  75  44  60  -5   5   0 0.00  0.0    0 10.2 23 320   M    M   0        29 340
 2  81  46  64   0   1   0 0.00  0.0    0  8.3 14 310   M    M   0        17 110
 3  88  48  68   4   0   3    T  0.0    0 13.6 38 250   M    M   0        46 250
 4  66  50  58  -6   7   0    T  0.0    0 10.4 20  50   M    M   2        23  50
 5  68  42  55  -8  10   0 0.01  0.0    0  6.4 15  80   M    M   3        19  70
 6  78  44  61  -2   4   0 0.00  0.0    0  7.3 13 280   M    M   0        16 320
 7  82  50  66   4   0   1 0.01  0.0    0 11.4 36 320   M    M   0        51 300
 8  85  46  66   4   0   1 0.00  0.0    0  9.7 30 230   M    M   1        40 220
 9  74  50  62   1   3   0 0.04  0.0    0  9.4 30 320   M    M   2 3      39 320
10  67  45  56  -5   9   0 0.00  0.0    0 10.8 28  20   M    M   6        32  10
11  46  30  38 -22  27   0 0.07  0.3    0 10.9 28  20   M    M   9 18     33  20
12  58  28  43 -17  22   0 0.00  0.0    0  3.8 10 170   M    M   2        12 140
13  69  31  50 -10  15   0 0.00  0.0    0  8.4 20  70   M    M   0        26  60
14  74  36  55  -4  10   0 0.00  0.0    0  8.3 22  20   M    M   0        27  30
15  76  37  57  -2   8   0 0.00  0.0    0  6.0 14 330   M    M   0        15 340
16  86  47  67   9   0   2 0.00  0.0    0  7.6 26 350   M    M   1        34 350
================================================================================
SM 1173  674       121   7  0.13     0.3 142.5          M       26
================================================================================
AV 73.3 42.1                               8.9 FASTST   M    M   2    MAX(MPH)
                                 MISC ---->  # 38 250               # 51  300
================================================================================
NOTES:
# LAST OF SEVERAL OCCURRENCES

COLUMN 17 PEAK WIND IN M.P.H.

PRELIMINARY LOCAL CLIMATOLOGICAL DATA (WS FORM: F-6) , PAGE 2

                                          STATION:  RIVERTON WY
                                          MONTH:    SEPTEMBER
                                          YEAR:     2014
                                          LATITUDE:   43  2 N
                                          LONGITUDE: 108 27 W

[TEMPERATURE DATA]      [PRECIPITATION DATA]       SYMBOLS USED IN COLUMN 16

AVERAGE MONTHLY: 57.7   TOTAL FOR MONTH:   0.13    1 = FOG OR MIST
DPTR FM NORMAL:  -3.8   DPTR FM NORMAL:   -0.21    2 = FOG REDUCING VISIBILITY
HIGHEST:    88 ON  3    GRTST 24HR  0.07 ON 11-11      TO 1/4 MILE OR LESS
LOWEST:     28 ON 12                               3 = THUNDER
                        SNOW, ICE PELLETS, HAIL    4 = ICE PELLETS
                        TOTAL MONTH:   0.3 INCH    5 = HAIL
                        GRTST 24HR   0.3 ON   M    6 = FREEZING RAIN OR DRIZZLE
                        GRTST DEPTH:   0           7 = DUSTSTORM OR SANDSTORM:
                                                       VSBY 1/2 MILE OR LESS
                                                   8 = SMOKE OR HAZE
[NO. OF DAYS WITH]      [WEATHER - DAYS WITH]      9 = BLOWING SNOW
                                                   X = TORNADO
MAX 32 OR BELOW:   0    0.01 INCH OR MORE:   4
MAX 90 OR ABOVE:   0    0.10 INCH OR MORE:   0
MIN 32 OR BELOW:   3    0.50 INCH OR MORE:   0
MIN  0 OR BELOW:   0    1.00 INCH OR MORE:   0

[HDD (BASE 65) ]
TOTAL THIS MO.   121    CLEAR  (SCALE 0-3)  14
DPTR FM NORMAL    42    PTCLDY (SCALE 4-7)   1
TOTAL FM JUL 1   171    CLOUDY (SCALE 8-10)  1
DPTR FM NORMAL    54

[CDD (BASE 65) ]
TOTAL THIS MO.     7
DPTR FM NORMAL   -17    [PRESSURE DATA]
TOTAL FM JAN 1   407    HIGHEST SLP M ON M
DPTR FM NORMAL   -85    LOWEST  SLP 29.76 ON  3

[REMARKS]
