000
CXUS55 KRIW 210901
CF6RIW
PRELIMINARY LOCAL CLIMATOLOGICAL DATA (WS FORM: F-6)

                                          STATION:   RIVERTON WY
                                          MONTH:     OCTOBER
                                          YEAR:      2014
                                          LATITUDE:   43  2 N
                                          LONGITUDE: 108 27 W

  TEMPERATURE IN F:       :PCPN:    SNOW:  WIND      :SUNSHINE: SKY     :PK WND
================================================================================
1   2   3   4   5  6A  6B    7    8   9   10  11  12  13   14  15   16   17  18
                                     12Z  AVG MX 2MIN
DY MAX MIN AVG DEP HDD CDD  WTR  SNW DPTH SPD SPD DIR MIN PSBL S-S WX    SPD DR
================================================================================

 1  47  34  41 -10  24   0 0.08  0.0    0 10.0 18 360   M    M   7 1      24  20
 2  63  31  47  -4  18   0    T    T    0 12.8 36 310   M    M   2        44 320
 3  54  30  42  -8  23   0    T    T    0  5.2 10  70   M    M   2        13  90
 4  72  34  53   3  12   0 0.00  0.0    0 10.6 24 320   M    M   0        31 320
 5  66  47  57   7   8   0 0.00  0.0    0  8.5 22 320   M    M   0        28 320
 6  75  47  61  12   4   0 0.00  0.0    0 17.7 36 310   M    M   0        44 310
 7  75  49  62  13   3   0 0.00  0.0    0  9.5 25 310   M    M   0        33 320
 8  72  42  57   9   8   0 0.00  0.0    0  7.4 13 330   M    M   0        16  80
 9  70  39  55   7  10   0 0.01  0.0    0  8.7 18  80   M    M   2 3      25  90
10  68  44  56   8   9   0    T  0.0    0  5.9 18 280   M    M   4        22 280
11  70  44  57  10   8   0 0.00  0.0    0 10.7 22 300   M    M   0        27 300
12  55  37  46  -1  19   0 0.07  0.0    0 13.6 29  10   M    M   8 1      36 360
13  61  29  45  -1  20   0 0.00  0.0    0  8.7 31 290   M    M   0        37 280
14  67  33  50   4  15   0 0.00  0.0    0  6.4 24 190   M    M   0        31 180
15  73  37  55   9  10   0 0.00  0.0    0 11.5 32 220   M    M   0        42 230
16  61  38  50   5  15   0 0.00  0.0    0 12.1 26 310   M    M   1        33 310
17  59  28  44  -1  21   0 0.00  0.0    0  6.8 12 320   M    M   0        14  30
18  69  35  52   8  13   0 0.00  0.0    0  5.4 14 270   M    M   0        15 270
19  68  36  52   8  13   0 0.00  0.0    0  6.1 14 320   M    M   0        15 320
20  70  36  53   9  12   0 0.00  0.0    0  7.1 14 310   M    M   0        16 280
================================================================================
SM 1315  750       265   0  0.16    T    184.7          M       26
================================================================================
AV 65.8 37.5                               9.2 FASTST   M    M   1    MAX(MPH)
                                 MISC ---->  # 36 310               # 44  320
================================================================================
NOTES:
# LAST OF SEVERAL OCCURRENCES

COLUMN 17 PEAK WIND IN M.P.H.

PRELIMINARY LOCAL CLIMATOLOGICAL DATA (WS FORM: F-6) , PAGE 2

                                          STATION:  RIVERTON WY
                                          MONTH:    OCTOBER
                                          YEAR:     2014
                                          LATITUDE:   43  2 N
                                          LONGITUDE: 108 27 W

[TEMPERATURE DATA]      [PRECIPITATION DATA]       SYMBOLS USED IN COLUMN 16

AVERAGE MONTHLY: 51.6   TOTAL FOR MONTH:   0.16    1 = FOG OR MIST
DPTR FM NORMAL:   4.2   DPTR FM NORMAL:   -0.60    2 = FOG REDUCING VISIBILITY
HIGHEST:    75 ON  7, 6 GRTST 24HR  0.08 ON  1- 1      TO 1/4 MILE OR LESS
LOWEST:     28 ON 17                               3 = THUNDER
                        SNOW, ICE PELLETS, HAIL    4 = ICE PELLETS
                        TOTAL MONTH:    T          5 = HAIL
                        GRTST 24HR    T  ON  3- 3  6 = FREEZING RAIN OR DRIZZLE
                        GRTST DEPTH:   0           7 = DUSTSTORM OR SANDSTORM:
                                                       VSBY 1/2 MILE OR LESS
                                                   8 = SMOKE OR HAZE
[NO. OF DAYS WITH]      [WEATHER - DAYS WITH]      9 = BLOWING SNOW
                                                   X = TORNADO
MAX 32 OR BELOW:   0    0.01 INCH OR MORE:   3
MAX 90 OR ABOVE:   0    0.10 INCH OR MORE:   0
MIN 32 OR BELOW:   4    0.50 INCH OR MORE:   0
MIN  0 OR BELOW:   0    1.00 INCH OR MORE:   0

[HDD (BASE 65) ]
TOTAL THIS MO.   265    CLEAR  (SCALE 0-3)  17
DPTR FM NORMAL   -86    PTCLDY (SCALE 4-7)   3
TOTAL FM JUL 1   487    CLOUDY (SCALE 8-10)  0
DPTR FM NORMAL  -128

[CDD (BASE 65) ]
TOTAL THIS MO.     0
DPTR FM NORMAL     0    [PRESSURE DATA]
TOTAL FM JAN 1   431    HIGHEST SLP M ON M
DPTR FM NORMAL   -63    LOWEST  SLP 29.76 ON 11

[REMARKS]
