000
CXUS55 KRIW 290901
CF6RKS
PRELIMINARY LOCAL CLIMATOLOGICAL DATA (WS FORM: F-6)

                                          STATION:   ROCK SPRINGS WY
                                          MONTH:     JULY
                                          YEAR:      2014
                                          LATITUDE:   41 35 N
                                          LONGITUDE: 109  4 W

  TEMPERATURE IN F:       :PCPN:    SNOW:  WIND      :SUNSHINE: SKY     :PK WND
================================================================================
1   2   3   4   5  6A  6B    7    8   9   10  11  12  13   14  15   16   17  18
                                     12Z  AVG MX 2MIN
DY MAX MIN AVG DEP HDD CDD  WTR  SNW DPTH SPD SPD DIR MIN PSBL S-S WX    SPD DR
================================================================================

 1  77  47  62  -4   3   0 0.00  0.0    0  8.8 25  60   M    M   0        33  70
 2  86  48  67   1   0   2 0.00  0.0    0  6.9 18  70   M    M   0        22  80
 3  90  53  72   5   0   7    T  0.0    0  9.7 35 260   M    M   1 3      42 240
 4  89  56  73   6   0   8    T  0.0    0  7.8 31 210   M    M   1        40 290
 5  92  52  72   5   0   7 0.00  0.0    0  8.5 20 340   M    M   0        26 280
 6  92  58  75   7   0  10 0.00  0.0    M  8.4 23 290   M    M   0        30 290
 7  92  58  75   7   0  10 0.00  0.0    0 15.2 28 280   M    M   0        38 280
 8  89  53  71   3   0   6 0.00  0.0    0  8.1 21  60   M    M   0        24  60
 9  93  63  78  10   0  13    T  0.0    0 10.2 28 260   M    M   2 3      33 250
10  85  62  74   6   0   9 0.06  0.0    0 11.7 30 210   M    M   6 3      37 200
11  78  58  68  -1   0   3 0.06  0.0    0  8.6 24 260   M    M   6 3      31 260
12  84  56  70   1   0   5    T  0.0    0  8.7 31  50   M    M   5        43  40
13  88  55  72   3   0   7 0.00  0.0    0  7.9 20  60   M    M   3        24  50
14  90  57  74   5   0   9    T  0.0    0 12.1 46  40   M    M   1        58  40
15  91  53  72   3   0   7    T  0.0    0 12.4 32  50   M    M   1 3      40 310
16  82  52  67  -3   0   2 0.00  0.0    0 10.3 29  60   M    M   3        36  50
17  84  50  67  -3   0   2 0.00  0.0    0  6.7 18 310   M    M   2        24 320
18  88  62  75   5   0  10    T  0.0    0 12.5 28 290   M    M   1 8      36 290
19  90  58  74   4   0   9 0.00  0.0    0 16.1 33 270   M    M   0        44 250
20  85  59  72   2   0   7    T  0.0    0 11.4 43 230   M    M   1 3      60 230
21  88  54  71   1   0   6 0.00  0.0    0  8.9 25 270   M    M   0        33 250
22  91  58  75   5   0  10 0.00  0.0    0  5.8 20 260   M    M   0        25 270
23  94  58  76   6   0  11 0.00  0.0    0  7.8 31 230   M    M   0        44 230
24  91  63  77   7   0  12    T  0.0    0 15.2 37 230   M    M   1 3      47 230
25  91  55  73   3   0   8 0.00  0.0    0 12.3 35 280   M    M   0        46 250
26  90  55  73   3   0   8 0.00  0.0    0 10.3 26 300   M    M   0        36 320
27  88  55  72   2   0   7 0.00  0.0    0  8.9 18  90   M    M   0        22  90
28  90  59  75   5   0  10 0.00  0.0    0  7.9 18 200   M    M   0        22 210
================================================================================
SM 2468 1567         3 205  0.12     0.0 279.1          M       34
================================================================================
AV 88.1 56.0                              10.0 FASTST   M    M   1    MAX(MPH)
                                 MISC ---->  # 46  40               # 60  230
================================================================================
NOTES:
# LAST OF SEVERAL OCCURRENCES

COLUMN 17 PEAK WIND IN M.P.H.

PRELIMINARY LOCAL CLIMATOLOGICAL DATA (WS FORM: F-6) , PAGE 2

                                          STATION:  ROCK SPRINGS WY
                                          MONTH:    JULY
                                          YEAR:     2014
                                          LATITUDE:   41 35 N
                                          LONGITUDE: 109  4 W

[TEMPERATURE DATA]      [PRECIPITATION DATA]       SYMBOLS USED IN COLUMN 16

AVERAGE MONTHLY: 72.1   TOTAL FOR MONTH:   0.12    1 = FOG OR MIST
DPTR FM NORMAL:   3.2   DPTR FM NORMAL:   -0.45    2 = FOG REDUCING VISIBILITY
HIGHEST:    94 ON 23    GRTST 24HR  0.06 ON 10-11      TO 1/4 MILE OR LESS
LOWEST:     47 ON  1                               3 = THUNDER
                        SNOW, ICE PELLETS, HAIL    4 = ICE PELLETS
                        TOTAL MONTH:   0.0 INCH    5 = HAIL
                        GRTST 24HR     0.0         6 = FREEZING RAIN OR DRIZZLE
                        GRTST DEPTH:   0           7 = DUSTSTORM OR SANDSTORM:
                                                       VSBY 1/2 MILE OR LESS
                                                   8 = SMOKE OR HAZE
[NO. OF DAYS WITH]      [WEATHER - DAYS WITH]      9 = BLOWING SNOW
                                                   X = TORNADO
MAX 32 OR BELOW:   0    0.01 INCH OR MORE:   2
MAX 90 OR ABOVE:  14    0.10 INCH OR MORE:   0
MIN 32 OR BELOW:   0    0.50 INCH OR MORE:   0
MIN  0 OR BELOW:   0    1.00 INCH OR MORE:   0

[HDD (BASE 65) ]
TOTAL THIS MO.     3    CLEAR  (SCALE 0-3)  24
DPTR FM NORMAL   -16    PTCLDY (SCALE 4-7)   4
TOTAL FM JUL 1     3    CLOUDY (SCALE 8-10)  0
DPTR FM NORMAL   -16

[CDD (BASE 65) ]
TOTAL THIS MO.   205
DPTR FM NORMAL    80    [PRESSURE DATA]
TOTAL FM JAN 1   229    HIGHEST SLP M ON M
DPTR FM NORMAL    68    LOWEST  SLP 29.90 ON 24

[REMARKS]
