000
CXUS52 KFFC 301110
CF6RMG
PRELIMINARY LOCAL CLIMATOLOGICAL DATA (WS FORM: F-6)

                                          STATION:   ROME
                                          MONTH:     SEPTEMBER
                                          YEAR:      2016
                                          LATITUDE:   34 20 N
                                          LONGITUDE:  85 10 W

  TEMPERATURE IN F:       :PCPN:    SNOW:  WIND      :SUNSHINE: SKY     :PK WND
================================================================================
1   2   3   4   5  6A  6B    7    8   9   10  11  12  13   14  15   16   17  18
                                     12Z  AVG MX 2MIN
DY MAX MIN AVG DEP HDD CDD  WTR  SNW DPTH SPD SPD DIR MIN PSBL S-S WX    SPD DR
================================================================================

 1  95  71  83   7   0  18    T  0.0    M  4.4 16 100   M    M   2 13     23  80
 2  91  71  81   5   0  16 0.00    M    M  6.0 15  10   M    M   3        24  40
 3  87  68  78   2   0  13 0.00    M    M  3.1 10 170   M    M   3        14 170
 4  89  66  78   2   0  13 0.00    M    M  3.3 13 110   M    M   3        20 100
 5  90  64  77   2   0  12 0.00    M    M  1.1 10 140   M    M   0        13 140
 6  94  63  79   4   0  14 0.00    M    M  0.7  9  80   M    M   0        29 330
 7  96  65  81   6   0  16 0.00  0.0    M  1.1  8  30   M    M   3        11 100
 8  92  65  79   4   0  14 0.00  0.0    M  1.6  8 270   M    M   4        10 200
 9  95  63  79   5   0  14 0.00  0.0    M  1.9 12 260   M    M   1        16 270
10  95  63  79   5   0  14 0.00  0.0    M  4.3 20 330   M    M   2        26 340
11  91  68  80   6   0  15    T  0.0    M  5.1 14  10   M    M   2        18  20
12  93  62  78   5   0  13 0.00    M    M  4.2 22 160   M    M   2 3      27 160
13  90  67  79   6   0  14 0.00    M    M  3.0 17  50   M    M   1        22  90
14  96  67  82   9   0  17 0.00  0.0    M  3.6 15  50   M    M   2        19 110
15  98  68  83  11   0  18 0.00  0.0    M  1.9 12 180   M    M   1        17  60
16  91  67  79   7   0  14 0.00  0.0    M  3.6 15 150   M    M   2        19 140
17  85  66  76   4   0  11 0.00  0.0    M  3.5 13 160   M    M   7        18 170
18  83  69  76   5   0  11 0.05  0.0    M  3.1 13  40   M    M   8 18     17 270
19  91  66  79   8   0  14 0.00  0.0    M  6.1 17  30   M    M   5        22  30
20  93  63  78   7   0  13 0.00  0.0    M  4.3 14  40   M    M   1        20 350
21  95  62  79   9   0  14 0.00  0.0    M  3.3 15  40   M    M   1        17  30
22  96  64  80  10   0  15 0.00  0.0    M  2.9 15  20   M    M   0        22 360
23  96  63  80  10   0  15 0.00    M    M  3.0 14  10   M    M   0        22  20
24  96  62  79  10   0  14 0.00    M    M  2.2 12  40   M    M   1        15 350
25  97  63  80  11   0  15 0.00    M    M  1.9 13 140   M    M   1        16 140
26  92  65  79  11   0  14 0.19  0.0    M  3.4 23 350   M    M   2 1      31 320
27  86  66  76   8   0  11 0.00    M    M  3.0 17 310   M    M   6 123    25 300
28  87  55  71   3   0   6 0.00    M    M  2.5 13 270   M    M   0        30 340
29  77  54  66  -1   0   1 0.00  0.0    0  6.3 15 300   M    M   2        21 290
================================================================================
SM 2657 1876         0 389  0.24     0.0  94.4          M       65
================================================================================
AV 91.6 64.7                               3.3 FASTST   M    M   2    MAX(MPH)
                                 MISC ---->  # 23 350               # 31  320
================================================================================
NOTES:
# LAST OF SEVERAL OCCURRENCES

COLUMN 17 PEAK WIND IN M.P.H.

PRELIMINARY LOCAL CLIMATOLOGICAL DATA (WS FORM: F-6) , PAGE 2

                                          STATION:  ROME
                                          MONTH:    SEPTEMBER
                                          YEAR:     2016
                                          LATITUDE:   34 20 N
                                          LONGITUDE:  85 10 W

[TEMPERATURE DATA]      [PRECIPITATION DATA]       SYMBOLS USED IN COLUMN 16

AVERAGE MONTHLY: 78.2   TOTAL FOR MONTH:   0.24    1 = FOG OR MIST
DPTR FM NORMAL:   6.0   DPTR FM NORMAL:   -3.03    2 = FOG REDUCING VISIBILITY
HIGHEST:    98 ON 15    GRTST 24HR  0.19 ON 26-26      TO 1/4 MILE OR LESS
LOWEST:     54 ON 29                               3 = THUNDER
                        SNOW, ICE PELLETS, HAIL    4 = ICE PELLETS
                        TOTAL MONTH:   0.0 INCH    5 = HAIL
                        GRTST 24HR     0.0         6 = FREEZING RAIN OR DRIZZLE
                        GRTST DEPTH:   0           7 = DUSTSTORM OR SANDSTORM:
                                                       VSBY 1/2 MILE OR LESS
                                                   8 = SMOKE OR HAZE
[NO. OF DAYS WITH]      [WEATHER - DAYS WITH]      9 = BLOWING SNOW
                                                   X = TORNADO
MAX 32 OR BELOW:   0    0.01 INCH OR MORE:   2
MAX 90 OR ABOVE:  22    0.10 INCH OR MORE:   1
MIN 32 OR BELOW:   0    0.50 INCH OR MORE:   0
MIN  0 OR BELOW:   0    1.00 INCH OR MORE:   0

[HDD (BASE 65) ]
TOTAL THIS MO.     0    CLEAR  (SCALE 0-3)  23
DPTR FM NORMAL   -11    PTCLDY (SCALE 4-7)   6
TOTAL FM JUL 1     0    CLOUDY (SCALE 8-10)  0
DPTR FM NORMAL   -11

[CDD (BASE 65) ]
TOTAL THIS MO.   389
DPTR FM NORMAL   169    [PRESSURE DATA]
TOTAL FM JAN 1  2134    HIGHEST SLP  0.00 ON 17
DPTR FM NORMAL   548    LOWEST  SLP 29.78 ON  2

[REMARKS]
