000
CXUS52 KFFC 181110
CF6RMG
PRELIMINARY LOCAL CLIMATOLOGICAL DATA (WS FORM: F-6)

                                          STATION:   ROME
                                          MONTH:     APRIL
                                          YEAR:      2014
                                          LATITUDE:   34 20 N
                                          LONGITUDE:  85 10 W

  TEMPERATURE IN F:       :PCPN:    SNOW:  WIND      :SUNSHINE: SKY     :PK WND
================================================================================
1   2   3   4   5  6A  6B    7    8   9   10  11  12  13   14  15   16   17  18
                                     12Z  AVG MX 2MIN
DY MAX MIN AVG DEP HDD CDD  WTR  SNW DPTH SPD SPD DIR MIN PSBL S-S WX    SPD DR
================================================================================

 1  83  42  63   7   2   0 0.00    M    M  3.8 14 280   M    M   1        21 280
 2  80  43  62   5   3   0 0.00    M    M  2.9 14 280   M    M   0 8      20 220
 3  79  57  68  11   0   3    T    M    M  2.8 13 260   M    M   4 18     18 270
 4  67  55  61   4   4   0 0.15    M    M  5.6 17 190   M    M   7 12     23 180
 5  64  45  55  -2  10   0 0.00    M    M  6.9 17 340   M    M   0        23 360
 6  64  46  55  -2  10   0 0.45    M    M  5.0 13  90   M    M   7 13     22  90
 7  64  50  57  -1   8   0 3.25    M    M  8.8 20 110   M    M   9 13     28 290
 8  64  47  56  -2   9   0    T    M    M  7.0 20 350   M    M   8        24 350
 9  69  42  56  -2   9   0 0.00    M    M  5.6 17 350   M    M   3 1      23 330
10  75  37  56  -2   9   0 0.00  0.0    M  2.4 16 180   M    M   1 18     20 180
11  74  44  59   0   6   0 0.00  0.0    M  3.7 15 270   M    M   1        21 270
12  82  47  65   6   0   0    T  0.0    M  3.0 17 160   M    M   1 1      28 160
13  82  51  67   8   0   2 0.00  0.0    M  6.0 18 180   M    M   2 18     27 170
14  69  61  65   6   0   0 0.43  0.0    M  4.3 17 180   M    M   7 1      22 180
15  62  37  50 -10  15   0 0.23  0.0    M 13.2 26 340   0    0   0        38 350
16  64  33  49 -11  16   0 0.00    M    M  6.7 14  50   M    M   0        16 130
17  67  41  54  -6  11   0 0.00    M    M  6.3 17 120   M    M   3        23 130
================================================================================
SM 1209  778       112   5  4.51     0.0  94.0            0     54
================================================================================
AV 71.1 45.8                               5.5 FASTST    0   0   3    MAX(MPH)
                                 MISC ---->  # 26 340               # 38  350
================================================================================
NOTES:
# LAST OF SEVERAL OCCURRENCES

COLUMN 17 PEAK WIND IN M.P.H.

PRELIMINARY LOCAL CLIMATOLOGICAL DATA (WS FORM: F-6) , PAGE 2

                                          STATION:  ROME
                                          MONTH:    APRIL
                                          YEAR:     2014
                                          LATITUDE:   34 20 N
                                          LONGITUDE:  85 10 W

[TEMPERATURE DATA]      [PRECIPITATION DATA]       SYMBOLS USED IN COLUMN 16

AVERAGE MONTHLY: 58.4   TOTAL FOR MONTH:   4.51    1 = FOG OR MIST
DPTR FM NORMAL:   0.3   DPTR FM NORMAL:    2.46    2 = FOG REDUCING VISIBILITY
HIGHEST:    83 ON  1    GRTST 24HR  3.70 ON  6- 7      TO 1/4 MILE OR LESS
LOWEST:     33 ON 16                               3 = THUNDER
                        SNOW, ICE PELLETS, HAIL    4 = ICE PELLETS
                        TOTAL MONTH:   0.0 INCH    5 = HAIL
                        GRTST 24HR     0.0         6 = FREEZING RAIN OR DRIZZLE
                        GRTST DEPTH:  M  ON   M    7 = DUSTSTORM OR SANDSTORM:
                                                       VSBY 1/2 MILE OR LESS
                                                   8 = SMOKE OR HAZE
[NO. OF DAYS WITH]      [WEATHER - DAYS WITH]      9 = BLOWING SNOW
                                                   X = TORNADO
MAX 32 OR BELOW:   0    0.01 INCH OR MORE:   5
MAX 90 OR ABOVE:   0    0.10 INCH OR MORE:   5
MIN 32 OR BELOW:   0    0.50 INCH OR MORE:   1
MIN  0 OR BELOW:   0    1.00 INCH OR MORE:   1

[HDD (BASE 65) ]
TOTAL THIS MO.   112    CLEAR  (SCALE 0-3)  11
DPTR FM NORMAL   -16    PTCLDY (SCALE 4-7)   5
TOTAL FM JUL 1  3387    CLOUDY (SCALE 8-10)  1
DPTR FM NORMAL   232

[CDD (BASE 65) ]
TOTAL THIS MO.     5
DPTR FM NORMAL    -8    [PRESSURE DATA]
TOTAL FM JAN 1     5    HIGHEST SLP  0.00 ON 15
DPTR FM NORMAL   -12    LOWEST  SLP 29.65 ON  8

[REMARKS]
