000
CXUS51 KRNK 280821
CF6RNK

PRELIMINARY LOCAL CLIMATOLOGICAL DATA (WS FORM: F-6)

                                          STATION:   BLACKSBURG VA
                                          MONTH:     MAY
                                          YEAR:      2017
                                          LATITUDE:   37 13 N
                                          LONGITUDE:  80 25 W

  TEMPERATURE IN F:       :PCPN:    SNOW:  WIND      :SUNSHINE: SKY     :PK WND
================================================================================
1   2   3   4   5  6A  6B    7    8   9   10  11  12  13   14  15   16   17  18
                                     12Z  AVG MX 2MIN
DY MAX MIN AVG DEP HDD CDD  WTR  SNW DPTH SPD SPD DIR MIN PSBL S-S WX    SPD DR
================================================================================

 1  72  59  66  11   0   1 0.23  0.0    0  8.5 21 190   M    M   7 1      36 200
 2  69  51  60   4   5   0 0.00  0.0    0  8.5 17 300   M    M   4        29 290
 3  70  46  58   2   7   0 0.00  0.0    0  6.8 16 310   M    M   0        30 260
 4  60  48  54  -2  11   0 0.41  0.0    0 10.2 16  90   M    M   7        22 100
 5  68  49  59   3   6   0 0.63  0.0    0  6.7 14 150   M    M   7        24 250
 6  55  41  48  -9  17   0 0.04  0.0    0  8.5 22 300   M    M  10        32 300
 7  59  38  49  -8  16   0 0.00  0.0    0  6.4 18 310   M    M   7        24 310
 8  62  38  50  -7  15   0 0.00  0.0    0  7.0 16 300   M    M   1        24 280
 9  56  39  48  -9  17   0 0.25  0.0    0  0.5 10 350   M    M   9 13      M  M
10  80  53  67   9   0   2 0.18  0.0    0  4.5 12 300   M    M   3 123    18 300
11  76  54  65   7   0   0 0.06  0.0    0  3.5 15 300   M    M   7 13     23 300
12  54  46  50  -8  15   0 0.97  0.0    0  7.3 13  90   M    M  10 13      M  M
13  67  45  56  -2   9   0 0.04  0.0    0  4.5 15 310   M    M   6 1      21 330
14  75  42  59   0   6   0 0.00  0.0    0  4.8 15 290   M    M   2        25 300
15  77  54  66   7   0   1 0.00  0.0    0  7.6 16 300   M    M   2        25 310
16  83  49  66   7   0   1 0.00  0.0    0  1.8  8 140   M    M   0         M  M
17  85  54  70  10   0   5 0.00  0.0    0  2.5 10 180   M    M   0        17 200
18  83  56  70  10   0   5 0.00  0.0    0  3.5 12 170   M    M   1        18 200
19  80  60  70  10   0   5 0.00  0.0    0  2.5 18 300   M    M   3 13     38 300
20  84  60  72  12   0   7    T  0.0    0  4.2 15 150   M    M   5        21 140
21  66  56  61   0   4   0 0.38  0.0    0  6.9 13 100   M    M  10 1      16  90
22  73  54  64   3   1   0 0.62  0.0    0  2.9 10 310   M    M   6 1      17 280
23  58  54  56  -5   9   0 0.96  0.0    0  5.1 17  80   M    M   9 1      22  90
24  59  54  57  -5   8   0 1.14  0.0    0  6.4 15  80   M    M  10 1      20  80
25  62  52  57  -5   8   0 0.31  0.0    0  5.3 12 290   M    M  10 1      21 280
26  73  53  63   1   2   0    T  0.0    0  9.2 18 300   M    M   5        28 300
27  78  52  65   3   0   0    T  0.0    0  2.6 10 260   M    M   4        18 280
================================================================================
SM 1884 1357       156  27  6.22     0.0 148.2          M      145
================================================================================
AV 69.8 50.3                               5.5 FASTST   M    M   5    MAX(MPH)
                                 MISC ---->  # 22 300               # 38  300
================================================================================
NOTES:
# LAST OF SEVERAL OCCURRENCES

COLUMN 17 PEAK WIND IN M.P.H.

PRELIMINARY LOCAL CLIMATOLOGICAL DATA (WS FORM: F-6) , PAGE 2

                                          STATION:  BLACKSBURG VA
                                          MONTH:    MAY
                                          YEAR:     2017
                                          LATITUDE:   37 13 N
                                          LONGITUDE:  80 25 W

[TEMPERATURE DATA]      [PRECIPITATION DATA]       SYMBOLS USED IN COLUMN 16

AVERAGE MONTHLY: 60.0   TOTAL FOR MONTH:   6.22    1 = FOG OR MIST
DPTR FM NORMAL:   1.2   DPTR FM NORMAL:    2.52    2 = FOG REDUCING VISIBILITY
HIGHEST:    85 ON 17    GRTST 24HR  1.14 ON 24-24      TO 1/4 MILE OR LESS
LOWEST:     38 ON  8, 7                            3 = THUNDER
                        SNOW, ICE PELLETS, HAIL    4 = ICE PELLETS
                        TOTAL MONTH:   0.0 INCH    5 = HAIL
                        GRTST 24HR     0.0         6 = FREEZING RAIN OR DRIZZLE
                        GRTST DEPTH:   0           7 = DUSTSTORM OR SANDSTORM:
                                                       VSBY 1/2 MILE OR LESS
                                                   8 = SMOKE OR HAZE
[NO. OF DAYS WITH]      [WEATHER - DAYS WITH]      9 = BLOWING SNOW
                                                   X = TORNADO
MAX 32 OR BELOW:   0    0.01 INCH OR MORE:  14
MAX 90 OR ABOVE:   0    0.10 INCH OR MORE:  11
MIN 32 OR BELOW:   0    0.50 INCH OR MORE:   5
MIN  0 OR BELOW:   0    1.00 INCH OR MORE:   1

[HDD (BASE 65) ]
TOTAL THIS MO.   156    CLEAR  (SCALE 0-3)   8
DPTR FM NORMAL   -32    PTCLDY (SCALE 4-7)  12
TOTAL FM JUL 1  4166    CLOUDY (SCALE 8-10)  7
DPTR FM NORMAL -1227

[CDD (BASE 65) ]
TOTAL THIS MO.    27
DPTR FM NORMAL    11    [PRESSURE DATA]
TOTAL FM JAN 1    46    HIGHEST SLP M ON M
DPTR FM NORMAL    27    LOWEST  SLP M ON M

[REMARKS]
