000
CXUS55 KREV 010912
CF6RNO

PRELIMINARY LOCAL CLIMATOLOGICAL DATA (WS FORM: F-6)

                                          STATION:   RENO TAHOE AIRPORT NV
                                          MONTH:     JULY
                                          YEAR:      2015
                                          LATITUDE:   39 30 N
                                          LONGITUDE: 119 47 W

  TEMPERATURE IN F:       :PCPN:    SNOW:  WIND      :SUNSHINE: SKY     :PK WND
================================================================================
1   2   3   4   5  6A  6B    7    8   9   10  11  12  13   14  15   16   17  18
                                     12Z  AVG MX 2MIN
DY MAX MIN AVG DEP HDD CDD  WTR  SNW DPTH SPD SPD DIR MIN PSBL S-S WX    SPD DR
================================================================================

 1 100  67  84  12   0  19 0.00  0.0    0  6.6 23 300   M    M   M        29 310
 2 102  71  87  15   0  22    T  0.0    0  8.0 25 280   M    M   M 3      33 290
 3  93  69  81   8   0  16 0.04  0.0    0  7.2 26 280   M    M   M 3      33 290
 4  83  63  73   0   0   8    T  0.0    0  5.9 25 290   M    M   M        32 280
 5  93  59  76   3   0  11 0.04  0.0    0  5.2 24 180   M    M   M 3      34 180
 6  94  63  79   5   0  14    T  0.0    0  5.3 20 290   M    M   M 3      24 260
 7  89  62  76   2   0  11 0.14  0.0    0  5.1 54 170   M    M   M 13     65 170
 8  85  57  71  -3   0   6 0.06  0.0    0  4.8 28 230   M    M   M 3      40 210
 9  73  54  64 -10   1   0 0.14  0.0    0  8.5 31 190   M    M   M 3      35 200
10  78  58  68  -6   0   3    T  0.0    0  7.0 21 300   M    M   M        33 280
11  83  56  70  -5   0   5 0.00  0.0    0  7.4 24 300   M    M   M        29 300
12  83  57  70  -5   0   5 0.00  0.0    0  7.2 23 290   M    M   M        28 290
13  88  58  73  -2   0   8 0.00  0.0    0  8.1 21 270   M    M   M        28 290
14  89  59  74  -1   0   9 0.00  0.0    0  7.3 22 340   M    M   M        36 290
15  91  60  76   1   0  11 0.00  0.0    0  5.4 16 290   M    M   M        20 300
16  94  66  80   4   0  15 0.00  0.0    0  6.4 23 280   M    M   M        29 280
17  92  66  79   3   0  14 0.00  0.0    0  8.1 29 300   M    M   M        34 300
18  88  65  77   1   0  12 0.00  0.0    0  8.4 20 340   M    M   M        24 320
19  90  60  75  -1   0  10 0.00  0.0    0  5.3 22 220   M    M   M        29 220
20  93  63  78   2   0  13 0.00  0.0    0  6.0 22 300   M    M   M 8      29 300
21  90  67  79   3   0  14    T  0.0    0  6.2 20 270   M    M   M        25 270
22  85  60  73  -3   0   8 0.09  0.0    0  8.4 24 280   M    M   M        31 270
23  87  58  73  -3   0   8 0.00  0.0    0  6.9 21 300   M    M   M        26 300
24  88  60  74  -2   0   9 0.00  0.0    0  7.4 23 290   M    M   M        29 300
25  89  56  73  -3   0   8 0.00  0.0    0  6.7 24 300   M    M   M 8      31 300
26  89  56  73  -3   0   8 0.00  0.0    0  9.0 28 290   M    M   M        34 290
27  85  57  71  -5   0   6 0.00  0.0    0  6.4 17  10   M    M   M        29  50
28  88  56  72  -4   0   7 0.00  0.0    0  5.6 17  80   M    M   M        24  70
29  95  58  77   1   0  12 0.00  0.0    0  4.2 13  70   M    M   M        16  50
30  99  62  81   5   0  16 0.00  0.0    0  4.6 16  90   M    M   M        22  80
31  93  69  81   5   0  16    T  0.0    0  5.0 31 170   M    M   M        40 150
================================================================================
SM 2769 1892         1 324  0.51     0.0 203.6          M        M
================================================================================
AV 89.3 61.0                               6.6 FASTST   M    M -NAN   MAX(MPH)
                                 MISC ---->  # 54 170               # 65  170
================================================================================
NOTES:
# LAST OF SEVERAL OCCURRENCES

COLUMN 17 PEAK WIND IN M.P.H.

PRELIMINARY LOCAL CLIMATOLOGICAL DATA (WS FORM: F-6) , PAGE 2

                                          STATION:  RENO TAHOE AIRPORT NV
                                          MONTH:    JULY
                                          YEAR:     2015
                                          LATITUDE:   39 30 N
                                          LONGITUDE: 119 47 W

[TEMPERATURE DATA]      [PRECIPITATION DATA]       SYMBOLS USED IN COLUMN 16

AVERAGE MONTHLY: 75.2   TOTAL FOR MONTH:   0.51    1 = FOG OR MIST
DPTR FM NORMAL:   0.3   DPTR FM NORMAL:    0.33    2 = FOG REDUCING VISIBILITY
HIGHEST:   102 ON  2    GRTST 24HR  0.52 ON 30- 1      TO 1/4 MILE OR LESS
LOWEST:     54 ON  9                               3 = THUNDER
                        SNOW, ICE PELLETS, HAIL    4 = ICE PELLETS
                        TOTAL MONTH:   0.0 INCH    5 = HAIL
                        GRTST 24HR     0.0         6 = FREEZING RAIN OR DRIZZLE
                        GRTST DEPTH:   0           7 = DUSTSTORM OR SANDSTORM:
                                                       VSBY 1/2 MILE OR LESS
                                                   8 = SMOKE OR HAZE
[NO. OF DAYS WITH]      [WEATHER - DAYS WITH]      9 = BLOWING SNOW
                                                   X = TORNADO
MAX 32 OR BELOW:   0    0.01 INCH OR MORE:   6
MAX 90 OR ABOVE:  14    0.10 INCH OR MORE:   2
MIN 32 OR BELOW:   0    0.50 INCH OR MORE:   0
MIN  0 OR BELOW:   0    1.00 INCH OR MORE:   0

[HDD (BASE 65) ]
TOTAL THIS MO.     1    CLEAR  (SCALE 0-3)   0
DPTR FM NORMAL    -4    PTCLDY (SCALE 4-7)   0
TOTAL FM JUL 1     1    CLOUDY (SCALE 8-10)  0
DPTR FM NORMAL    -4

[CDD (BASE 65) ]
TOTAL THIS MO.   324
DPTR FM NORMAL    10    [PRESSURE DATA]
TOTAL FM JAN 1   643    HIGHEST SLP M ON M
DPTR FM NORMAL   156    LOWEST  SLP 29.66 ON  8

[REMARKS]

THE AVERAGE TEMPERATURE FOR JULY 2015 AT THE RENO TAHOE
INTERNATIONAL AIRPORT WAS 75.2 DEGREES WHICH IS 0.3 DEGREES ABOVE
NORMAL. THE HIGHEST TEMPERATURE FOR JULY WAS 102 DEGREES WHICH
OCCURRED ON THE 2ND. THE LOWEST TEMPERATURE FOR THE MONTH WAS 54
DEGREES WHICH WAS RECORDED ON THE 9TH.

FOR JULY 2015 A TOTAL OF 0.51 INCH OF PRECIPITATION WAS RECORDED AT
THE RENO TAHOE INTERNATIONAL AIRPORT.  THIS IS 0.33 INCH ABOVE
NORMAL.

THE AVERAGE WIND SPEED FOR THE MONTH WAS 6.6 MPH.  THE PEAK WIND
GUST FOR THE MONTH WAS 65 MPH FROM THE SOUTH WHICH OCCURRED ON THE
7TH.

#FINAL-07-15#
