000
CXUS51 KBUF 171205
CF6ROC
PRELIMINARY LOCAL CLIMATOLOGICAL DATA (WS FORM: F-6)

                                          STATION:   ROCHESTER NY
                                          MONTH:     FEBRUARY
                                          YEAR:      2018
                                          LATITUDE:   43  7 N
                                          LONGITUDE:  77 40 W

  TEMPERATURE IN F:       :PCPN:    SNOW:  WIND      :SUNSHINE: SKY     :PK WND
================================================================================
1   2   3   4   5  6A  6B    7    8   9   10  11  12  13   14  15   16   17  18
                                     12Z  AVG MX 2MIN
DY MAX MIN AVG DEP HDD CDD  WTR  SNW DPTH SPD SPD DIR MIN PSBL S-S WX    SPD DR
================================================================================

 1  47  21  34  10  31   0 0.04  0.7    4 12.6 30 270   M    M   9 1      40 280
 2  21   9  15  -9  50   0 0.02  1.2    1 13.2 28 310   M    M   7 19     34 310
 3  32  11  22  -3  43   0    T    T    1 12.7 23 250   M    M   9 1      29 270
 4  40  27  34   9  31   0 0.01  0.2    T 10.9 24 310   M    M  10 1      32 210
 5  27  13  20  -5  45   0 0.02  0.6    1 13.3 26 300   M    M   6 19     37 310
 6  26  14  20  -5  45   0 0.06  0.9    1  8.9 23 260   M    M   8 1      28 270
 7  27  14  21  -4  44   0 0.29  4.2    1  8.4 20 300   M    M  10 19     26 280
 8  24  15  20  -5  45   0 0.02  0.8    5 11.5 22 260   M    M   9 1      31 270
 9  28  11  20  -5  45   0 0.21  2.4    5  7.4 16 220   M    M   9 1      20 220
10  32  28  30   5  35   0 0.33  3.9    7  5.2 15  50   M    M  10 1      18  50
11  48  26  37  11  28   0    T  0.0    8 11.6 30 280   M    M  10 1      41 280
12  33  24  29   3  36   0    T  0.1    6 11.1 18 310   M    M   9        26 310
13  29  13  21  -5  44   0    T    T    5  4.8 12 120   M    M   8        15 340
14  45  28  37  11  28   0 0.00  0.0    4  8.3 24 250   M    M   5 1      33 240
15  57  28  43  17  22   0 0.06  0.0    2 10.6 32 250   M    M   9 1      41 270
16  47  22  35   9  30   0 0.02    T    0 10.3 26 310   M    M   7 1      37 320
================================================================================
SM  563  304       602   0  1.08    15.0 160.8          M      135
================================================================================
AV 35.2 19.0                              10.1 FASTST   M    M   8    MAX(MPH)
                                 MISC ---->  # 32 250               # 41  280
================================================================================
NOTES:
# LAST OF SEVERAL OCCURRENCES

COLUMN 17 PEAK WIND IN M.P.H.

PRELIMINARY LOCAL CLIMATOLOGICAL DATA (WS FORM: F-6) , PAGE 2

                                          STATION:  ROCHESTER NY
                                          MONTH:    FEBRUARY
                                          YEAR:     2018
                                          LATITUDE:   43  7 N
                                          LONGITUDE:  77 40 W

[TEMPERATURE DATA]      [PRECIPITATION DATA]       SYMBOLS USED IN COLUMN 16

AVERAGE MONTHLY: 27.1   TOTAL FOR MONTH:   1.08    1 = FOG OR MIST
DPTR FM NORMAL:   1.8   DPTR FM NORMAL:    0.01    2 = FOG REDUCING VISIBILITY
HIGHEST:    57 ON 15    GRTST 24HR  0.33 ON 10-10      TO 1/4 MILE OR LESS
LOWEST:      9 ON  2                               3 = THUNDER
                        SNOW, ICE PELLETS, HAIL    4 = ICE PELLETS
                        TOTAL MONTH:  15.0 INCHES  5 = HAIL
                        GRTST 24HR   4.2 ON  7- 7  6 = FREEZING RAIN OR DRIZZLE
                        GRTST DEPTH:   8 ON 11     7 = DUSTSTORM OR SANDSTORM:
                                                       VSBY 1/2 MILE OR LESS
                                                   8 = SMOKE OR HAZE
[NO. OF DAYS WITH]      [WEATHER - DAYS WITH]      9 = BLOWING SNOW
                                                   X = TORNADO
MAX 32 OR BELOW:   9    0.01 INCH OR MORE:  11
MAX 90 OR ABOVE:   0    0.10 INCH OR MORE:   3
MIN 32 OR BELOW:  16    0.50 INCH OR MORE:   0
MIN  0 OR BELOW:   0    1.00 INCH OR MORE:   0

[HDD (BASE 65) ]
TOTAL THIS MO.   602    CLEAR  (SCALE 0-3)   0
DPTR FM NORMAL   -33    PTCLDY (SCALE 4-7)   4
TOTAL FM JUL 1  4128    CLOUDY (SCALE 8-10) 12
DPTR FM NORMAL  -211

[CDD (BASE 65) ]
TOTAL THIS MO.     0
DPTR FM NORMAL     0    [PRESSURE DATA]
TOTAL FM JAN 1     0    HIGHEST SLP M ON M
DPTR FM NORMAL     0    LOWEST  SLP 29.64 ON 15

[REMARKS]
