000
CXUS55 KABQ 311000
CF6ROW
PRELIMINARY LOCAL CLIMATOLOGICAL DATA (WS FORM: F-6)

                                          STATION:   ROSWELL NM
                                          MONTH:     OCTOBER
                                          YEAR:      2014
                                          LATITUDE:   33 17 N
                                          LONGITUDE: 104 32 W

  TEMPERATURE IN F:       :PCPN:    SNOW:  WIND      :SUNSHINE: SKY     :PK WND
================================================================================
1   2   3   4   5  6A  6B    7    8   9   10  11  12  13   14  15   16   17  18
                                     12Z  AVG MX 2MIN
DY MAX MIN AVG DEP HDD CDD  WTR  SNW DPTH SPD SPD DIR MIN PSBL S-S WX    SPD DR
================================================================================

 1  84  50  67   1   0   2 0.00  0.0    0  6.4 15 240   M    M   0        18 230
 2  79  50  65  -1   0   0 0.00  0.0    0  8.4 23 330   M    M   0        29 330
 3  74  43  59  -7   6   0 0.00  0.0    0  6.7 23  20   M    M   0        30  10
 4  82  46  64  -1   1   0 0.00  0.0    0  7.1 14 190   M    M   0        17 190
 5  86  48  67   2   0   2 0.00  0.0    0  6.5 20 360   M    M   0        24 360
 6  87  46  67   2   0   2 0.00  0.0    0  5.8 15 170   M    M   0        20 170
 7  93  47  70   6   0   5 0.00  0.0    0  4.3 16 320   M    M   0        20 320
 8  86  50  68   4   0   3 0.00  0.0    0  2.8  9 130   M    M   0        10 120
 9  88  56  72   8   0   7 0.00  0.0    0  4.6 20 170   M    M   2        24 170
10  73  52  63   0   2   0    T  0.0    0 12.3 21 360   M    M   7        26 350
11  68  50  59  -4   6   0 0.00  0.0    0  5.9 14 160   M    M   4        19 170
12  86  48  67   5   0   2    T  0.0    0 13.9 29 240   M    M   1        48 300
13  70  45  58  -4   7   0 0.00  0.0    0  7.0 20  10   M    M   0        25  10
14  74  39  57  -5   8   0 0.00  0.0    0  4.9 12 160   M    M   0        16 150
15  82  43  63   1   2   0 0.00  0.0    0  5.7 16 160   M    M   0        20 160
16  90  41  66   5   0   1 0.00  0.0    0  5.2 14 340   M    M   0        18 320
17  86  49  68   7   0   3 0.00  0.0    0  4.7 12  80   M    M   0        15  80
18  64  54  59  -1   6   0 0.02  0.0    0  4.4 23 120   M    M   5 3      27 120
19  71  50  61   1   4   0 0.00  0.0    0  3.6 10 160   M    M   1        13 140
20  74  52  63   3   2   0 0.13  0.0    0  6.1 22 170   M    M   6 13     29 170
21  69  57  63   4   2   0 0.35  0.0    0  5.6 16 120   M    M   7 1      20 120
22  74  57  66   7   0   1 0.00  0.0    0  6.4 14 160   M    M   5 12     16 140
23  79  55  67   8   0   2 0.00  0.0    0  4.6 13 160   M    M   4 128    16 170
24  83  48  66   8   0   1 0.00  0.0    0  5.3 13 160   M    M   0        17 170
25  84  49  67   9   0   2 0.00  0.0    0  4.9 15 150   M    M   0        17 140
26  89  47  68  10   0   3 0.00  0.0    0  5.9 16 270   M    M   1        22 190
27  80  54  67  10   0   2    T  0.0    0  7.4 18 240   M    M   0        22 210
28  65  44  55  -2  10   0 0.00  0.0    0  6.3 16 360   M    M   0        20  10
29  73  42  58   2   7   0 0.00  0.0    0  6.7 14 160   M    M   0        21 150
30  80  43  62   6   3   0 0.00  0.0    0  7.9 22  10   M    M   0 8      27 360
================================================================================
SM 2373 1455        66  38  0.50     0.0 187.3          M       43
================================================================================
AV 79.1 48.5                               6.2 FASTST   M    M   1    MAX(MPH)
                                 MISC ---->  # 29 240               # 48  300
================================================================================
NOTES:
# LAST OF SEVERAL OCCURRENCES

COLUMN 17 PEAK WIND IN M.P.H.

PRELIMINARY LOCAL CLIMATOLOGICAL DATA (WS FORM: F-6) , PAGE 2

                                          STATION:  ROSWELL NM
                                          MONTH:    OCTOBER
                                          YEAR:     2014
                                          LATITUDE:   33 17 N
                                          LONGITUDE: 104 32 W

[TEMPERATURE DATA]      [PRECIPITATION DATA]       SYMBOLS USED IN COLUMN 16

AVERAGE MONTHLY: 63.8   TOTAL FOR MONTH:   0.50    1 = FOG OR MIST
DPTR FM NORMAL:   2.5   DPTR FM NORMAL:   -0.70    2 = FOG REDUCING VISIBILITY
HIGHEST:    93 ON  7    GRTST 24HR  0.35 ON 20-21      TO 1/4 MILE OR LESS
LOWEST:     39 ON 14                               3 = THUNDER
                        SNOW, ICE PELLETS, HAIL    4 = ICE PELLETS
                        TOTAL MONTH:   0.0 INCH    5 = HAIL
                        GRTST 24HR     0.0         6 = FREEZING RAIN OR DRIZZLE
                        GRTST DEPTH:   0           7 = DUSTSTORM OR SANDSTORM:
                                                       VSBY 1/2 MILE OR LESS
                                                   8 = SMOKE OR HAZE
[NO. OF DAYS WITH]      [WEATHER - DAYS WITH]      9 = BLOWING SNOW
                                                   X = TORNADO
MAX 32 OR BELOW:   0    0.01 INCH OR MORE:   3
MAX 90 OR ABOVE:   2    0.10 INCH OR MORE:   2
MIN 32 OR BELOW:   0    0.50 INCH OR MORE:   0
MIN  0 OR BELOW:   0    1.00 INCH OR MORE:   0

[HDD (BASE 65) ]
TOTAL THIS MO.    66    CLEAR  (SCALE 0-3)  23
DPTR FM NORMAL   -83    PTCLDY (SCALE 4-7)   7
TOTAL FM JUL 1    84    CLOUDY (SCALE 8-10)  0
DPTR FM NORMAL   -81

[CDD (BASE 65) ]
TOTAL THIS MO.    38
DPTR FM NORMAL     3    [PRESSURE DATA]
TOTAL FM JAN 1  1928    HIGHEST SLP M ON M
DPTR FM NORMAL   142    LOWEST  SLP 29.57 ON 12

[REMARKS]
