000
CXUS53 KGRB 010702
CF6RRL
PRELIMINARY LOCAL CLIMATOLOGICAL DATA (WS FORM: F-6)

                                          STATION:   MERRILL MUNICIPAL AI
                                          MONTH:     MARCH
                                          YEAR:      2014
                                          LATITUDE:   45 10 N
                                          LONGITUDE:  89 42 W

  TEMPERATURE IN F:       :PCPN:    SNOW:  WIND      :SUNSHINE: SKY     :PK WND
================================================================================
1   2   3   4   5  6A  6B    7    8   9   10  11  12  13   14  15   16   17  18
                                     12Z  AVG MX 2MIN
DY MAX MIN AVG DEP HDD CDD  WTR  SNW DPTH SPD SPD DIR MIN PSBL S-S WX    SPD DR
================================================================================

 1   7  -4   2   M  63   0 0.00  0.0    0  7.6 12 330   M    M   5        18 350
 2   7 -15  -4   M  69   0 0.00  0.0    0  7.0 10 310   M    M   1        17 280
 3  11 -32 -10   M  75   0 0.00  0.0    0  3.0 10 230   M    M   4         M  M
 4  19  -3   8   M  57   0 0.00  0.0    0  0.4  4 240   M    M   6         M  M
 5  21  -4   9   M  56   0 0.00  0.0    0  4.9  9 130   M    M   0         M  M
 6  28 -17   6   M  59   0 0.00  0.0    0  5.4 13 190   M    M   2        17 200
 7  35  19  27   M  38   0 0.00  0.0    0  5.4 14  20   M    M   9 18     16  10
 8  30   7  19   M  46   0 0.00  0.0    0  6.1 12  60   M    M   1        18  20
 9  41   3  22   M  43   0 0.00  0.0    0  6.2 15 240   M    M   1        25 250
10  56  19  38   M  27   0 0.00  0.0    0  6.0 15 310   M    M   3 12     21 310
11  42  32  37   M  28   0 0.00  0.0    0  5.5 13  10   M    M   5        18  30
12  30   0  15   M  50   0 0.00  0.0    0  7.9 16  40   M    M   3        27  40
13  38  -4  17   M  48   0 0.00  0.0    0  5.5 15 220   M    M   4        20 220
14  40  28  34   M  31   0 0.00  0.0    0  8.0 15 340   M    M   7 1      27 320
15  30   7  19   M  46   0 0.00  0.0    0  9.2 18 330   M    M   4        23 330
16  22  -7   8   M  57   0 0.00  0.0    0  2.3  7 120   M    M   0         M  M
17  25  13  19   M  46   0 0.00  0.0    0  7.8 13 150   M    M   9 8      18 150
18  36  20  28   M  37   0 0.00  0.0    0  7.1 12 120   M    M   7        20 130
19  36  28  32   M  33   0 0.00  0.0    0  8.4 15 320   M    M  10 18     20 330
20  39  22  31   M  34   0 0.00  0.0    0  5.7  9 310   M    M   5         M  M
21  40  15  28   M  37   0 0.00  0.0    0  4.5 14 150   M    M   7 1      20 330
22  33   9  21   M  44   0 0.00  0.0    0 11.6 17  10   M    M   6        25 360
23  22   1  12   M  53   0 0.00  0.0    0  4.7 12 270   M    M   1         M  M
24  28  -7  11   M  54   0 0.00  0.0    0  6.4 18 290   M    M   3        25 280
25  19   3  11   M  54   0 0.00  0.0    0  8.8 17 320   M    M   4        23 320
26  30  -9  11   M  54   0 0.00  0.0    0  5.9 13 150   M    M   6        20 160
27  35  29  32   M  33   0 0.36    M    0  4.7 13  10   M    M  10 1      17  10
28  37  26  32   M  33   0 0.00  0.0    0  8.1 18 360   M    M   6        24 360
29  40  26  33   M  32   0 0.00  0.0    0  2.2  6 160   M    M   3         M  M
30  53  26  40   M  25   0 0.00  0.0    0  5.6 13 180   M    M   1        21 180
31  51  38  45   M  20   0 0.00  0.0    0  9.2 15 130   M    M   6 3      27 150
================================================================================
SM  981  269      1382   0  0.36     0.0 191.1          M      139
================================================================================
AV 31.6  8.7                               6.2 FASTST   M    M   4    MAX(MPH)
                                 MISC ---->    18   M               # 27   40
================================================================================
NOTES:
# LAST OF SEVERAL OCCURRENCES

COLUMN 17 PEAK WIND IN M.P.H.

PRELIMINARY LOCAL CLIMATOLOGICAL DATA (WS FORM: F-6) , PAGE 2

                                          STATION:  MERRILL MUNICIPAL AI
                                          MONTH:    MARCH
                                          YEAR:     2014
                                          LATITUDE:   45 10 N
                                          LONGITUDE:  89 42 W

[TEMPERATURE DATA]      [PRECIPITATION DATA]       SYMBOLS USED IN COLUMN 16

AVERAGE MONTHLY: 20.2   TOTAL FOR MONTH:   0.36    1 = FOG OR MIST
DPTR FM NORMAL:     M   DPTR FM NORMAL:       M    2 = FOG REDUCING VISIBILITY
HIGHEST:    56 ON 10    GRTST 24HR  0.36 ON 27-27      TO 1/4 MILE OR LESS
LOWEST:    -32 ON  3                               3 = THUNDER
                        SNOW, ICE PELLETS, HAIL    4 = ICE PELLETS
                        TOTAL MONTH:   0.0 INCH    5 = HAIL
                        GRTST 24HR     0.0         6 = FREEZING RAIN OR DRIZZLE
                        GRTST DEPTH:   0           7 = DUSTSTORM OR SANDSTORM:
                                                       VSBY 1/2 MILE OR LESS
                                                   8 = SMOKE OR HAZE
[NO. OF DAYS WITH]      [WEATHER - DAYS WITH]      9 = BLOWING SNOW
                                                   X = TORNADO
MAX 32 OR BELOW:  15    0.01 INCH OR MORE:   1
MAX 90 OR ABOVE:   0    0.10 INCH OR MORE:   1
MIN 32 OR BELOW:  30    0.50 INCH OR MORE:   0
MIN  0 OR BELOW:  11    1.00 INCH OR MORE:   0

[HDD (BASE 65) ]
TOTAL THIS MO.  1382    CLEAR  (SCALE 0-3)  10
DPTR FM NORMAL     M    PTCLDY (SCALE 4-7)  17
TOTAL FM JUL 1  8764    CLOUDY (SCALE 8-10)  4
DPTR FM NORMAL  8384

[CDD (BASE 65) ]
TOTAL THIS MO.     0
DPTR FM NORMAL     M    [PRESSURE DATA]
TOTAL FM JAN 1     0    HIGHEST SLP M ON M
DPTR FM NORMAL     0    LOWEST  SLP M ON M

[REMARKS]
#FINAL-03-14#
