000
CXUS53 KGRB 240752
CF6RRL
PRELIMINARY LOCAL CLIMATOLOGICAL DATA (WS FORM: F-6)

                                          STATION:   MERRILL MUNICIPAL AI
                                          MONTH:     APRIL
                                          YEAR:      2014
                                          LATITUDE:   45 10 N
                                          LONGITUDE:  89 42 W

  TEMPERATURE IN F:       :PCPN:    SNOW:  WIND      :SUNSHINE: SKY     :PK WND
================================================================================
1   2   3   4   5  6A  6B    7    8   9   10  11  12  13   14  15   16   17  18
                                     12Z  AVG MX 2MIN
DY MAX MIN AVG DEP HDD CDD  WTR  SNW DPTH SPD SPD DIR MIN PSBL S-S WX    SPD DR
================================================================================

 1  45  21  33   M  32   0 0.00  0.0    0 13.1 21 290   M    M   7 1      30 260
 2  44  13  29   M  36   0 0.00  0.0    0  2.2  7  10   M    M   1         M  M
 3  35  28  32   M  33   0 0.46    M    0  8.2 14 100   M    M  10        22 100
 4  32  24  28   M  37   0 0.14    M    0  4.8 10 330   M    M   9 1       M  M
 5  42   9  26   M  39   0 0.00  0.0    0  3.2 16 240   M    M   1 1      18 240
 6  56  28  42   M  23   0 0.00  0.0    0  4.8 13 210   M    M   7        20 210
 7  53  30  42   M  23   0 0.00  0.0    0  2.8 10 350   M    M   8 1       M  M
 8  52  26  39   M  26   0 0.00  0.0    0  5.2 14  20   M    M   3 1      18 330
 9  59  20  40   M  25   0 0.00  0.0    0  6.5 15 210   M    M   2        23 210
10  57  29  43   M  22   0 0.00  0.0    0 10.8 23 290   M    M   3        33 280
11  55  24  40   M  25   0 0.01    M    0  2.5  9 270   M    M   4         M  M
12  44  33  39   M  26   0 0.04    M    0  7.6 16 110   M    M  10 13     24 110
13  51  32  42   M  23   0 0.08    M    0  6.0 17  10   M    M  10 1      25  10
14  32  11  22   M  43   0 0.00  0.0    0 11.9 60  10   M    M   7       134  10
15  32   7  20   M  45   0 0.00  0.0    0  0.2  6 230   M    M   3         M  M
16  36  15  26   M  39   0 0.03    M    0  0.0  M   M   M    M  10         M  M
17  38  32  35   M  30   0 0.19    M    0  0.0  M   M   M    M  10         M  M
18  46  22  34   M  31   0 0.00  0.0    0  0.0  M   M   M    M   1         M  M
19  60  30  45   M  20   0 0.00  0.0    0  0.0  M   M   M    M   3         M  M
20  62  44  53   M  12   0 0.00  0.0    0  0.9  9 140   M    M  10 1      77 140
21  71  37  54   M  11   0 0.00  0.0    0 11.0 54 340   M    M   6 12    105 340
22  49  26  38   M  27   0 0.00  0.0    0 11.8 24 330   M    M   5        86 330
23  53  22  38   M  27   0 0.00  0.0    0  4.5 12 150   M    M   3        16 130
================================================================================
SM 1104  563       655   0  0.95     0.0 118.0          M      133
================================================================================
AV 48.0 24.5                               5.1 FASTST   M    M   6    MAX(MPH)
                                 MISC ---->    60   M               #134   10
================================================================================
NOTES:
# LAST OF SEVERAL OCCURRENCES

COLUMN 17 PEAK WIND IN M.P.H.

PRELIMINARY LOCAL CLIMATOLOGICAL DATA (WS FORM: F-6) , PAGE 2

                                          STATION:  MERRILL MUNICIPAL AI
                                          MONTH:    APRIL
                                          YEAR:     2014
                                          LATITUDE:   45 10 N
                                          LONGITUDE:  89 42 W

[TEMPERATURE DATA]      [PRECIPITATION DATA]       SYMBOLS USED IN COLUMN 16

AVERAGE MONTHLY: 36.2   TOTAL FOR MONTH:   0.95    1 = FOG OR MIST
DPTR FM NORMAL:     M   DPTR FM NORMAL:       M    2 = FOG REDUCING VISIBILITY
HIGHEST:    71 ON 21    GRTST 24HR  0.46 ON  3- 3      TO 1/4 MILE OR LESS
LOWEST:      7 ON 15                               3 = THUNDER
                        SNOW, ICE PELLETS, HAIL    4 = ICE PELLETS
                        TOTAL MONTH:   0.0 INCH    5 = HAIL
                        GRTST 24HR     0.0         6 = FREEZING RAIN OR DRIZZLE
                        GRTST DEPTH:   0           7 = DUSTSTORM OR SANDSTORM:
                                                       VSBY 1/2 MILE OR LESS
                                                   8 = SMOKE OR HAZE
[NO. OF DAYS WITH]      [WEATHER - DAYS WITH]      9 = BLOWING SNOW
                                                   X = TORNADO
MAX 32 OR BELOW:   3    0.01 INCH OR MORE:   7
MAX 90 OR ABOVE:   0    0.10 INCH OR MORE:   3
MIN 32 OR BELOW:  20    0.50 INCH OR MORE:   0
MIN  0 OR BELOW:   0    1.00 INCH OR MORE:   0

[HDD (BASE 65) ]
TOTAL THIS MO.   655    CLEAR  (SCALE 0-3)   8
DPTR FM NORMAL     M    PTCLDY (SCALE 4-7)   8
TOTAL FM JUL 1  9419    CLOUDY (SCALE 8-10)  7
DPTR FM NORMAL  9039

[CDD (BASE 65) ]
TOTAL THIS MO.     0
DPTR FM NORMAL     M    [PRESSURE DATA]
TOTAL FM JAN 1     0    HIGHEST SLP M ON M
DPTR FM NORMAL     0    LOWEST  SLP M ON M

[REMARKS]
