000
CXUS53 KARX 250930
CF6RST
PRELIMINARY LOCAL CLIMATOLOGICAL DATA (WS FORM: F-6)

                                          STATION:   ROCHESTER MN
                                          MONTH:     DECEMBER
                                          YEAR:      2014
                                          LATITUDE:   43 55 N
                                          LONGITUDE:  92 30 W

  TEMPERATURE IN F:       :PCPN:    SNOW:  WIND      :SUNSHINE: SKY     :PK WND
================================================================================
1   2   3   4   5  6A  6B    7    8   9   10  11  12  13   14  15   16   17  18
                                     12Z  AVG MX 2MIN
DY MAX MIN AVG DEP HDD CDD  WTR  SNW DPTH SPD SPD DIR MIN PSBL S-S WX    SPD DR
================================================================================

 1   9  -1   4 -21  61   0 0.00  0.0    2  9.6 18 170   M    M   0        24 290
 2  26   9  18  -6  47   0    T    T    2 15.7 26 190   M    M   7        32 180
 3  23  12  18  -6  47   0 0.00  0.0    2 11.5 21 280   M    M   0        28 230
 4  32  13  23  -1  42   0 0.00  0.0    2 12.5 23 170   M    M   6        27 170
 5  31  28  30   7  35   0 0.00  0.0    2  8.4 17 180   M    M  10 18     21 180
 6  33  18  26   3  39   0 0.00  0.0    1  7.4 16 150   M    M   1 128    19 150
 7  34  23  29   7  36   0    T    T    1 17.7 31 160   M    M   4 18     37 160
 8  34  22  28   6  37   0 0.01    T    1 15.9 25 310   M    M  10 12     32 310
 9  23  20  22   1  43   0 0.00  0.0    1  8.1 18 340   M    M  10 12     21 340
10  28  23  26   5  39   0 0.00  0.0    1  6.0 12 220   M    M  10 128    14 200
11  30  24  27   6  38   0 0.00  0.0    1  8.0 13 190   M    M  10 12     15 240
12  35  30  33  13  32   0    T  0.0    T 11.4 18 220   M    M   9 126    22 210
13  45  33  39  19  26   0 0.00  0.0    T 11.8 17 210   M    M   8 12     20 230
14  47  42  45  25  20   0 0.00  0.0    0 10.3 14 170   M    M  10 12     17 160
15  47  36  42  23  23   0 0.19  0.0    0  9.9 22 340   M    M  10 12     26 340
16  36  18  27   8  38   0    T  0.1    0 20.4 30 320   M    M  10 16     37 330
17  20  10  15  -4  50   0    T    T    0  9.6 17 330   M    M   9 189    21 310
18  21  12  17  -1  48   0    T    T    0  1.9  8 150   M    M   8 18      9 160
19  28  20  24   6  41   0 0.00  0.0    0  8.7 14 160   M    M  10 18     17 160
20  30  27  29  11  36   0 0.00  0.0    0  9.6 17 180   M    M  10 128    21 180
21  37  30  34  16  31   0 0.04  0.0    0 17.9 28 180   M    M  10 12     36 190
22  36  33  35  17  30   0 0.08    T    0 14.6 20 140   M    M  10 1      26 160
23  33  32  33  16  32   0 0.37  3.9    0 13.7 18 350   M    M  10 12     25 340
24  33  29  31  14  34   0    T    T    2 14.0 21 320   M    M  10 1      25 360
================================================================================
SM  751  543       905   0  0.69     4.0 274.6          M      192
================================================================================
AV 31.3 22.6                              11.4 FASTST   M    M   8    MAX(MPH)
                                 MISC ---->  # 31 160               # 37  160
================================================================================
NOTES:
# LAST OF SEVERAL OCCURRENCES

COLUMN 17 PEAK WIND IN M.P.H.

PRELIMINARY LOCAL CLIMATOLOGICAL DATA (WS FORM: F-6) , PAGE 2

                                          STATION:  ROCHESTER MN
                                          MONTH:    DECEMBER
                                          YEAR:     2014
                                          LATITUDE:   43 55 N
                                          LONGITUDE:  92 30 W

[TEMPERATURE DATA]      [PRECIPITATION DATA]       SYMBOLS USED IN COLUMN 16

AVERAGE MONTHLY: 27.0   TOTAL FOR MONTH:   0.69    1 = FOG OR MIST
DPTR FM NORMAL:   6.5   DPTR FM NORMAL:   -0.33    2 = FOG REDUCING VISIBILITY
HIGHEST:    47 ON 15,14 GRTST 24HR  0.45 ON 22-23      TO 1/4 MILE OR LESS
LOWEST:     -1 ON  1                               3 = THUNDER
                        SNOW, ICE PELLETS, HAIL    4 = ICE PELLETS
                        TOTAL MONTH:   4.0 INCHES  5 = HAIL
                        GRTST 24HR   3.9 ON   M    6 = FREEZING RAIN OR DRIZZLE
                        GRTST DEPTH:   2 ON 24, 5  7 = DUSTSTORM OR SANDSTORM:
                                                       VSBY 1/2 MILE OR LESS
                                                   8 = SMOKE OR HAZE
[NO. OF DAYS WITH]      [WEATHER - DAYS WITH]      9 = BLOWING SNOW
                                                   X = TORNADO
MAX 32 OR BELOW:  12    0.01 INCH OR MORE:   5
MAX 90 OR ABOVE:   0    0.10 INCH OR MORE:   2
MIN 32 OR BELOW:  20    0.50 INCH OR MORE:   0
MIN  0 OR BELOW:   1    1.00 INCH OR MORE:   0

[HDD (BASE 65) ]
TOTAL THIS MO.   905    CLEAR  (SCALE 0-3)   3
DPTR FM NORMAL  -162    PTCLDY (SCALE 4-7)   4
TOTAL FM JUL 1  2852    CLOUDY (SCALE 8-10) 17
DPTR FM NORMAL   113

[CDD (BASE 65) ]
TOTAL THIS MO.     0
DPTR FM NORMAL     0    [PRESSURE DATA]
TOTAL FM JAN 1   491    HIGHEST SLP M ON M
DPTR FM NORMAL   -94    LOWEST  SLP 29.55 ON 23

[REMARKS]
