000
CXUS53 KARX 310930
CF6RST
PRELIMINARY LOCAL CLIMATOLOGICAL DATA (WS FORM: F-6)

                                          STATION:   ROCHESTER MN
                                          MONTH:     JANUARY
                                          YEAR:      2015
                                          LATITUDE:   43 55 N
                                          LONGITUDE:  92 30 W

  TEMPERATURE IN F:       :PCPN:    SNOW:  WIND      :SUNSHINE: SKY     :PK WND
================================================================================
1   2   3   4   5  6A  6B    7    8   9   10  11  12  13   14  15   16   17  18
                                     12Z  AVG MX 2MIN
DY MAX MIN AVG DEP HDD CDD  WTR  SNW DPTH SPD SPD DIR MIN PSBL S-S WX    SPD DR
================================================================================

 1  28   7  18   2  47   0 0.00  0.0    4 15.0 23 270   M    M   7        28 270
 2  24   3  14  -2  51   0 0.00  0.0    4  8.1 16 200   M    M   5        18 200
 3  29  14  22   6  43   0 0.01  0.5    3 11.1 30 350   M    M   9 18     35 350
 4  14  -8   3 -13  62   0 0.07  1.8    6 20.5 33 340   M    M   4 189    40 340
 5   1 -14  -6 -22  71   0 0.09  1.2    6  9.3 16 180   M    M   4 18     19 300
 6   4 -10  -3 -19  68   0 0.00  0.0    7 15.7 31 320   M    M   2 9      38 310
 7  -1 -10  -5 -21  70   0 0.00  0.0    7 17.4 28 320   M    M   1 9      33 320
 8  16 -10   3 -13  62   0 0.11  2.2    7 24.6 38 310   M    M   7 1289   48 320
 9   2  -5  -1 -17  66   0    T    T    8 18.1 29 320   M    M   3 89     36 330
10  20  -9   6 -10  59   0 0.00  0.0    8 12.2 23 200   M    M   4        28 190
11  19   2  11  -4  54   0    T    T    7  8.2 18 340   M    M   3 18     21 340
12  10  -7   2 -13  63   0 0.00  0.0    6  9.6 20 350   M    M   0        23 350
13  14 -17  -1 -16  66   0 0.00  0.0    6  8.5 21 190   M    M   1        25 200
14  21  14  18   3  47   0 0.01  0.4    6 10.9 21 200   M    M  10 18     24 210
15  31  19  25  10  40   0 0.00  0.0    6 13.1 21 290   M    M   5 1      24 290
16  32  14  23   8  42   0 0.00  0.0    5 11.4 22 140   M    M   4 12     30 140
17  37  26  32  17  33   0 0.00  0.0    5 16.1 30 280   M    M   5 1      37 290
18  35  21  28  13  37   0 0.00  0.0    3 10.4 21 290   M    M   0        25 290
19  33  16  25  10  40   0 0.01    T    3  9.1 21 170   M    M   6 12     25 160
20  31  28  30  15  35   0 0.12  1.8    3  7.0 13 100   M    M  10 12     14 100
21  30  23  27  12  38   0 0.04  0.3    5  9.4 15 330   M    M  10 1      17 330
22  26  21  24   8  41   0 0.00  0.0    5 12.5 28 200   M    M  10 1      34 200
23  32  22  27  11  38   0 0.00  0.0    5 17.3 28 210   M    M   2 1      36 210
24  36  22  29  13  36   0 0.00  0.0    4  7.8 14 280   M    M   5 12     17 280
25  34  23  29  13  36   0    T    T    4 10.4 20  60   M    M  10 1      25  50
26  38  23  31  15  34   0 0.03  0.3    4 14.0 21 310   M    M   9 1      26 190
27  34  27  31  15  34   0 0.00  0.0    3  9.5 20 170   M    M  10        23 160
28  33  24  29  13  36   0    T  0.0    2 15.4 25 150   M    M  10 18     32 160
29  33  13  23   7  42   0    T    T    2 22.2 32 330   M    M   9 16     39 320
30  23   6  15  -1  50   0 0.00  0.0    2  9.3 16 200   M    M   0        19 190
================================================================================
SM  719  278      1441   0  0.49     8.5 384.1          M      165
================================================================================
AV 24.0  9.3                              12.8 FASTST   M    M   6    MAX(MPH)
                                 MISC ---->  # 38 310               # 48  320
================================================================================
NOTES:
# LAST OF SEVERAL OCCURRENCES

COLUMN 17 PEAK WIND IN M.P.H.

PRELIMINARY LOCAL CLIMATOLOGICAL DATA (WS FORM: F-6) , PAGE 2

                                          STATION:  ROCHESTER MN
                                          MONTH:    JANUARY
                                          YEAR:     2015
                                          LATITUDE:   43 55 N
                                          LONGITUDE:  92 30 W

[TEMPERATURE DATA]      [PRECIPITATION DATA]       SYMBOLS USED IN COLUMN 16

AVERAGE MONTHLY: 16.6   TOTAL FOR MONTH:   0.49    1 = FOG OR MIST
DPTR FM NORMAL:   1.0   DPTR FM NORMAL:   -0.34    2 = FOG REDUCING VISIBILITY
HIGHEST:    38 ON 26    GRTST 24HR  0.18 ON  4- 5      TO 1/4 MILE OR LESS
LOWEST:    -17 ON 13                               3 = THUNDER
                        SNOW, ICE PELLETS, HAIL    4 = ICE PELLETS
                        TOTAL MONTH:   8.5 INCHES  5 = HAIL
                        GRTST 24HR   2.2 ON   M    6 = FREEZING RAIN OR DRIZZLE
                        GRTST DEPTH:   8 ON 10, 9  7 = DUSTSTORM OR SANDSTORM:
                                                       VSBY 1/2 MILE OR LESS
                                                   8 = SMOKE OR HAZE
[NO. OF DAYS WITH]      [WEATHER - DAYS WITH]      9 = BLOWING SNOW
                                                   X = TORNADO
MAX 32 OR BELOW:  21    0.01 INCH OR MORE:   9
MAX 90 OR ABOVE:   0    0.10 INCH OR MORE:   2
MIN 32 OR BELOW:  30    0.50 INCH OR MORE:   0
MIN  0 OR BELOW:   9    1.00 INCH OR MORE:   0

[HDD (BASE 65) ]
TOTAL THIS MO.  1441    CLEAR  (SCALE 0-3)   8
DPTR FM NORMAL   -42    PTCLDY (SCALE 4-7)  12
TOTAL FM JUL 1  4661    CLOUDY (SCALE 8-10) 10
DPTR FM NORMAL   100

[CDD (BASE 65) ]
TOTAL THIS MO.     0
DPTR FM NORMAL     0    [PRESSURE DATA]
TOTAL FM JAN 1     0    HIGHEST SLP M ON M
DPTR FM NORMAL     0    LOWEST  SLP 29.54 ON 17

[REMARKS]
