000
CXUS54 KLZK 251130
CF6RUE
PRELIMINARY LOCAL CLIMATOLOGICAL DATA (WS FORM: F-6)

                                          STATION:   Russellville
                                          MONTH:     JULY
                                          YEAR:      2016
                                          LATITUDE:   35 15 N
                                          LONGITUDE:  93  6 W

  TEMPERATURE IN F:       :PCPN:    SNOW:  WIND      :SUNSHINE: SKY     :PK WND
================================================================================
1   2   3   4   5  6A  6B    7    8   9   10  11  12  13   14  15   16   17  18
                                     12Z  AVG MX 2MIN
DY MAX MIN AVG DEP HDD CDD  WTR  SNW DPTH SPD SPD DIR MIN PSBL S-S WX    SPD DR
================================================================================

 1  91  71  81   0   0  16    T    M    M  3.5 21  30   M    M   2        28  30
 2  94  74  84   3   0  19 0.00    M    M  3.5 13 260   M    M   1        19 240
 3  87  73  80  -1   0  15 0.06    M    M  1.7 24 300   M    M   3 1      33 300
 4  87  70  79  -2   0  14 2.07    M    M  2.0 16 290   M    M   8 1      21 290
 5  94  73  84   3   0  19 0.00    M    M  3.1 10 210   M    M   2 8      15 180
 6  95  75  85   4   0  20 0.00    M    M  5.2 14 270   M    M   1 1      18 260
 7  94  77  86   5   0  21 0.00    M    M  4.3 13 180   M    M   0        20 200
 8  91  75  83   2   0  18 0.00    M    M  3.0 14 290   M    M   2        17 270
 9  83  68  76  -5   0  11 1.15    M    M  2.9 32 330   M    M   4 1      43 330
10  91  71  81  -1   0  16 0.00    M    M  2.3 12 170   M    M   0 1      16 180
11  91  69  80  -2   0  15 0.00    M    M  4.0  9 180   M    M   4        14 140
12  91  72  82   0   0  17 0.00    M    M  2.5  9 200   M    M   0        14 170
13  95  74  85   3   0  20 0.00  0.0    0  3.8 12 220   M    M   1        18 180
14  91  68  80  -2   0  15 0.21  0.0    0  5.3 40 300   M    M   3 1      59 280
15  86  69  78  -4   0  13 0.97  0.0    0  3.1 12 300   M    M   4 1      17 310
16  90  69  80  -2   0  15 0.00  0.0    0  2.5  8  80   M    M   1        11  90
17  95  74  85   3   0  20 0.00  0.0    0  2.6  9 130   M    M   0 1      13 180
18  94  73  84   2   0  19 0.00  0.0    0  1.2  8  70   M    M   0 1      11 140
19  94  73  84   2   0  19 0.81  0.0    0  1.3 26 150   M    M   0 138    40 160
20  95  75  85   3   0  20 0.00  0.0    0  1.1  8 180   M    M   0        12 180
21  98  77  88   6   0  23 0.00  0.0    0  1.2  8 170   M    M   1        13 170
22  98  77  88   6   0  23 0.00  0.0    0  3.0 10 250   M    M   1        17 300
23  99  77  88   6   0  23 0.00  0.0    0  1.6 22  40   M    M   0        27  40
24  97  73  85   3   0  20 0.00  0.0    0  1.9 23  30   M    M   1        33  20
================================================================================
SM 2221 1747         0 431  5.27     0.0  66.6          M       39
================================================================================
AV 92.5 72.8                               2.8 FASTST   M    M   2    MAX(MPH)
                                 MISC ---->  # 40 300               # 59  280
================================================================================
NOTES:
# LAST OF SEVERAL OCCURRENCES

COLUMN 17 PEAK WIND IN M.P.H.

PRELIMINARY LOCAL CLIMATOLOGICAL DATA (WS FORM: F-6) , PAGE 2

                                          STATION:  Russellville
                                          MONTH:    JULY
                                          YEAR:     2016
                                          LATITUDE:   35 15 N
                                          LONGITUDE:  93  6 W

[TEMPERATURE DATA]      [PRECIPITATION DATA]       SYMBOLS USED IN COLUMN 16

AVERAGE MONTHLY: 82.7   TOTAL FOR MONTH:   5.27    1 = FOG OR MIST
DPTR FM NORMAL:   1.0   DPTR FM NORMAL:    2.33    2 = FOG REDUCING VISIBILITY
HIGHEST:    99 ON 23    GRTST 24HR  2.07 ON  4- 4      TO 1/4 MILE OR LESS
LOWEST:     68 ON 14, 9                            3 = THUNDER
                        SNOW, ICE PELLETS, HAIL    4 = ICE PELLETS
                        TOTAL MONTH:   0.0 INCH    5 = HAIL
                        GRTST 24HR     0.0         6 = FREEZING RAIN OR DRIZZLE
                        GRTST DEPTH:   0           7 = DUSTSTORM OR SANDSTORM:
                                                       VSBY 1/2 MILE OR LESS
                                                   8 = SMOKE OR HAZE
[NO. OF DAYS WITH]      [WEATHER - DAYS WITH]      9 = BLOWING SNOW
                                                   X = TORNADO
MAX 32 OR BELOW:   0    0.01 INCH OR MORE:   6
MAX 90 OR ABOVE:  20    0.10 INCH OR MORE:   5
MIN 32 OR BELOW:   0    0.50 INCH OR MORE:   4
MIN  0 OR BELOW:   0    1.00 INCH OR MORE:   2

[HDD (BASE 65) ]
TOTAL THIS MO.     0    CLEAR  (SCALE 0-3)  19
DPTR FM NORMAL     0    PTCLDY (SCALE 4-7)   5
TOTAL FM JUL 1     0    CLOUDY (SCALE 8-10)  0
DPTR FM NORMAL     0

[CDD (BASE 65) ]
TOTAL THIS MO.   431
DPTR FM NORMAL    33    [PRESSURE DATA]
TOTAL FM JAN 1  1037    HIGHEST SLP M ON M
DPTR FM NORMAL    38    LOWEST  SLP 29.80 ON  7

[REMARKS]
