000
CXUS51 KBTV 290700
CF6RUT
PRELIMINARY LOCAL CLIMATOLOGICAL DATA (WS FORM: F-6)

                                          STATION:   RUTLAND VT
                                          MONTH:     JULY
                                          YEAR:      2014
                                          LATITUDE:   43 31 N
                                          LONGITUDE:  72 57 W

  TEMPERATURE IN F:       :PCPN:    SNOW:  WIND      :SUNSHINE: SKY     :PK WND
================================================================================
1   2   3   4   5  6A  6B    7    8   9   10  11  12  13   14  15   16   17  18
                                     12Z  AVG MX 2MIN
DY MAX MIN AVG DEP HDD CDD  WTR  SNW DPTH SPD SPD DIR MIN PSBL S-S WX    SPD DR
================================================================================

 1  88  64  76   M   0  11 0.00  0.0    0  6.6 12 220   M    M   4        17 220
 2  90  68  79   M   0  14 0.24  0.0    0  5.3 10 200   M    M   3 3       M  M
 3  88  64  76   M   0  11 0.70  0.0    0  4.1 12 120   M    M   4 3       M  M
 4  70  57  64   M   1   0 0.03  0.0    0  4.7  9 340   M    M   7         M  M
 5  79  52  66   M   0   1 0.00  0.0    0  8.1 16 280   M    M   2        24 290
 6  79  57  68   M   0   3 0.00  0.0    0  6.5 15 230   M    M   1        24 240
 7  79  57  68   M   0   3 0.13  0.0    0  6.2 10 220   M    M   4        20 200
 8  82  66  74   M   0   9 0.74  0.0    0  7.1 14 170   M    M   6 3      18 190
 9  79  63  71   M   0   6 0.31  0.0    0  7.0 13 240   M    M   8 3      24 240
10  75  55  65   M   0   0 0.00  0.0    0  5.2 12 120   M    M   2        16 260
11  75  52  64   M   1   0 0.00  0.0    0  5.8 13 130   M    M   0         M  M
12  82  54  68   M   0   3 0.00  0.0    0  5.8 10 130   M    M   3         M  M
13  81  66  74   M   0   9 0.12  0.0    0  6.7 14 180   M    M   8        21 230
14  82  64  73   M   0   8 0.01  0.0    0  4.3 10 210   M    M   4        17 200
15  81  63  72   M   0   7 0.04  0.0    0  4.4 10 190   M    M   7         M  M
16  75  57  66   M   0   1 0.11  0.0    0  3.9  8 220   M    M   4         M  M
17  72  54  63   M   2   0 0.00  0.0    0  4.9  8 130   M    M   3         M  M
18  75  52  64   M   1   0 0.00  0.0    0  5.4 10 130   M    M   0         M  M
19  75  54  65   M   0   0 0.00  0.0    0  5.9 10 120   M    M   1         M  M
20  75  55  65   M   0   0 0.00  0.0    0  5.9 12 160   M    M   5        17 130
21  81  57  69   M   0   4 0.00  0.0    0  5.1 10 130   M    M   3         M  M
22  84  63  74   M   0   9 0.00  0.0    0  5.9 10 230   M    M   3         M  M
23  88  64  76   M   0  11 1.41  0.0    0  7.6 15 230   M    M   5 3      22 210
24  72  54  63   M   2   0 0.00  0.0    0  5.4 15  10   M    M   3        20 330
25  75  48  62   M   3   0 0.00  0.0    0  5.8  9 240   M    M   0         M  M
26  75  54  65   M   0   0 0.00  0.0    0  6.8 13 250   M    M   3        20 260
27  77  61  69   M   0   4 0.48  0.0    0  7.4 13 130   M    M   4 3      20 160
28  73  57  65   M   0   0 0.77  0.0    0  6.6 15 340   M    M   7 3      24 340
================================================================================
SM 2207 1632        10 114  5.09     0.0 164.4          M      104
================================================================================
AV 78.8 58.3                               5.9 FASTST   M    M   4    MAX(MPH)
                                 MISC ---->    16   M                 24    M
================================================================================
NOTES:
# LAST OF SEVERAL OCCURRENCES

COLUMN 17 PEAK WIND IN M.P.H.

PRELIMINARY LOCAL CLIMATOLOGICAL DATA (WS FORM: F-6) , PAGE 2

                                          STATION:  RUTLAND VT
                                          MONTH:    JULY
                                          YEAR:     2014
                                          LATITUDE:   43 31 N
                                          LONGITUDE:  72 57 W

[TEMPERATURE DATA]      [PRECIPITATION DATA]       SYMBOLS USED IN COLUMN 16

AVERAGE MONTHLY: 68.6   TOTAL FOR MONTH:   5.09    1 = FOG OR MIST
DPTR FM NORMAL:     M   DPTR FM NORMAL:       M    2 = FOG REDUCING VISIBILITY
HIGHEST:    90 ON  2    GRTST 24HR  1.41 ON 23-23      TO 1/4 MILE OR LESS
LOWEST:     48 ON 25                               3 = THUNDER
                        SNOW, ICE PELLETS, HAIL    4 = ICE PELLETS
                        TOTAL MONTH:   0.0 INCH    5 = HAIL
                        GRTST 24HR     0.0         6 = FREEZING RAIN OR DRIZZLE
                        GRTST DEPTH:   0           7 = DUSTSTORM OR SANDSTORM:
                                                       VSBY 1/2 MILE OR LESS
                                                   8 = SMOKE OR HAZE
[NO. OF DAYS WITH]      [WEATHER - DAYS WITH]      9 = BLOWING SNOW
                                                   X = TORNADO
MAX 32 OR BELOW:   0    0.01 INCH OR MORE:  13
MAX 90 OR ABOVE:   1    0.10 INCH OR MORE:  10
MIN 32 OR BELOW:   0    0.50 INCH OR MORE:   4
MIN  0 OR BELOW:   0    1.00 INCH OR MORE:   1

[HDD (BASE 65) ]
TOTAL THIS MO.    10    CLEAR  (SCALE 0-3)  13
DPTR FM NORMAL     M    PTCLDY (SCALE 4-7)  15
TOTAL FM JUL 1    10    CLOUDY (SCALE 8-10)  0
DPTR FM NORMAL     M

[CDD (BASE 65) ]
TOTAL THIS MO.   114
DPTR FM NORMAL     M    [PRESSURE DATA]
TOTAL FM JAN 1   174    HIGHEST SLP M ON M
DPTR FM NORMAL     M    LOWEST  SLP M ON M

[REMARKS]
