000
CXUS53 KMPX 261000
CF6RWF
PRELIMINARY LOCAL CLIMATOLOGICAL DATA (WS FORM: F-6)

                                          STATION:   REDWOOD FALLS MN
                                          MONTH:     APRIL
                                          YEAR:      2017
                                          LATITUDE:   44 32 N
                                          LONGITUDE:  95  5 W

  TEMPERATURE IN F:       :PCPN:    SNOW:  WIND      :SUNSHINE: SKY     :PK WND
================================================================================
1   2   3   4   5  6A  6B    7    8   9   10  11  12  13   14  15   16   17  18
                                     12Z  AVG MX 2MIN
DY MAX MIN AVG DEP HDD CDD  WTR  SNW DPTH SPD SPD DIR MIN PSBL S-S WX    SPD DR
================================================================================

 1  65  38  52  13  13   0 0.00    M    M  6.1 14 200   M    M   1        16 200
 2  59  37  48   8  17   0 0.01    M    M 12.6 23 170   M    M   8        27 170
 3  59  47  53  13  12   0    T    M    M  7.2 16  10   M    M  10 12     25  20
 4  63  42  53  12  12   0 0.00    M    M  5.4 14 350   M    M   2        19  60
 5  55  37  46   5  19   0 0.00    M    M  8.7 17 350   M    M   6        24 350
 6  56  31  44   2  21   0 0.00    M    M  8.6 20 350   M    M   0        28  10
 7  64  25  45   3  20   0 0.00    M    M 14.4 29 170   M    M   0        36 160
 8  79  46  63  20   2   0 0.00    M    M 17.3 28 200   M    M   0        35 190
 9  72  50  61  18   4   0 0.03    M    M 11.3 24 300   M    M   6 3      33 300
10  51  34  43  -1  22   0    M    M    M  9.2 18 310   M    M  10 1      24 360
11  55  35  45   1  20   0 0.00    M    M  4.2 14 220   M    M   4        17 230
12  55  42  49   4  16   0 0.33    M    M  5.8 14 120   M    M   6 18     18 110
13  53  46  50   4  15   0 0.00    M    M  9.2 16  90   M    M  10 128    24  90
14  72  48  60  14   5   0 0.05    M    M 15.0 29 150   M    M   8 18     37 140
15  62  48  55   9  10   0 1.18    M    M  8.2 23 300   M    M   8 138    33 300
16  67  41  54   7  11   0 0.00    M    M 11.9 22 270   M    M   2        35 290
17  58  38  48   0  17   0 0.00    M    M  7.6 16 120   M    M   1        21 120
18  62  46  54   6  11   0 0.31    M    M 19.3 35 200   M    M   9 13     43 190
19  47  43  45  -3  20   0 0.69    M    M  7.9 18  70   M    M  10 13     25  40
20  50  40  45  -4  20   0 0.02    M    M  9.7 22 310   M    M   9 1      27 310
21  63  36  50   1  15   0 0.00    M    M  4.3 13 360   M    M   1 1      17 350
22  69  38  54   4  11   0 0.00    M    M  7.0 16 290   M    M   0        22 260
23  73  42  58   8   7   0 0.00    M    M 10.8 24 210   M    M   0        32 190
24  68  48  58   7   7   0    T    M    M 14.8 32 190   M    M   3        40 180
25  48  38  43  -8  22   0 0.44    M    M 11.0 17 320   M    M  10 1      24 310
================================================================================
SM 1525 1016       349   0  3.06    M    247.5          M      124
================================================================================
AV 61.0 40.6                               9.9 FASTST   M    M   5    MAX(MPH)
                                 MISC ---->  # 35 200               # 43  190
================================================================================
NOTES:
# LAST OF SEVERAL OCCURRENCES

COLUMN 17 PEAK WIND IN M.P.H.

PRELIMINARY LOCAL CLIMATOLOGICAL DATA (WS FORM: F-6) , PAGE 2

                                          STATION:  REDWOOD FALLS MN
                                          MONTH:    APRIL
                                          YEAR:     2017
                                          LATITUDE:   44 32 N
                                          LONGITUDE:  95  5 W

[TEMPERATURE DATA]      [PRECIPITATION DATA]       SYMBOLS USED IN COLUMN 16

AVERAGE MONTHLY: 50.8   TOTAL FOR MONTH:   3.06    1 = FOG OR MIST
DPTR FM NORMAL:   5.5   DPTR FM NORMAL:    0.87    2 = FOG REDUCING VISIBILITY
HIGHEST:    79 ON  8    GRTST 24HR  1.23 ON 14-15      TO 1/4 MILE OR LESS
LOWEST:     25 ON  7                               3 = THUNDER
                        SNOW, ICE PELLETS, HAIL    4 = ICE PELLETS
                        TOTAL MONTH:    M          5 = HAIL
                        GRTST 24HR    M  ON   M    6 = FREEZING RAIN OR DRIZZLE
                        GRTST DEPTH:  M  ON   M    7 = DUSTSTORM OR SANDSTORM:
                                                       VSBY 1/2 MILE OR LESS
                                                   8 = SMOKE OR HAZE
[NO. OF DAYS WITH]      [WEATHER - DAYS WITH]      9 = BLOWING SNOW
                                                   X = TORNADO
MAX 32 OR BELOW:   0    0.01 INCH OR MORE:   9
MAX 90 OR ABOVE:   0    0.10 INCH OR MORE:   5
MIN 32 OR BELOW:   2    0.50 INCH OR MORE:   2
MIN  0 OR BELOW:   0    1.00 INCH OR MORE:   1

[HDD (BASE 65) ]
TOTAL THIS MO.   349    CLEAR  (SCALE 0-3)  10
DPTR FM NORMAL  -145    PTCLDY (SCALE 4-7)   6
TOTAL FM JUL 1  6206    CLOUDY (SCALE 8-10)  9
DPTR FM NORMAL -1345

[CDD (BASE 65) ]
TOTAL THIS MO.     0
DPTR FM NORMAL     0    [PRESSURE DATA]
TOTAL FM JAN 1     0    HIGHEST SLP M ON M
DPTR FM NORMAL     0    LOWEST  SLP 29.44 ON  8

[REMARKS]
