000
CXUS56 KSTO 211355
CF6SAC
PRELIMINARY LOCAL CLIMATOLOGICAL DATA (WS FORM: F-6)

                                          STATION:   SACRAMENTO EXEC. AIRPORT CA
                                          MONTH:     JANUARY
                                          YEAR:      2017
                                          LATITUDE:   38 31 N
                                          LONGITUDE: 121 30 W

  TEMPERATURE IN F:       :PCPN:    SNOW:  WIND      :SUNSHINE: SKY     :PK WND
================================================================================
1   2   3   4   5  6A  6B    7    8   9   10  11  12  13   14  15   16   17  18
                                     12Z  AVG MX 2MIN
DY MAX MIN AVG DEP HDD CDD  WTR  SNW DPTH SPD SPD DIR MIN PSBL S-S WX    SPD DR
================================================================================

 1  50  41  46   1  19   0 0.00  0.0    0  7.5 14 140   M    M   8        20 140
 2  50  41  46   1  19   0 0.18  0.0    0  7.4 16 220   M    M   8 1      23 150
 3  52  45  49   4  16   0 0.50  0.0    0 12.0 29 150   M    M  10 1      42 160
 4  53  47  50   5  15   0 0.76    M    0  7.1 25 150   M    M  10 1      37 160
 5  49  35  42  -3  23   0 0.00  0.0    0  6.9 14 320   M    M   2 1      18 320
 6  48  29  39  -6  26   0    T    M    0  5.1 14 330   M    M   1        19 340
 7  58  39  49   4  16   0 1.24    M    0  7.6 23 150   M    M   9 1      35 140
 8  63  57  60  15   5   0 1.95  0.0    0 13.7 23 150   M    M   9 1      37 150
 9  58  50  54   8  11   0 0.20  0.0    0  8.8 16 220   M    M   6 1      24 220
10  55  52  54   8  11   0 2.05  0.0    0 14.2 25 150   M    M  10 1      41 150
11  55  43  49   3  16   0 0.13    M    0  7.7 18 220   M    M   2 1      23 230
12  50  39  45  -1  20   0 0.20    M    0  3.8 10 320   M    M   9 1      12 330
13  57  36  47   1  18   0 0.00  0.0    0  4.6 13 330   M    M   3 12     16 360
14  47  36  42  -4  23   0 0.00  0.0    0  2.5  9 150   M    M   5 12     12 150
15  50  36  43  -3  22   0 0.00  0.0    0  2.3  8 300   M    M   7 12      9 150
16  51  36  44  -2  21   0 0.00  0.0    0  2.8  9 130   M    M   5 1      13 130
17  46  31  39  -7  26   0 0.00  0.0    0  3.4 10 320   M    M   4 1      12 310
18  49  42  46   0  19   0 0.91  0.0    0 13.1 36 150   M    M  10 1      53 140
19  55  46  51   5  14   0 0.32  0.0    0  7.0 17 220   M    M   6 13     23 220
20  53  46  50   3  15   0 0.69    M    0 12.6 28 140   M    M   8 1      40 140
================================================================================
SM 1049  827       355   0  9.13     0.0 150.1          M      132
================================================================================
AV 52.5 41.4                               7.5 FASTST   M    M   7    MAX(MPH)
                                 MISC ---->  # 36 150               # 53  140
================================================================================
NOTES:
# LAST OF SEVERAL OCCURRENCES

COLUMN 17 PEAK WIND IN M.P.H.

PRELIMINARY LOCAL CLIMATOLOGICAL DATA (WS FORM: F-6) , PAGE 2

                                          STATION:  SACRAMENTO EXEC. AIRPORT CA
                                          MONTH:    JANUARY
                                          YEAR:     2017
                                          LATITUDE:   38 31 N
                                          LONGITUDE: 121 30 W

[TEMPERATURE DATA]      [PRECIPITATION DATA]       SYMBOLS USED IN COLUMN 16

AVERAGE MONTHLY: 46.9   TOTAL FOR MONTH:   9.13    1 = FOG OR MIST
DPTR FM NORMAL:   1.2   DPTR FM NORMAL:    6.78    2 = FOG REDUCING VISIBILITY
HIGHEST:    63 ON  8    GRTST 24HR  2.15 ON  7- 8      TO 1/4 MILE OR LESS
LOWEST:     29 ON  6                               3 = THUNDER
                        SNOW, ICE PELLETS, HAIL    4 = ICE PELLETS
                        TOTAL MONTH:   0.0 INCH    5 = HAIL
                        GRTST 24HR     0.0         6 = FREEZING RAIN OR DRIZZLE
                        GRTST DEPTH:   0           7 = DUSTSTORM OR SANDSTORM:
                                                       VSBY 1/2 MILE OR LESS
                                                   8 = SMOKE OR HAZE
[NO. OF DAYS WITH]      [WEATHER - DAYS WITH]      9 = BLOWING SNOW
                                                   X = TORNADO
MAX 32 OR BELOW:   0    0.01 INCH OR MORE:  12
MAX 90 OR ABOVE:   0    0.10 INCH OR MORE:  12
MIN 32 OR BELOW:   2    0.50 INCH OR MORE:   7
MIN  0 OR BELOW:   0    1.00 INCH OR MORE:   3

[HDD (BASE 65) ]
TOTAL THIS MO.   355    CLEAR  (SCALE 0-3)   4
DPTR FM NORMAL   -33    PTCLDY (SCALE 4-7)   8
TOTAL FM JUL 1  1338    CLOUDY (SCALE 8-10)  8
DPTR FM NORMAL   -84

[CDD (BASE 65) ]
TOTAL THIS MO.     0
DPTR FM NORMAL     0    [PRESSURE DATA]
TOTAL FM JAN 1     0    HIGHEST SLP M ON M
DPTR FM NORMAL     0    LOWEST  SLP 29.29 ON 20

[REMARKS]
