000
CXUS55 KTWC 230855
CF6SAD
PRELIMINARY LOCAL CLIMATOLOGICAL DATA (WS FORM: F-6)

                                          STATION:   SAFFORD AZ AIRPORT
                                          MONTH:     JUNE
                                          YEAR:      2017
                                          LATITUDE:   32 50 N
                                          LONGITUDE: 109 38 W

  TEMPERATURE IN F:       :PCPN:    SNOW:  WIND      :SUNSHINE: SKY     :PK WND
================================================================================
1   2   3   4   5  6A  6B    7    8   9   10  11  12  13   14  15   16   17  18
                                     12Z  AVG MX 2MIN
DY MAX MIN AVG DEP HDD CDD  WTR  SNW DPTH SPD SPD DIR MIN PSBL S-S WX    SPD DR
================================================================================

 1  94  72  83   4   0  18    T  0.0    0 11.3 33  70   M    M   M        46  90
 2  94  65  80   1   0  15 0.00  0.0    0  7.8 32  40   M    M   M        40  50
 3 101  63  82   3   0  17 0.00  0.0    0  4.9 15 250   M    M   M        19 260
 4 104  72  88   8   0  23 0.00  0.0    0  8.2 17 260   M    M   M        20 260
 5 106  70  88   8   0  23 0.00  0.0    0  9.3 22 300   M    M   2        30 300
 6 106  69  88   8   0  23 0.00  0.0    0  7.2 24 290   M    M   1        29 300
 7 101  73  87   7   0  22 0.10  0.0    0  8.9 24 230   M    M   1 38     30 240
 8 102  65  84   3   0  19 0.00  0.0    0  9.8 26 310   M    M   0        32 310
 9 103  63  83   2   0  18 0.00  0.0    0  7.8 21 320   M    M   0        29 320
10 102  66  84   3   0  19 0.00  0.0    0  7.0 24 300   M    M   0        31 310
11  99  62  81  -1   0  16 0.00  0.0    0  7.0 18 270   M    M   0        24 270
12  97  60  79  -3   0  14 0.00  0.0    0  8.4 23 310   M    M   0        29 310
13  96  63  80  -2   0  15 0.00  0.0    0  7.4 16 310   M    M   0        26 300
14 101  52  77  -5   0  12 0.00  0.0    0  5.9 13 320   M    M   0        16 280
15 105  57  81  -2   0  16 0.00  0.0    0  6.5 17 320   M    M   3        22 320
16 106  60  83   0   0  18 0.00  0.0    0  9.1 23 280   M    M   3        28 280
17 107  66  87   4   0  22    T  0.0    0 12.9 23 280   M    M   0        33 300
18 111  67  89   5   0  24 0.00  0.0    0  9.2 22 290   M    M   0        27 290
19 112  74  93   9   0  28 0.00  0.0    0  7.1 36  60   M    M   0        49  60
20 112  75  94  10   0  29 0.00  0.0    0  8.0 29  30   M    M   0 3      36  50
21 112  79  96  12   0  31 0.00  0.0    0  8.5 25 190   M    M   0        32 190
22 112  76  94  10   0  29 0.00  0.0    0 15.0 29 280   M    M   0        37 320
================================================================================
SM 2283 1469         0 451  0.10     0.0 187.2          M       10
================================================================================
AV103.8 66.8                               8.5 FASTST   M    M   1    MAX(MPH)
                                 MISC ---->  # 36  60               # 49   60
================================================================================
NOTES:
# LAST OF SEVERAL OCCURRENCES

COLUMN 17 PEAK WIND IN M.P.H.

PRELIMINARY LOCAL CLIMATOLOGICAL DATA (WS FORM: F-6) , PAGE 2

                                          STATION:  SAFFORD AZ AIRPORT
                                          MONTH:    JUNE
                                          YEAR:     2017
                                          LATITUDE:   32 50 N
                                          LONGITUDE: 109 38 W

[TEMPERATURE DATA]      [PRECIPITATION DATA]       SYMBOLS USED IN COLUMN 16

AVERAGE MONTHLY: 85.3   TOTAL FOR MONTH:   0.10    1 = FOG OR MIST
DPTR FM NORMAL:   3.6   DPTR FM NORMAL:   -0.14    2 = FOG REDUCING VISIBILITY
HIGHEST:   112 ON 22,21 GRTST 24HR  0.10 ON  7- 7      TO 1/4 MILE OR LESS
LOWEST:     52 ON 14                               3 = THUNDER
                        SNOW, ICE PELLETS, HAIL    4 = ICE PELLETS
                        TOTAL MONTH:   0.0 INCH    5 = HAIL
                        GRTST 24HR     0.0         6 = FREEZING RAIN OR DRIZZLE
                        GRTST DEPTH:   0           7 = DUSTSTORM OR SANDSTORM:
                                                       VSBY 1/2 MILE OR LESS
                                                   8 = SMOKE OR HAZE
[NO. OF DAYS WITH]      [WEATHER - DAYS WITH]      9 = BLOWING SNOW
                                                   X = TORNADO
MAX 32 OR BELOW:   0    0.01 INCH OR MORE:   1
MAX 90 OR ABOVE:  22    0.10 INCH OR MORE:   1
MIN 32 OR BELOW:   0    0.50 INCH OR MORE:   0
MIN  0 OR BELOW:   0    1.00 INCH OR MORE:   0

[HDD (BASE 65) ]
TOTAL THIS MO.     0    CLEAR  (SCALE 0-3)  17
DPTR FM NORMAL     0    PTCLDY (SCALE 4-7)   1
TOTAL FM JUL 1  1763    CLOUDY (SCALE 8-10)  0
DPTR FM NORMAL  -503

[CDD (BASE 65) ]
TOTAL THIS MO.   451
DPTR FM NORMAL    82    [PRESSURE DATA]
TOTAL FM JAN 1   864    HIGHEST SLP M ON M
DPTR FM NORMAL   138    LOWEST  SLP 27.09 ON 21

[REMARKS]
