000
CXUS52 KCHS 290936
CF6SAV
PRELIMINARY LOCAL CLIMATOLOGICAL DATA (WS FORM: F-6)

                                          STATION:   SAVANNAH GA
                                          MONTH:     JANUARY
                                          YEAR:      2015
                                          LATITUDE:   32  7 N
                                          LONGITUDE:  81 12 W

  TEMPERATURE IN F:       :PCPN:    SNOW:  WIND      :SUNSHINE: SKY     :PK WND
================================================================================
1   2   3   4   5  6A  6B    7    8   9   10  11  12  13   14  15   16   17  18
                                     12Z  AVG MX 2MIN
DY MAX MIN AVG DEP HDD CDD  WTR  SNW DPTH SPD SPD DIR MIN PSBL S-S WX    SPD DR
================================================================================

 1  61  34  48  -1  17   0    T  0.0    0  2.0  8  10   M    M   6 1      13  80
 2  65  49  57   8   8   0    T  0.0    0  4.0  9 360   M    M  10        10  70
 3  74  57  66  17   0   1    T  0.0    0  6.9 16 190   M    M  10 1      20 210
 4  77  60  69  20   0   4 0.52  0.0    0  9.3 20 200   M    M   8 1      26 200
 5  60  40  50   1  15   0 0.00  0.0    0  8.3 20 310   M    M   6        25 310
 6  64  37  51   2  14   0 0.00  0.0    0  5.8 20 270   M    M   2        23 270
 7  59  36  48  -1  17   0 0.00  0.0    0 13.0 24 320   M    M   3        32 320
 8  36  20  28 -21  37   0 0.00  0.0    0 10.2 25 340   M    M   2        33 340
 9  53  29  41  -8  24   0    T  0.0    0  8.1 16 280   M    M   8        20 300
10  53  32  43  -6  22   0 0.00  0.0    0  7.8 15  30   M    M   4        20  80
11  60  41  51   2  14   0    T    M    0  7.9 14  40   M    M  10 1      17  50
12  60  50  55   6  10   0 1.89  0.0    0  3.2 15 320   M    M  10 12     18 320
13  58  45  52   3  13   0 0.03    M    0  6.0 14  40   M    M  10 12     18  30
14  46  41  44  -5  21   0    T    M    0  9.2 15 340   M    M  10 1      18 340
15  44  39  42  -7  23   0 0.05  0.0    0  4.8 10 270   M    M  10 1      13 320
16  56  37  47  -2  18   0 0.01  0.0    0  5.2 14 320   M    M   5 1      18 320
17  62  33  48  -1  17   0 0.00  0.0    0  3.6 10  50   M    M   6 1      13  60
18  68  42  55   6  10   0    T    M    0  9.0 26 270   M    M   4 1      31 290
19  68  35  52   3  13   0 0.00  0.0    0  4.1 14 250   M    M   1        18 220
20  68  35  52   2  13   0 0.00  0.0    0  4.3 15 270   M    M   4        20 250
21  72  42  57   7   8   0 0.00  0.0    0  4.4 18 270   M    M   1        23 280
22  68  40  54   4  11   0 0.00  0.0    0  3.2 10 100   M    M   6        13  90
23  65  52  59   9   6   0 0.63  0.0    0 11.7 28 170   M    M   9 1      38 170
24  67  42  55   5  10   0 0.99  0.0    0 15.0 30 280   M    M   4 1      37 280
25  63  35  49  -1  16   0 0.00  0.0    0  7.7 16 170   M    M   2        21 220
26  57  40  49  -1  16   0 0.00  0.0    0 14.6 26 310   M    M   5        35 310
27  55  36  46  -4  19   0 0.00  0.0    0 11.2 24 300   M    M   3        31 310
28  53  31  42  -8  23   0 0.00  0.0    0  6.2 17  10   M    M   0        23 340
================================================================================
SM 1692 1110       415   5  4.12     0.0 206.7          M      159
================================================================================
AV 60.4 39.6                               7.4 FASTST   M    M   6    MAX(MPH)
                                 MISC ---->  # 30 280               # 38  170
================================================================================
NOTES:
# LAST OF SEVERAL OCCURRENCES

COLUMN 17 PEAK WIND IN M.P.H.

PRELIMINARY LOCAL CLIMATOLOGICAL DATA (WS FORM: F-6) , PAGE 2

                                          STATION:  SAVANNAH GA
                                          MONTH:    JANUARY
                                          YEAR:     2015
                                          LATITUDE:   32  7 N
                                          LONGITUDE:  81 12 W

[TEMPERATURE DATA]      [PRECIPITATION DATA]       SYMBOLS USED IN COLUMN 16

AVERAGE MONTHLY: 50.0   TOTAL FOR MONTH:   4.12    1 = FOG OR MIST
DPTR FM NORMAL:   0.7   DPTR FM NORMAL:    0.81    2 = FOG REDUCING VISIBILITY
HIGHEST:    77 ON  4    GRTST 24HR  1.89 ON 11-12      TO 1/4 MILE OR LESS
LOWEST:     20 ON  8                               3 = THUNDER
                        SNOW, ICE PELLETS, HAIL    4 = ICE PELLETS
                        TOTAL MONTH:   0.0 INCH    5 = HAIL
                        GRTST 24HR     0.0         6 = FREEZING RAIN OR DRIZZLE
                        GRTST DEPTH:   0           7 = DUSTSTORM OR SANDSTORM:
                                                       VSBY 1/2 MILE OR LESS
                                                   8 = SMOKE OR HAZE
[NO. OF DAYS WITH]      [WEATHER - DAYS WITH]      9 = BLOWING SNOW
                                                   X = TORNADO
MAX 32 OR BELOW:   0    0.01 INCH OR MORE:   7
MAX 90 OR ABOVE:   0    0.10 INCH OR MORE:   4
MIN 32 OR BELOW:   4    0.50 INCH OR MORE:   4
MIN  0 OR BELOW:   0    1.00 INCH OR MORE:   1

[HDD (BASE 65) ]
TOTAL THIS MO.   415    CLEAR  (SCALE 0-3)   7
DPTR FM NORMAL   -26    PTCLDY (SCALE 4-7)  11
TOTAL FM JUL 1   991    CLOUDY (SCALE 8-10) 10
DPTR FM NORMAL  -140

[CDD (BASE 65) ]
TOTAL THIS MO.     5
DPTR FM NORMAL     5    [PRESSURE DATA]
TOTAL FM JAN 1     5    HIGHEST SLP M ON M
DPTR FM NORMAL     5    LOWEST  SLP 29.54 ON 24

[REMARKS]
