000
CXUS55 KLOX 201155
CF6SBA
PRELIMINARY LOCAL CLIMATOLOGICAL DATA (WS FORM: F-6)

                                          STATION:   SANTA BARBARA AIRPORT CA
                                          MONTH:     SEPTEMBER
                                          YEAR:      2014
                                          LATITUDE:   34 25 N
                                          LONGITUDE: 119 50 W

  TEMPERATURE IN F:       :PCPN:    SNOW:  WIND      :SUNSHINE: SKY     :PK WND
================================================================================
1   2   3   4   5  6A  6B    7    8   9   10  11  12  13   14  15   16   17  18
                                     12Z  AVG MX 2MIN
DY MAX MIN AVG DEP HDD CDD  WTR  SNW DPTH SPD SPD DIR MIN PSBL S-S WX    SPD DR
================================================================================

 1  77  61  69   3   0   4 0.00  0.0    0  4.0 13 250   M    M   1 18     16 270
 2  76  64  70   4   0   5 0.00  0.0    0  7.1 16 260   M    M   4 18     20 280
 3  74  60  67   1   0   2    T  0.0    0  5.3 16 260   M    M   6 18      M  M
 4  73  56  65  -1   0   0 0.00  0.0    0  5.3 14 300   M    M   5 8       M  M
 5  73  54  64  -2   1   0 0.00  0.0    0  4.9 16 250   M    M   3        20 250
 6  78  55  67   1   0   2 0.00  0.0    0  4.5 13 250   M    M   3 128    15 260
 7  83  51  67   1   0   2 0.00  0.0    0  3.9 13 250   M    M   1 1      15 260
 8  82  60  71   5   0   6 0.00  0.0    0  4.0 10 270   M    M   4        13 280
 9  79  56  68   2   0   3 0.00  0.0    0  4.4 12 250   M    M   0        14 250
10  78  55  67   1   0   2 0.00  0.0    0  4.5 13 260   M    M   0        23 280
11  79  59  69   3   0   4 0.00  0.0    0  4.6 12 240   M    M   1 18      M  M
12  79  63  71   6   0   6 0.00  0.0    0  5.1 12 260   M    M   3 18     15 280
13  83  60  72   7   0   7 0.00  0.0    0  3.9 15 240   M    M   0 1      17 270
14  87  65  76  11   0  11 0.00  0.0    0  2.7  9 250   M    M   0 1      13 240
15  89  65  77  12   0  12 0.00  0.0    0  4.1 10 170   M    M   0 18     12 170
16  99  66  83  18   0  18 0.00  0.0    0  5.6 15 270   M    M   0        18 270
17  88  63  76  11   0  11 0.00  0.0    0  4.6 18 260   M    M   0 18      M  M
18  79  60  70   5   0   5 0.00  0.0    0  7.0 20 250   M    M   0         M  M
19  77  59  68   3   0   3 0.00  0.0    0  4.6 13 140   M    M   3        16 170
================================================================================
SM 1533 1132         1 103    T      0.0  90.2          M       34
================================================================================
AV 80.7 59.6                               4.7 FASTST   M    M   2    MAX(MPH)
                                 MISC ---->  # 20 250               # 23  280
================================================================================
NOTES:
# LAST OF SEVERAL OCCURRENCES

COLUMN 17 PEAK WIND IN M.P.H.

PRELIMINARY LOCAL CLIMATOLOGICAL DATA (WS FORM: F-6) , PAGE 2

                                          STATION:  SANTA BARBARA AIRPORT CA
                                          MONTH:    SEPTEMBER
                                          YEAR:     2014
                                          LATITUDE:   34 25 N
                                          LONGITUDE: 119 50 W

[TEMPERATURE DATA]      [PRECIPITATION DATA]       SYMBOLS USED IN COLUMN 16

AVERAGE MONTHLY: 70.1   TOTAL FOR MONTH:      T    1 = FOG OR MIST
DPTR FM NORMAL:   4.6   DPTR FM NORMAL:   -0.11    2 = FOG REDUCING VISIBILITY
HIGHEST:    99 ON 16    GRTST 24HR  0.01 ON  5- 6      TO 1/4 MILE OR LESS
LOWEST:     51 ON  7                               3 = THUNDER
                        SNOW, ICE PELLETS, HAIL    4 = ICE PELLETS
                        TOTAL MONTH:   0.0 INCH    5 = HAIL
                        GRTST 24HR     0.0         6 = FREEZING RAIN OR DRIZZLE
                        GRTST DEPTH:   0           7 = DUSTSTORM OR SANDSTORM:
                                                       VSBY 1/2 MILE OR LESS
                                                   8 = SMOKE OR HAZE
[NO. OF DAYS WITH]      [WEATHER - DAYS WITH]      9 = BLOWING SNOW
                                                   X = TORNADO
MAX 32 OR BELOW:   0    0.01 INCH OR MORE:   0
MAX 90 OR ABOVE:   1    0.10 INCH OR MORE:   0
MIN 32 OR BELOW:   0    0.50 INCH OR MORE:   0
MIN  0 OR BELOW:   0    1.00 INCH OR MORE:   0

[HDD (BASE 65) ]
TOTAL THIS MO.     1    CLEAR  (SCALE 0-3)  15
DPTR FM NORMAL   -18    PTCLDY (SCALE 4-7)   4
TOTAL FM JUL 1     1    CLOUDY (SCALE 8-10)  0
DPTR FM NORMAL   -69

[CDD (BASE 65) ]
TOTAL THIS MO.   103
DPTR FM NORMAL    69    [PRESSURE DATA]
TOTAL FM JAN 1   434    HIGHEST SLP M ON M
DPTR FM NORMAL   273    LOWEST  SLP 29.64 ON M

[REMARKS]
