000
CXUS53 KMKX 290651
CF6SBM
PRELIMINARY LOCAL CLIMATOLOGICAL DATA (WS FORM: F-6)

                                          STATION:   SHEBOYGAN WI
                                          MONTH:     MAY
                                          YEAR:      2016
                                          LATITUDE:   43 46 N
                                          LONGITUDE:  87 51 W

  TEMPERATURE IN F:       :PCPN:    SNOW:  WIND      :SUNSHINE: SKY     :PK WND
================================================================================
1   2   3   4   5  6A  6B    7    8   9   10  11  12  13   14  15   16   17  18
                                     12Z  AVG MX 2MIN
DY MAX MIN AVG DEP HDD CDD  WTR  SNW DPTH SPD SPD DIR MIN PSBL S-S WX    SPD DR
================================================================================

 1  55  41  48  -1  17   0 0.01    M    0 13.2 28  40   M    M   9 1      35  50
 2  60  38  49   0  16   0 0.00  0.0    0  6.3 16  50   M    M   1        21  50
 3  68  39  54   5  11   0 0.23    M    0 10.4 26 260   M    M   4 1      35 250
 4  50  37  44  -6  21   0 0.00  0.0    0 13.3 24 350   M    M   7 1      30 350
 5  59  37  48  -2  17   0 0.00  0.0    0  7.4 13 350   M    M   1        17 350
 6  79  44  62  12   3   0    T    M    0  7.6 18 290   M    M   1 8      30 280
 7  72  36  54   4  11   0 0.00  0.0    0 11.3 26  50   M    M   2        34  10
 8  65  37  51   0  14   0 0.00  0.0    0  7.4 22  70   M    M   0        24  80
 9  59  37  48  -3  17   0 0.00  0.0    0  8.5 17  60   M    M   1        22 120
10  52  45  49  -2  16   0 1.18    M    M  9.8 16 100   M    M  10 1      23  90
11  61  47  54   2  11   0 0.02    M    M  5.8 14 180   M    M   9 18     18 180
12  70  49  60   8   5   0 0.00  0.0    0  9.6 21 290   M    M   8 12     27 290
13  60  43  52   0  13   0 0.16    M    0 11.6 21 260   M    M   6        27 260
14  45  36  41 -12  24   0    T    M    0 11.8 23 300   M    M  10        29 300
15  55  31  43 -10  22   0 0.00  0.0    0 11.0 23 280   M    M   4        30 290
16  69  40  55   2  10   0 0.00  0.0    0 11.5 22  40   M    M   4        28  40
17  57  40  49  -5  16   0 0.00  0.0    0 10.8 21  50   M    M   2        27  40
18  60  37  49  -5  16   0 0.00  0.0    0  6.3 13  60   M    M   0        16 100
19  68  40  54   0  11   0 0.00  0.0    0  5.7 15 130   M    M   0        19 160
20  68  40  54  -1  11   0 0.00  0.0    0  3.1 12  90   M    M   0        15 110
21  74  43  59   4   6   0 0.00  0.0    0  5.4 15  70   M    M   0        17  70
22  73  47  60   5   5   0 0.00  0.0    0  6.0 14  50   M    M   0        15  50
23  76  47  62   6   3   0 0.00  0.0    0  8.1 22 180   M    M   0        28 170
24  82  49  66  10   0   1 0.03  0.0    0  6.1 20 200   M    M   2 13     23 190
25  64  52  58   2   7   0 0.34  0.0    0  9.4 21  50   M    M   3 138    25  40
26  83  55  69  12   0   4 0.05  0.0    0  7.8 24 230   M    M   4 1238   31 230
27  72  55  64   7   1   0 0.38    M    M  6.2 16 150   M    M   4 18     22 150
28  77  62  70  12   0   5 0.39    M    M 10.6 25 250   M    M   5 13     33 260
================================================================================
SM 1833 1204       304  10  2.79     0.0 242.0          M       97
================================================================================
AV 65.5 43.0                               8.6 FASTST   M    M   3    MAX(MPH)
                                 MISC ---->  # 28  40               # 35   50
================================================================================
NOTES:
# LAST OF SEVERAL OCCURRENCES

COLUMN 17 PEAK WIND IN M.P.H.

PRELIMINARY LOCAL CLIMATOLOGICAL DATA (WS FORM: F-6) , PAGE 2

                                          STATION:  SHEBOYGAN WI
                                          MONTH:    MAY
                                          YEAR:     2016
                                          LATITUDE:   43 46 N
                                          LONGITUDE:  87 51 W

[TEMPERATURE DATA]      [PRECIPITATION DATA]       SYMBOLS USED IN COLUMN 16

AVERAGE MONTHLY: 54.2   TOTAL FOR MONTH:   2.79    1 = FOG OR MIST
DPTR FM NORMAL:   1.3   DPTR FM NORMAL:   -0.03    2 = FOG REDUCING VISIBILITY
HIGHEST:    83 ON 26    GRTST 24HR  1.18 ON 10-10      TO 1/4 MILE OR LESS
LOWEST:     31 ON 15                               3 = THUNDER
                        SNOW, ICE PELLETS, HAIL    4 = ICE PELLETS
                        TOTAL MONTH:   0.0 INCH    5 = HAIL
                        GRTST 24HR     0.0         6 = FREEZING RAIN OR DRIZZLE
                        GRTST DEPTH:   0           7 = DUSTSTORM OR SANDSTORM:
                                                       VSBY 1/2 MILE OR LESS
                                                   8 = SMOKE OR HAZE
[NO. OF DAYS WITH]      [WEATHER - DAYS WITH]      9 = BLOWING SNOW
                                                   X = TORNADO
MAX 32 OR BELOW:   0    0.01 INCH OR MORE:  10
MAX 90 OR ABOVE:   0    0.10 INCH OR MORE:   6
MIN 32 OR BELOW:   1    0.50 INCH OR MORE:   1
MIN  0 OR BELOW:   0    1.00 INCH OR MORE:   1

[HDD (BASE 65) ]
TOTAL THIS MO.   304    CLEAR  (SCALE 0-3)  15
DPTR FM NORMAL   -41    PTCLDY (SCALE 4-7)   8
TOTAL FM JUL 1  6518    CLOUDY (SCALE 8-10)  5
DPTR FM NORMAL -1007

[CDD (BASE 65) ]
TOTAL THIS MO.    10
DPTR FM NORMAL     4    [PRESSURE DATA]
TOTAL FM JAN 1    10    HIGHEST SLP M ON M
DPTR FM NORMAL     4    LOWEST  SLP 29.63 ON M

[REMARKS]
