000
CXUS55 KLOX 211655
CF6SBP
PRELIMINARY LOCAL CLIMATOLOGICAL DATA (WS FORM: F-6)

                                          STATION:   SAN LUIS OBISPO AIRPORT CA
                                          MONTH:     JANUARY
                                          YEAR:      2018
                                          LATITUDE:   35 13 N
                                          LONGITUDE: 120 38 W

  TEMPERATURE IN F:       :PCPN:    SNOW:  WIND      :SUNSHINE: SKY     :PK WND
================================================================================
1   2   3   4   5  6A  6B    7    8   9   10  11  12  13   14  15   16   17  18
                                     12Z  AVG MX 2MIN
DY MAX MIN AVG DEP HDD CDD  WTR  SNW DPTH SPD SPD DIR MIN PSBL S-S WX    SPD DR
================================================================================

 1  72  38  55   4  10   0 0.00  0.0    0  1.7 10 310   M    M   2 1      27 210
 2  73  45  59   8   6   0 0.00  0.0    0  2.4 10 310   M    M   1        16 320
 3  70  42  56   4   9   0 0.03    M    0  1.9 14 220   M    M   6        18 210
 4  67  54  61   9   4   0 0.44  0.0    0  1.9 12 110   M    M  10 18     14 260
 5  72  56  64  12   1   0 0.00  0.0    0  4.6 16 320   M    M   6 128    24  30
 6  67  53  60   8   5   0    T  0.0    0  5.3 18 310   M    M   7 12     21 310
 7  72  50  61   9   4   0 0.00  0.0    0  3.3 17 310   M    M   4 12     22 320
 8  69  56  63  11   2   0 0.48  0.0    0  7.0 25 140   M    M   8 18     35 140
 9  64  53  59   7   6   0 1.36  0.0    0  8.7 29 140   M    M   9 18     37 140
10  65  48  57   5   8   0    T    M    0  8.2 20 310   M    M   4 1      25 330
11  75  46  61   9   4   0 0.00  0.0    0  5.5 16 330   M    M   0        20 330
12  77  50  64  12   1   0 0.00  0.0    0  7.5 17 320   M    M   0 8      24 320
13  82  44  63  11   2   0 0.00  0.0    0  2.6 10 330   M    M   0        22 330
14  81  45  63  11   2   0 0.00  0.0    0  1.8 15 310   M    M   1        17 310
15  71  45  58   6   7   0 0.00  0.0    0  3.3 17 310   M    M   1        23 310
16  67  50  59   7   6   0 0.00  0.0    0  5.9  M   M   M    M   4 1       M  M
17  72  46  59   7   6   0 0.00  0.0    0  5.3  M   M   M    M   5 12      M  M
18  68  46  57   5   8   0 0.01    M    0  5.2 20 320   M    M   6 12     23 320
19  61  46  54   2  11   0 0.01    M    0  8.8 20 290   M    M   5 1      24 280
20  60  43  52   0  13   0 0.00  0.0    0  8.3 18 290   M    M   0        25 330
================================================================================
SM 1405  956       115   0  2.33     0.0  99.2          M       79
================================================================================
AV 70.3 47.8                               5.0 FASTST   M    M   4    MAX(MPH)
                                 MISC ---->    29   M                 37    M
================================================================================
NOTES:
# LAST OF SEVERAL OCCURRENCES

COLUMN 17 PEAK WIND IN M.P.H.

PRELIMINARY LOCAL CLIMATOLOGICAL DATA (WS FORM: F-6) , PAGE 2

                                          STATION:  SAN LUIS OBISPO AIRPORT CA
                                          MONTH:    JANUARY
                                          YEAR:     2018
                                          LATITUDE:   35 13 N
                                          LONGITUDE: 120 38 W

[TEMPERATURE DATA]      [PRECIPITATION DATA]       SYMBOLS USED IN COLUMN 16

AVERAGE MONTHLY: 59.0   TOTAL FOR MONTH:   2.33    1 = FOG OR MIST
DPTR FM NORMAL:   7.1   DPTR FM NORMAL:   -0.59    2 = FOG REDUCING VISIBILITY
HIGHEST:    82 ON 13    GRTST 24HR  1.36 ON  9- 9      TO 1/4 MILE OR LESS
LOWEST:     38 ON  1                               3 = THUNDER
                        SNOW, ICE PELLETS, HAIL    4 = ICE PELLETS
                        TOTAL MONTH:   0.0 INCH    5 = HAIL
                        GRTST 24HR     0.0         6 = FREEZING RAIN OR DRIZZLE
                        GRTST DEPTH:   0           7 = DUSTSTORM OR SANDSTORM:
                                                       VSBY 1/2 MILE OR LESS
                                                   8 = SMOKE OR HAZE
[NO. OF DAYS WITH]      [WEATHER - DAYS WITH]      9 = BLOWING SNOW
                                                   X = TORNADO
MAX 32 OR BELOW:   0    0.01 INCH OR MORE:   6
MAX 90 OR ABOVE:   0    0.10 INCH OR MORE:   3
MIN 32 OR BELOW:   0    0.50 INCH OR MORE:   1
MIN  0 OR BELOW:   0    1.00 INCH OR MORE:   1

[HDD (BASE 65) ]
TOTAL THIS MO.   115    CLEAR  (SCALE 0-3)   8
DPTR FM NORMAL  -147    PTCLDY (SCALE 4-7)   9
TOTAL FM JUL 1   521    CLOUDY (SCALE 8-10)  3
DPTR FM NORMAL  -581

[CDD (BASE 65) ]
TOTAL THIS MO.     0
DPTR FM NORMAL     0    [PRESSURE DATA]
TOTAL FM JAN 1     0    HIGHEST SLP M ON M
DPTR FM NORMAL     0    LOWEST  SLP 29.55 ON  9

[REMARKS]
