000
CXUS51 KAKQ 281010
CF6SBY
PRELIMINARY LOCAL CLIMATOLOGICAL DATA (WS FORM: F-6)

                                          STATION:   SALISBURY MD
                                          MONTH:     MAY
                                          YEAR:      2017
                                          LATITUDE:   38 20 N
                                          LONGITUDE:  75 30 W

  TEMPERATURE IN F:       :PCPN:    SNOW:  WIND      :SUNSHINE: SKY     :PK WND
================================================================================
1   2   3   4   5  6A  6B    7    8   9   10  11  12  13   14  15   16   17  18
                                     12Z  AVG MX 2MIN
DY MAX MIN AVG DEP HDD CDD  WTR  SNW DPTH SPD SPD DIR MIN PSBL S-S WX    SPD DR
================================================================================

 1  84  68  76  18   0  11 0.00  0.0    0 16.3 29 200   M    M   2        38 190
 2  76  53  65   6   0   0 0.12  0.0    0 14.5 29 250   M    M   2 13     39 250
 3  70  46  58  -1   7   0 0.00  0.0    0  8.4 24 330   M    M   0        33 320
 4  65  44  55  -4  10   0    T  0.0    0 10.8 20 100   M    M   0        27 100
 5  70  58  64   5   1   0 1.61  0.0    0 12.4 28 220   M    M   9 1      39 230
 6  66  45  56  -4   9   0 0.04  0.0    0 11.4 23 220   M    M   5 1      32 210
 7  63  43  53  -7  12   0 0.02  0.0    0  8.5 21 320   M    M   4        33 310
 8  61  42  52  -8  13   0    T  0.0    0  9.1 28 320   M    M   2        35 320
 9  65  42  54  -6  11   0 0.00  0.0    0  4.8 16 290   M    M   1        21 280
10  73  43  58  -3   7   0 0.00  0.0    0  4.7 15  50   M    M   2        17  50
11  57  50  54  -7  11   0 0.40  0.0    0  6.9 15  90   M    M   9 1      20 100
12  58  50  54  -7  11   0 0.43  0.0    0  9.0 18 100   M    M  10 1      24  90
13  58  51  55  -7  10   0 0.70  0.0    0 12.0 20 310   M    M  10 1      24 320
14  78  46  62   0   3   0 0.00  0.0    0  9.7 22 330   M    M   3        33 290
15  72  51  62   0   3   0 0.00  0.0    0 10.2 23 340   M    M   1        33 320
16  78  45  62   0   3   0    T  0.0    0  3.9 13 240   M    M   0        17 240
17  91  54  73  10   0   8 0.00  0.0    0  6.6 14 210   M    M   0        20 230
18  88  69  79  16   0  14 0.00  0.0    0 11.7 20 250   M    M   0        25 240
19  90  69  80  17   0  15    T  0.0    0  9.3 22 220   M    M   0 3      31 200
20  71  50  61  -3   4   0 0.00  0.0    0 13.2 26  60   M    M   1        37  70
21  69  48  59  -5   6   0 0.00  0.0    0  9.0 18  90   M    M   5        24  80
22  71  60  66   2   0   1 0.47  0.0    0  4.5 10 190   M    M  10 12     14 200
23  66  56  61  -3   4   0 0.24  0.0    0  8.9 16  70   M    M   9 1      20  70
24  63  55  59  -6   6   0 0.35  0.0    0  9.7 16  90   M    M  10 1      21  80
25  78  55  67   2   0   2 0.37  0.0    0 10.9 29 210   M    M   7 13     38 220
26  77  57  67   2   0   2 0.00  0.0    0 11.7 25 270   M    M   5        34 270
27  80  57  69   3   0   4    T  0.0    0  4.4 13 160   M    M   6        18 140
================================================================================
SM 1938 1407       131  57  4.75     0.0 252.5          M      113
================================================================================
AV 71.8 52.1                               9.4 FASTST   M    M   4    MAX(MPH)
                                 MISC ---->  # 29 200               # 39  250
================================================================================
NOTES:
# LAST OF SEVERAL OCCURRENCES

COLUMN 17 PEAK WIND IN M.P.H.

PRELIMINARY LOCAL CLIMATOLOGICAL DATA (WS FORM: F-6) , PAGE 2

                                          STATION:  SALISBURY MD
                                          MONTH:    MAY
                                          YEAR:     2017
                                          LATITUDE:   38 20 N
                                          LONGITUDE:  75 30 W

[TEMPERATURE DATA]      [PRECIPITATION DATA]       SYMBOLS USED IN COLUMN 16

AVERAGE MONTHLY: 61.9   TOTAL FOR MONTH:   4.75    1 = FOG OR MIST
DPTR FM NORMAL:   0.1   DPTR FM NORMAL:    1.64    2 = FOG REDUCING VISIBILITY
HIGHEST:    91 ON 17    GRTST 24HR  1.61 ON  5- 5      TO 1/4 MILE OR LESS
LOWEST:     42 ON  9, 8                            3 = THUNDER
                        SNOW, ICE PELLETS, HAIL    4 = ICE PELLETS
                        TOTAL MONTH:   0.0 INCH    5 = HAIL
                        GRTST 24HR     0.0         6 = FREEZING RAIN OR DRIZZLE
                        GRTST DEPTH:   0           7 = DUSTSTORM OR SANDSTORM:
                                                       VSBY 1/2 MILE OR LESS
                                                   8 = SMOKE OR HAZE
[NO. OF DAYS WITH]      [WEATHER - DAYS WITH]      9 = BLOWING SNOW
                                                   X = TORNADO
MAX 32 OR BELOW:   0    0.01 INCH OR MORE:  11
MAX 90 OR ABOVE:   2    0.10 INCH OR MORE:   9
MIN 32 OR BELOW:   0    0.50 INCH OR MORE:   2
MIN  0 OR BELOW:   0    1.00 INCH OR MORE:   1

[HDD (BASE 65) ]
TOTAL THIS MO.   131    CLEAR  (SCALE 0-3)  14
DPTR FM NORMAL    -2    PTCLDY (SCALE 4-7)   6
TOTAL FM JUL 1  3686    CLOUDY (SCALE 8-10)  7
DPTR FM NORMAL  -727

[CDD (BASE 65) ]
TOTAL THIS MO.    57
DPTR FM NORMAL     6    [PRESSURE DATA]
TOTAL FM JAN 1   127    HIGHEST SLP M ON M
DPTR FM NORMAL    59    LOWEST  SLP 29.43 ON  5

[REMARKS]
