000
CXUS56 KSTO 301355
CF6SCK
PRELIMINARY LOCAL CLIMATOLOGICAL DATA (WS FORM: F-6)

                                          STATION:   STOCKTON AIRPORT CA
                                          MONTH:     MARCH
                                          YEAR:      2015
                                          LATITUDE:   37 54 N
                                          LONGITUDE: 121 15 W

  TEMPERATURE IN F:       :PCPN:    SNOW:  WIND      :SUNSHINE: SKY     :PK WND
================================================================================
1   2   3   4   5  6A  6B    7    8   9   10  11  12  13   14  15   16   17  18
                                     12Z  AVG MX 2MIN
DY MAX MIN AVG DEP HDD CDD  WTR  SNW DPTH SPD SPD DIR MIN PSBL S-S WX    SPD DR
================================================================================

 1  65  34  50  -3  15   0 0.00  0.0    0  4.4 13 300   M    M   1 12     15 300
 2  64  42  53   0  12   0 0.01    M    0  5.0 14 140   M    M   3        20 270
 3  66  34  50  -3  15   0 0.00  0.0    0  6.8 17 290   M    M   0        26 230
 4  67  37  52  -1  13   0 0.00  0.0    0  2.8  8 270   M    M   0        16 260
 5  71  35  53   0  12   0 0.00  0.0    0  2.3  9 300   M    M   0        10 290
 6  73  39  56   2   9   0 0.00  0.0    0  3.9 12 290   M    M   0        14 300
 7  76  41  59   5   6   0 0.00  0.0    0  2.0 21 330   M    M   0        25 330
 8  76  42  59   5   6   0 0.00  0.0    0  4.0 10 280   M    M   0        26 270
 9  78  42  60   6   5   0 0.00  0.0    0  1.5  8 280   M    M   0 1      10 270
10  77  46  62   8   3   0 0.00  0.0    0  5.0 14 180   M    M   0 18     17 180
11  70  52  61   7   4   0 0.13  0.0    0  7.4 18 300   M    M   7 1      21 300
12  76  48  62   8   3   0 0.00  0.0    0  8.6 17 310   M    M   0 1      26 300
13  79  49  64  10   1   0 0.00  0.0    0  3.9  8 130   M    M   0        12 150
14  84  53  69  15   0   4 0.00  0.0    0  4.1 15 140   M    M   0        18 150
15  82  55  69  15   0   4 0.00  0.0    0  7.7 20 330   M    M   0        23 310
16  75  51  63   8   2   0 0.00  0.0    0  7.3 16 320   M    M   0        43 330
17  75  54  65  10   0   0 0.00  0.0    0  8.8 16 290   M    M   0        21 270
18  78  46  62   7   3   0 0.00  0.0    0  7.2 18 340   M    M   0        23 340
19  81   M   M   M   M   M 0.00  0.0    0  3.5  9 280   M    M   0         M  M
20  78  46  62   7   3   0 0.00  0.0    0  4.4 16 300   M    M   0        21 290
21  78  46  62   7   3   0 0.00  0.0    0  5.1 13 310   M    M   0        30 330
22  73  55  64   9   1   0 0.02  0.0    0  8.0 22 260   M    M   3        38 320
23  70  50  60   5   5   0 0.01  0.0    0  7.1 16 300   M    M   4 18     20 300
24  71  53  62   7   3   0 0.00  0.0    0 11.5 21 300   M    M   1        28 310
25  79  50  65  10   0   0 0.00  0.0    0  6.7 13 310   M    M   0        18 300
26  85  48  67  11   0   2 0.00  0.0    0  2.5 12 290   M    M   0        33 280
27  86  51  69  13   0   4 0.00  0.0    0  6.3 18 310   M    M   0 18     21 310
28  84  48  66  10   0   1 0.00  0.0    0  9.3 20 310   M    M   0        24 310
29  86  46  66  10   0   1 0.00  0.0    0  5.6 16 290   M    M   0        22 300
================================================================================
SM 2203 1293       124  16  0.17     0.0 162.7          M       19
================================================================================
AV 76.0 46.2                               5.6 FASTST   M    M   1    MAX(MPH)
                                 MISC ---->  # 22 260               # 43  330
================================================================================
NOTES:
# LAST OF SEVERAL OCCURRENCES

COLUMN 17 PEAK WIND IN M.P.H.

PRELIMINARY LOCAL CLIMATOLOGICAL DATA (WS FORM: F-6) , PAGE 2

                                          STATION:  STOCKTON AIRPORT CA
                                          MONTH:    MARCH
                                          YEAR:     2015
                                          LATITUDE:   37 54 N
                                          LONGITUDE: 121 15 W

[TEMPERATURE DATA]      [PRECIPITATION DATA]       SYMBOLS USED IN COLUMN 16

AVERAGE MONTHLY: 61.1   TOTAL FOR MONTH:   0.17    1 = FOG OR MIST
DPTR FM NORMAL:   6.6   DPTR FM NORMAL:   -1.88    2 = FOG REDUCING VISIBILITY
HIGHEST:    86 ON 29,27 GRTST 24HR  0.13 ON 11-11      TO 1/4 MILE OR LESS
LOWEST:     34 ON  3, 1                            3 = THUNDER
                        SNOW, ICE PELLETS, HAIL    4 = ICE PELLETS
                        TOTAL MONTH:   0.0 INCH    5 = HAIL
                        GRTST 24HR     0.0         6 = FREEZING RAIN OR DRIZZLE
                        GRTST DEPTH:   0           7 = DUSTSTORM OR SANDSTORM:
                                                       VSBY 1/2 MILE OR LESS
                                                   8 = SMOKE OR HAZE
[NO. OF DAYS WITH]      [WEATHER - DAYS WITH]      9 = BLOWING SNOW
                                                   X = TORNADO
MAX 32 OR BELOW:   0    0.01 INCH OR MORE:   4
MAX 90 OR ABOVE:   0    0.10 INCH OR MORE:   1
MIN 32 OR BELOW:   0    0.50 INCH OR MORE:   0
MIN  0 OR BELOW:   0    1.00 INCH OR MORE:   0

[HDD (BASE 65) ]
TOTAL THIS MO.   124    CLEAR  (SCALE 0-3)  26
DPTR FM NORMAL  -182    PTCLDY (SCALE 4-7)   3
TOTAL FM JUL 1  1563    CLOUDY (SCALE 8-10)  0
DPTR FM NORMAL  -805

[CDD (BASE 65) ]
TOTAL THIS MO.    16
DPTR FM NORMAL    16    [PRESSURE DATA]
TOTAL FM JAN 1    16    HIGHEST SLP M ON M
DPTR FM NORMAL    16    LOWEST  SLP 30.11 ON  2

[REMARKS]
