000
CXUS56 KSTO 301355
CF6SCK
PRELIMINARY LOCAL CLIMATOLOGICAL DATA (WS FORM: F-6)

                                          STATION:   STOCKTON AIRPORT CA
                                          MONTH:     AUGUST
                                          YEAR:      2015
                                          LATITUDE:   37 54 N
                                          LONGITUDE: 121 15 W

  TEMPERATURE IN F:       :PCPN:    SNOW:  WIND      :SUNSHINE: SKY     :PK WND
================================================================================
1   2   3   4   5  6A  6B    7    8   9   10  11  12  13   14  15   16   17  18
                                     12Z  AVG MX 2MIN
DY MAX MIN AVG DEP HDD CDD  WTR  SNW DPTH SPD SPD DIR MIN PSBL S-S WX    SPD DR
================================================================================

 1  94  63  79   2   0  14 0.00  0.0    0  8.7 20 270   M    M   0        26 290
 2  92  60  76  -1   0  11 0.00  0.0    0  9.2 20 240   M    M   0        40 300
 3  90  61  76  -1   0  11 0.00  0.0    0 11.0 21 280   M    M   0        25 270
 4  82  60  71  -5   0   6 0.00  0.0    0  9.9 17 290   M    M   0        22 260
 5  91  56  74  -2   0   9 0.00  0.0    0  5.0 15 300   M    M   0        18 300
 6  87  60  74  -2   0   9    T  0.0    0  3.8 10 360   M    M   0 3      12 360
 7  91  62  77   1   0  12 0.01  0.0    0  8.5 22 280   M    M   0 3      30 270
 8  90  58  74  -2   0   9 0.00  0.0    0  8.5 21 280   M    M   0        24 270
 9  94  59  77   1   0  12 0.00  0.0    0  8.0 20 260   M    M   0        24 300
10  92  62  77   1   0  12 0.00  0.0    0 12.3 24 260   M    M   0        30 260
11  91  62  77   1   0  12 0.00  0.0    0  9.3 18 300   M    M   0        22 290
12  91  60  76   0   0  11 0.00  0.0    0  6.9 16 310   M    M   0        20 310
13  91  60  76   0   0  11 0.00  0.0    0  8.3 30  70   M    M   0        35  80
14  92  62  77   1   0  12 0.00  0.0    0  9.2 15 280   M    M   0        22  20
15 100  58  79   3   0  14 0.00  0.0    0  5.7 13 300   M    M   0 8      17 310
16 104  64  84   8   0  19 0.00  0.0    0  3.4 13 320   M    M   0 8      16 320
17 105  65  85   9   0  20 0.00  0.0    0  6.2 16 310   M    M   0 8      20 300
18  98  61  80   4   0  15 0.00  0.0    0  7.3 14 320   M    M   0 8      32  10
19  91  58  75  -1   0  10 0.00  0.0    0  7.3 14 320   M    M   0 18     18 300
20  89  58  74  -1   0   9 0.00  0.0    0  6.8 15 300   M    M   0        17 310
21  91  58  75   0   0  10 0.00  0.0    0  6.2 15 270   M    M   0 18     17 270
22  91  57  74  -1   0   9 0.00  0.0    0  7.0 16 290   M    M   0        20 290
23  91  60  76   1   0  11 0.00  0.0    0  8.5 15 320   M    M   0        25  10
24  94  59  77   2   0  12 0.00  0.0    0  7.2 16 310   M    M   0        18 310
25  97  58  78   3   0  13 0.00  0.0    0  7.1 15 300   M    M   0        17 300
26 101  61  81   6   0  16 0.00  0.0    0  7.2 17 310   M    M   0        22 310
27 103  63  83   8   0  18 0.00  0.0    0  6.9 24 300   M    M   0 8      29 290
28 103  64  84   9   0  19 0.00  0.0    0  5.7 20 300   M    M   0        23 300
29  87  62  75   0   0  10 0.00  0.0    0  8.7 20 290   M    M   0        24 300
================================================================================
SM 2713 1751         0 356  0.01     0.0 219.8          M        0
================================================================================
AV 93.6 60.4                               7.6 FASTST   M    M   0    MAX(MPH)
                                 MISC ---->  # 30  70               # 40  300
================================================================================
NOTES:
# LAST OF SEVERAL OCCURRENCES

COLUMN 17 PEAK WIND IN M.P.H.

PRELIMINARY LOCAL CLIMATOLOGICAL DATA (WS FORM: F-6) , PAGE 2

                                          STATION:  STOCKTON AIRPORT CA
                                          MONTH:    AUGUST
                                          YEAR:     2015
                                          LATITUDE:   37 54 N
                                          LONGITUDE: 121 15 W

[TEMPERATURE DATA]      [PRECIPITATION DATA]       SYMBOLS USED IN COLUMN 16

AVERAGE MONTHLY: 77.0   TOTAL FOR MONTH:   0.01    1 = FOG OR MIST
DPTR FM NORMAL:   1.2   DPTR FM NORMAL:    0.00    2 = FOG REDUCING VISIBILITY
HIGHEST:   105 ON 17    GRTST 24HR  0.01 ON  7- 7      TO 1/4 MILE OR LESS
LOWEST:     56 ON  5                               3 = THUNDER
                        SNOW, ICE PELLETS, HAIL    4 = ICE PELLETS
                        TOTAL MONTH:   0.0 INCH    5 = HAIL
                        GRTST 24HR     0.0         6 = FREEZING RAIN OR DRIZZLE
                        GRTST DEPTH:   0           7 = DUSTSTORM OR SANDSTORM:
                                                       VSBY 1/2 MILE OR LESS
                                                   8 = SMOKE OR HAZE
[NO. OF DAYS WITH]      [WEATHER - DAYS WITH]      9 = BLOWING SNOW
                                                   X = TORNADO
MAX 32 OR BELOW:   0    0.01 INCH OR MORE:   1
MAX 90 OR ABOVE:  25    0.10 INCH OR MORE:   0
MIN 32 OR BELOW:   0    0.50 INCH OR MORE:   0
MIN  0 OR BELOW:   0    1.00 INCH OR MORE:   0

[HDD (BASE 65) ]
TOTAL THIS MO.     0    CLEAR  (SCALE 0-3)  29
DPTR FM NORMAL     0    PTCLDY (SCALE 4-7)   0
TOTAL FM JUL 1     0    CLOUDY (SCALE 8-10)  0
DPTR FM NORMAL     0

[CDD (BASE 65) ]
TOTAL THIS MO.   356
DPTR FM NORMAL    43    [PRESSURE DATA]
TOTAL FM JAN 1  1198    HIGHEST SLP M ON M
DPTR FM NORMAL   173    LOWEST  SLP 29.73 ON 17

[REMARKS]
