000
CXUS55 KPSR 251005
CF6SDL
PRELIMINARY LOCAL CLIMATOLOGICAL DATA (WS FORM: F-6)

                                          STATION:   SCOTTSDALE AZ
                                          MONTH:     FEBRUARY
                                          YEAR:      2018
                                          LATITUDE:   33 37 N
                                          LONGITUDE: 111 55 W

  TEMPERATURE IN F:       :PCPN:    SNOW:  WIND      :SUNSHINE: SKY     :PK WND
================================================================================
1   2   3   4   5  6A  6B    7    8   9   10  11  12  13   14  15   16   17  18
                                     12Z  AVG MX 2MIN
DY MAX MIN AVG DEP HDD CDD  WTR  SNW DPTH SPD SPD DIR MIN PSBL S-S WX    SPD DR
================================================================================

 1  79  45  62   6   3   0 0.00  0.0    0  1.5  7 260   M    M   0 8      11 170
 2  78  47  63   7   2   0 0.00  0.0    0  1.5  7 250   M    M   0         9 230
 3  77  46  62   6   3   0 0.00  0.0    0  1.7  8 240   M    M   0        10 240
 4  78  49  64   8   1   0 0.00  0.0    0  1.6  8 210   M    M   0        10 230
 5  78  49  64   8   1   0 0.00  0.0    0  2.1  8 200   M    M   0        12 240
 6  77  49  63   7   2   0 0.00  0.0    0  4.4 15 240   M    M   0        21 240
 7  77  53  65   9   0   0 0.00  0.0    0  4.5 17  40   M    M   0        20  30
 8  84  47  66  10   0   1 0.00  0.0    0  1.6  9 120   M    M   0        14 170
 9  80  48  64   8   1   0 0.00  0.0    0  1.9  9 240   M    M   0        11 270
10  76  52  64   8   1   0 0.00  0.0    0  2.6 10 200   M    M   0        15 140
11  74  56  65   9   0   0 0.00  0.0    0  4.6 18  50   M    M   0        24  70
12  64  54  59   2   6   0    T  0.0    0  5.3 14 220   M    M   7        23 180
13  71  57  64   7   1   0    T  0.0    0  3.7 13 190   M    M   6        18 180
14  61  52  57   0   8   0 0.30  0.0    0  1.1 10  30   M    M   6 1      12  40
15  66  52  59   2   6   0 0.02  0.0    0  2.7  8 230   M    M   7 1      11 220
16  66  50  58   1   7   0 0.00  0.0    0  2.0  7 220   M    M   3         9 240
17  69  47  58   1   7   0 0.00  0.0    0  2.0  9 210   M    M   0        12 220
18  70  49  60   2   5   0    T    M    0  2.6 13 220   M    M   5        17 270
19  66  46  56  -2   9   0    T    M    0  8.4 24 240   M    M   8        33 270
20  58  36  47 -11  18   0 0.00  0.0    0  1.9 12 220   M    M   1        18 310
21  59  36  48 -10  17   0 0.00  0.0    0  2.8 12 250   M    M   1        15 250
22  59  36  48 -10  17   0 0.00  0.0    0  2.8 15 230   M    M   0        20 230
23  58  39  49  -9  16   0    T  0.0    0  5.4 18 230   M    M   5 8      26 260
24  58  35  47 -11  18   0 0.00  0.0    0  3.1 12 200   M    M   0        14 260
================================================================================
SM 1683 1130       149   1  0.32     0.0  71.8          M       49
================================================================================
AV 70.1 47.1                               3.0 FASTST   M    M   2    MAX(MPH)
                                 MISC ---->  # 24 240               # 33  270
================================================================================
NOTES:
# LAST OF SEVERAL OCCURRENCES

COLUMN 17 PEAK WIND IN M.P.H.

PRELIMINARY LOCAL CLIMATOLOGICAL DATA (WS FORM: F-6) , PAGE 2

                                          STATION:  SCOTTSDALE AZ
                                          MONTH:    FEBRUARY
                                          YEAR:     2018
                                          LATITUDE:   33 37 N
                                          LONGITUDE: 111 55 W

[TEMPERATURE DATA]      [PRECIPITATION DATA]       SYMBOLS USED IN COLUMN 16

AVERAGE MONTHLY: 58.6   TOTAL FOR MONTH:   0.32    1 = FOG OR MIST
DPTR FM NORMAL:   1.8   DPTR FM NORMAL:   -0.73    2 = FOG REDUCING VISIBILITY
HIGHEST:    84 ON  8    GRTST 24HR  0.30 ON 14-14      TO 1/4 MILE OR LESS
LOWEST:     35 ON 24                               3 = THUNDER
                        SNOW, ICE PELLETS, HAIL    4 = ICE PELLETS
                        TOTAL MONTH:   0.0 INCH    5 = HAIL
                        GRTST 24HR     0.0         6 = FREEZING RAIN OR DRIZZLE
                        GRTST DEPTH:   0           7 = DUSTSTORM OR SANDSTORM:
                                                       VSBY 1/2 MILE OR LESS
                                                   8 = SMOKE OR HAZE
[NO. OF DAYS WITH]      [WEATHER - DAYS WITH]      9 = BLOWING SNOW
                                                   X = TORNADO
MAX 32 OR BELOW:   0    0.01 INCH OR MORE:   2
MAX 90 OR ABOVE:   0    0.10 INCH OR MORE:   1
MIN 32 OR BELOW:   0    0.50 INCH OR MORE:   0
MIN  0 OR BELOW:   0    1.00 INCH OR MORE:   0

[HDD (BASE 65) ]
TOTAL THIS MO.   149    CLEAR  (SCALE 0-3)  17
DPTR FM NORMAL   -48    PTCLDY (SCALE 4-7)   7
TOTAL FM JUL 1   563    CLOUDY (SCALE 8-10)  0
DPTR FM NORMAL  -455

[CDD (BASE 65) ]
TOTAL THIS MO.     1
DPTR FM NORMAL     1    [PRESSURE DATA]
TOTAL FM JAN 1     3    HIGHEST SLP M ON M
DPTR FM NORMAL     1    LOWEST  SLP 29.62 ON 10

[REMARKS]
