000
CXUS56 KSGX 251445
CF6SDM
PRELIMINARY LOCAL CLIMATOLOGICAL DATA (WS FORM: F-6)

                                          STATION:   SAN DIEGO/BROWN
                                          MONTH:     MARCH
                                          YEAR:      2017
                                          LATITUDE:   32 34 N
                                          LONGITUDE: 116 59 W

  TEMPERATURE IN F:       :PCPN:    SNOW:  WIND      :SUNSHINE: SKY     :PK WND
================================================================================
1   2   3   4   5  6A  6B    7    8   9   10  11  12  13   14  15   16   17  18
                                     12Z  AVG MX 2MIN
DY MAX MIN AVG DEP HDD CDD  WTR  SNW DPTH SPD SPD DIR MIN PSBL S-S WX    SPD DR
================================================================================

 1  70  42  56   0   9   0 0.00  0.0    0  4.4 10 270   M    M   0        15 300
 2  77  42  60   4   5   0 0.00  0.0    0  2.9 10 270   M    M   0        14 320
 3  77  44  61   5   4   0 0.00  0.0    0  4.5 13 260   M    M   0 8      14 260
 4  70  44  57   1   8   0 0.00  0.0    0  3.8 15 210   M    M   1 18     18 230
 5  62  49  56   0   9   0 0.01  0.0    0  5.5 15 280   M    M   8 1      20 270
 6  61  42  52  -4  13   0 0.00  0.0    0  4.4 14 280   M    M   1        18 270
 7  72  40  56  -1   9   0 0.00  0.0    0  4.7 13 280   M    M   0 18     18 280
 8  79  47  63   6   2   0 0.00  0.0    0  4.5 10 270   M    M   0 18     14 270
 9  81  49  65   8   0   0 0.00  0.0    0  4.4 12 280   M    M   0 18     16 270
10  83  51  67  10   0   2 0.00  0.0    0  4.6 13 280   M    M   0 18     16 270
11  75  49  62   5   3   0 0.00  0.0    0  4.4 12 280   M    M   2 128    14 290
12  74  51  63   6   2   0 0.00  0.0    0  2.9 12 270   M    M   4 128    14 270
13  72  48  60   3   5   0 0.00  0.0    0  3.8 10 280   M    M   1 128    13 280
14  87  50  69  12   0   4 0.00  0.0    0  5.6 12 270   M    M   0 1      15 270
15  85  55  70  13   0   5 0.00  0.0    0  3.8 16 280   M    M   0 128    23 270
16  73  53  63   6   2   0 0.00  0.0    0  3.5 10 290   M    M   4 128    13 290
17  74  51  63   6   2   0 0.00  0.0    0  3.6 12 260   M    M   3 128    15 270
18  74  52  63   6   2   0 0.00  0.0    0  2.9 12 280   M    M   5 128    14 290
19  74  52  63   6   2   0 0.00  0.0    0  4.9 15 280   M    M   3 128    17 280
20  67  55  61   4   4   0 0.00  0.0    0  3.3 13 280   M    M   8 18     18 280
21  71  50  61   4   4   0 0.01  0.0    0  4.1 13 280   M    M   4 1      19 290
22  65  56  61   4   4   0 0.03  0.0    0  7.6 15 270   M    M   8 1      20 270
23  63  46  55  -2  10   0 0.04    M    0  7.3 14 270   M    M   4 1      21 290
24  69  43  56  -1   9   0 0.00  0.0    0  4.6 15 280   M    M   0 8      21 270
================================================================================
SM 1755 1161       108  11  0.09     0.0 106.0          M       56
================================================================================
AV 73.1 48.4                               4.4 FASTST   M    M   2    MAX(MPH)
                                 MISC ---->  # 16 280               # 23  270
================================================================================
NOTES:
# LAST OF SEVERAL OCCURRENCES

COLUMN 17 PEAK WIND IN M.P.H.

PRELIMINARY LOCAL CLIMATOLOGICAL DATA (WS FORM: F-6) , PAGE 2

                                          STATION:  SAN DIEGO/BROWN
                                          MONTH:    MARCH
                                          YEAR:     2017
                                          LATITUDE:   32 34 N
                                          LONGITUDE: 116 59 W

[TEMPERATURE DATA]      [PRECIPITATION DATA]       SYMBOLS USED IN COLUMN 16

AVERAGE MONTHLY: 60.8   TOTAL FOR MONTH:   0.09    1 = FOG OR MIST
DPTR FM NORMAL:   4.0   DPTR FM NORMAL:   -2.02    2 = FOG REDUCING VISIBILITY
HIGHEST:    87 ON 14    GRTST 24HR  0.04 ON 23-23      TO 1/4 MILE OR LESS
LOWEST:     40 ON  7                               3 = THUNDER
                        SNOW, ICE PELLETS, HAIL    4 = ICE PELLETS
                        TOTAL MONTH:   0.0 INCH    5 = HAIL
                        GRTST 24HR     0.0         6 = FREEZING RAIN OR DRIZZLE
                        GRTST DEPTH:   0           7 = DUSTSTORM OR SANDSTORM:
                                                       VSBY 1/2 MILE OR LESS
                                                   8 = SMOKE OR HAZE
[NO. OF DAYS WITH]      [WEATHER - DAYS WITH]      9 = BLOWING SNOW
                                                   X = TORNADO
MAX 32 OR BELOW:   0    0.01 INCH OR MORE:   4
MAX 90 OR ABOVE:   0    0.10 INCH OR MORE:   0
MIN 32 OR BELOW:   0    0.50 INCH OR MORE:   0
MIN  0 OR BELOW:   0    1.00 INCH OR MORE:   0

[HDD (BASE 65) ]
TOTAL THIS MO.   108    CLEAR  (SCALE 0-3)  15
DPTR FM NORMAL  -101    PTCLDY (SCALE 4-7)   8
TOTAL FM JUL 1   974    CLOUDY (SCALE 8-10)  1
DPTR FM NORMAL  -404

[CDD (BASE 65) ]
TOTAL THIS MO.    11
DPTR FM NORMAL    11    [PRESSURE DATA]
TOTAL FM JAN 1    13    HIGHEST SLP M ON M
DPTR FM NORMAL     7    LOWEST  SLP 29.93 ON  3

[REMARKS]
