000
CXUS54 KFWD 280730
CF6SEP
PRELIMINARY LOCAL CLIMATOLOGICAL DATA (WS FORM: F-6)

                                          STATION:   STEPHENVILLE
                                          MONTH:     NOVEMBER
                                          YEAR:      2014
                                          LATITUDE:   32 13 N
                                          LONGITUDE:  98 11 W

  TEMPERATURE IN F:       :PCPN:    SNOW:  WIND      :SUNSHINE: SKY     :PK WND
================================================================================
1   2   3   4   5  6A  6B    7    8   9   10  11  12  13   14  15   16   17  18
                                     12Z  AVG MX 2MIN
DY MAX MIN AVG DEP HDD CDD  WTR  SNW DPTH SPD SPD DIR MIN PSBL S-S WX    SPD DR
================================================================================

 1  64  37  51  -9  14   0 0.00  0.0    0  6.6 13 130   M    M   0        18 110
 2  70  46  58  -2   7   0 0.00  0.0    0 11.5 20 170   M    M   2        28 160
 3  72  57  65   6   0   0 0.00  0.0    0 12.0 18 180   M    M   9        29 180
 4  70  51  61   2   4   0 1.16  0.0    0  9.7 18  40   M    M  10        28  10
 5  55  50  53  -5  12   0 0.19  0.0    0  5.4 10 340   M    M   8         M  M
 6  71  46  59   1   6   0 0.03  0.0    0  4.7 13  40   M    M   0         M  M
 7  69  40  55  -3  10   0 0.00  0.0    0  3.2 10 210   M    M   0         M  M
 8  68  47  58   1   7   0 0.00  0.0    0  6.8 21 360   M    M   0        30 360
 9  74  38  56  -1   9   0 0.00  0.0    0  5.0 13 210   M    M   0        17 210
10  80  53  67  11   0   2 0.00  0.0    0 11.9 20 210   M    M   0        30 200
11  64  35  50  -6  15   0 0.00  0.0    0 14.3 24 340   M    M   3        30 340
12  40  29  35 -21  30   0 0.00  0.0    0 14.7 20 350   M    M   3        27 350
13  37  26  32 -23  33   0 0.00  0.0    0 11.9 18 350   M    M   6        25 350
14  39  25  32 -23  33   0 0.00  0.0    0  3.5  8 120   M    M   8         M  M
15  51  32  42 -12  23   0 0.00  0.0    0  9.4 14 160   M    M   8        20 160
16  46  27  37 -17  28   0    M    M    0 10.5 18 340   M    M  10        27 330
17  45  25  35 -19  30   0 0.00  0.0    M  8.1 17 320   M    M   1        23 330
18  56  23  40 -13  25   0 0.00  0.0    0  4.5 14 240   M    M   0        21 240
19  67  32  50  -3  15   0 0.00  0.0    0  5.3 13 230   M    M   0        20 230
20  72  40  56   4   9   0 0.00  0.0    0  5.7 16 220   M    M   0        22 220
21  76  57  67  15   0   2 0.13  0.0    0  7.9 16 150   M    M   9        18 140
22  66  55  61   9   4   0 0.81  0.0    0  9.6 15 130   M    M   9        27 130
23  76  47  62  11   3   0 0.19  0.0    0 11.2 22 340   M    M   2        31 300
24  58  37  48  -3  17   0 0.00  0.0    0  3.8 14 330   M    M   0        20 330
25  61  35  48  -2  17   0 0.00  0.0    0  4.3 12 280   M    M   0         M  M
26  64  39  52   2  13   0 0.00  0.0    0  6.3 13  10   M    M   0        16  10
27  60  36  48  -2  17   0 0.00  0.0    0  4.4  9  90   M    M   0         M  M
================================================================================
SM 1671 1065       381   4  2.51     0.0 212.2          M       88
================================================================================
AV 61.9 39.4                               7.9 FASTST   M    M   3    MAX(MPH)
                                 MISC ---->    24   M                 31    M
================================================================================
NOTES:
# LAST OF SEVERAL OCCURRENCES

COLUMN 17 PEAK WIND IN M.P.H.

PRELIMINARY LOCAL CLIMATOLOGICAL DATA (WS FORM: F-6) , PAGE 2

                                          STATION:  STEPHENVILLE
                                          MONTH:    NOVEMBER
                                          YEAR:     2014
                                          LATITUDE:   32 13 N
                                          LONGITUDE:  98 11 W

[TEMPERATURE DATA]      [PRECIPITATION DATA]       SYMBOLS USED IN COLUMN 16

AVERAGE MONTHLY: 50.7   TOTAL FOR MONTH:   2.51    1 = FOG OR MIST
DPTR FM NORMAL:  -4.1   DPTR FM NORMAL:    0.61    2 = FOG REDUCING VISIBILITY
HIGHEST:    80 ON 10    GRTST 24HR  1.16 ON  4- 4      TO 1/4 MILE OR LESS
LOWEST:     23 ON 18                               3 = THUNDER
                        SNOW, ICE PELLETS, HAIL    4 = ICE PELLETS
                        TOTAL MONTH:   0.0 INCH    5 = HAIL
                        GRTST 24HR     0.0         6 = FREEZING RAIN OR DRIZZLE
                        GRTST DEPTH:   0           7 = DUSTSTORM OR SANDSTORM:
                                                       VSBY 1/2 MILE OR LESS
                                                   8 = SMOKE OR HAZE
[NO. OF DAYS WITH]      [WEATHER - DAYS WITH]      9 = BLOWING SNOW
                                                   X = TORNADO
MAX 32 OR BELOW:   0    0.01 INCH OR MORE:   6
MAX 90 OR ABOVE:   0    0.10 INCH OR MORE:   5
MIN 32 OR BELOW:   8    0.50 INCH OR MORE:   2
MIN  0 OR BELOW:   0    1.00 INCH OR MORE:   1

[HDD (BASE 65) ]
TOTAL THIS MO.   381    CLEAR  (SCALE 0-3)  17
DPTR FM NORMAL    88    PTCLDY (SCALE 4-7)   4
TOTAL FM JUL 1   404    CLOUDY (SCALE 8-10)  6
DPTR FM NORMAL    -5

[CDD (BASE 65) ]
TOTAL THIS MO.     4
DPTR FM NORMAL    -8    [PRESSURE DATA]
TOTAL FM JAN 1  2486    HIGHEST SLP M ON M
DPTR FM NORMAL   249    LOWEST  SLP M ON M

[REMARKS]
