000
CXUS54 KFWD 190730
CF6SEP
PRELIMINARY LOCAL CLIMATOLOGICAL DATA (WS FORM: F-6)

                                          STATION:   STEPHENVILLE
                                          MONTH:     OCTOBER
                                          YEAR:      2017
                                          LATITUDE:   32 13 N
                                          LONGITUDE:  98 11 W

  TEMPERATURE IN F:       :PCPN:    SNOW:  WIND      :SUNSHINE: SKY     :PK WND
================================================================================
1   2   3   4   5  6A  6B    7    8   9   10  11  12  13   14  15   16   17  18
                                     12Z  AVG MX 2MIN
DY MAX MIN AVG DEP HDD CDD  WTR  SNW DPTH SPD SPD DIR MIN PSBL S-S WX    SPD DR
================================================================================

 1  86  60  73   3   0   8 0.00  0.0    0  2.0  9 180   M    M   0         M  M
 2  87  64  76   7   0  11 0.00  0.0    0  5.1 14 150   M    M   0        21 180
 3  87  71  79  10   0  14 0.46  0.0    0  6.0 12 130   M    M   8        18 130
 4  85  72  79  11   0  14 0.00  0.0    0  5.6 10 120   M    M   6         M  M
 5  87  65  76   8   0  11 0.00  0.0    0  2.2  7 230   M    M   2         M  M
 6  86  65  76   8   0  11 0.00  0.0    0  6.2 14 150   M    M   1        17 150
 7  85  58  72   4   0   7 0.00  0.0    0  6.3 14 320   M    M   2        18  10
 8  89  52  71   4   0   6 0.00  0.0    0  3.8 10 210   M    M   0         M  M
 9  92  64  78  11   0  13 0.00  0.0    0  8.7 21 350   M    M   3        24 340
10  68  52  60  -7   5   0 0.04  0.0    0 13.8 22 330   M    M   4        30 330
11  75  47  61  -5   4   0 0.00  0.0    0  2.5  7  70   M    M   0         M  M
12  87  56  72   6   0   7 0.00  0.0    0  4.3 13 160   M    M   0        16 160
13  89  64  77  11   0  12 0.00  0.0    0  6.1 12 160   M    M   0        18 210
14  90  67  79  14   0  14 0.00  0.0    0  6.4 14 160   M    M   0        22 160
15  74  53  64  -1   1   0 0.00  0.0    0 13.0 27 340   M    M   2        31 340
16  74  47  61  -4   4   0 0.00  0.0    0  5.3 12  30   M    M   0        17  30
17  77  41  59  -6   6   0 0.00  0.0    0  2.1  8 170   M    M   0         M  M
18  83  46  65   1   0   0 0.00  0.0    0  6.3 14 190   M    M   0        16 180
================================================================================
SM 1501 1044        20 128  0.50     0.0 105.7          M       28
================================================================================
AV 83.4 58.0                               5.9 FASTST   M    M   2    MAX(MPH)
                                 MISC ---->  # 27 340                 31    M
================================================================================
NOTES:
# LAST OF SEVERAL OCCURRENCES

COLUMN 17 PEAK WIND IN M.P.H.

PRELIMINARY LOCAL CLIMATOLOGICAL DATA (WS FORM: F-6) , PAGE 2

                                          STATION:  STEPHENVILLE
                                          MONTH:    OCTOBER
                                          YEAR:     2017
                                          LATITUDE:   32 13 N
                                          LONGITUDE:  98 11 W

[TEMPERATURE DATA]      [PRECIPITATION DATA]       SYMBOLS USED IN COLUMN 16

AVERAGE MONTHLY: 70.7   TOTAL FOR MONTH:   0.50    1 = FOG OR MIST
DPTR FM NORMAL:   3.9   DPTR FM NORMAL:   -1.19    2 = FOG REDUCING VISIBILITY
HIGHEST:    92 ON  9    GRTST 24HR  0.46 ON  3- 3      TO 1/4 MILE OR LESS
LOWEST:     41 ON 17                               3 = THUNDER
                        SNOW, ICE PELLETS, HAIL    4 = ICE PELLETS
                        TOTAL MONTH:   0.0 INCH    5 = HAIL
                        GRTST 24HR     0.0         6 = FREEZING RAIN OR DRIZZLE
                        GRTST DEPTH:   0           7 = DUSTSTORM OR SANDSTORM:
                                                       VSBY 1/2 MILE OR LESS
                                                   8 = SMOKE OR HAZE
[NO. OF DAYS WITH]      [WEATHER - DAYS WITH]      9 = BLOWING SNOW
                                                   X = TORNADO
MAX 32 OR BELOW:   0    0.01 INCH OR MORE:   2
MAX 90 OR ABOVE:   2    0.10 INCH OR MORE:   1
MIN 32 OR BELOW:   0    0.50 INCH OR MORE:   0
MIN  0 OR BELOW:   0    1.00 INCH OR MORE:   0

[HDD (BASE 65) ]
TOTAL THIS MO.    20    CLEAR  (SCALE 0-3)  15
DPTR FM NORMAL   -20    PTCLDY (SCALE 4-7)   3
TOTAL FM JUL 1    20    CLOUDY (SCALE 8-10)  0
DPTR FM NORMAL   -33

[CDD (BASE 65) ]
TOTAL THIS MO.   128
DPTR FM NORMAL    55    [PRESSURE DATA]
TOTAL FM JAN 1  2428    HIGHEST SLP M ON M
DPTR FM NORMAL   229    LOWEST  SLP M ON M

[REMARKS]
