000
CXUS53 KLSX 301600
CF6SET
PRELIMINARY LOCAL CLIMATOLOGICAL DATA (WS FORM: F-6)

                                          STATION:   ST_CHARLES MO
                                          MONTH:     SEPTEMBER
                                          YEAR:      2014
                                          LATITUDE:   38 55 N
                                          LONGITUDE:  90 26 W

  TEMPERATURE IN F:       :PCPN:    SNOW:  WIND      :SUNSHINE: SKY     :PK WND
================================================================================
1   2   3   4   5  6A  6B    7    8   9   10  11  12  13   14  15   16   17  18
                                     12Z  AVG MX 2MIN
DY MAX MIN AVG DEP HDD CDD  WTR  SNW DPTH SPD SPD DIR MIN PSBL S-S WX    SPD DR
================================================================================

 1  86  68  77   3   0  12 2.74  0.0    0  8.0 20 150   M    M   4 138    25 150
 2  82  66  74   1   0   9 0.97  0.0    0  3.4 12 310   M    M   4 13     18 320
 3  86  62  74   1   0   9 0.00  0.0    0  5.2 14 150   M    M   4 12     17 160
 4  96  69  83  10   0  18 0.00  0.0    0  6.5 18 160   M    M   1 1      23 160
 5  94  65  80   8   0  15 0.41  0.0    0  6.9 25 270   M    M   2 138    37 260
 6  74  59  67  -5   0   2 0.01  0.0    0  6.8 14 350   M    M   5        18 320
 7  77  54  66  -6   0   1 0.00  0.0    0  4.3 13  80   M    M   0 1      17  70
 8  81  54  68  -3   0   3 0.00  0.0    0  4.5 12 170   M    M   1 1      15 150
 9  86  63  75   4   0  10 1.16  0.0    0  7.1 36 360   M    M   6 13     45 360
10  86  66  76   6   0  11 1.16  0.0    0  9.0 21 200   M    M   8 138    28 210
11  66  54  60 -10   5   0    M  0.0    0 10.3 16  50   M    M  10 1      23  40
12  58  50  54 -16  11   0    M  0.0    0  9.2 18 360   M    M  10 1      23  10
13  64  43  54 -15  11   0 0.00  0.0    0  4.9 14  30   M    M   1 1      17  30
14  70  43  57 -12   8   0 0.00  0.0    0  1.9  9 350   M    M   3 12     12 350
15  75  52  64  -4   1   0 0.06  0.0    0  6.6 15 340   M    M   9 18     22 210
16  67  49  58 -10   7   0 0.00  0.0    0  3.7 12  20   M    M   7 1      13  30
17  63  46  55 -13  10   0 0.03  0.0    0  5.2 13 120   M    M   8 128    15 130
18  74  54  64  -3   1   0 0.00  0.0    0  5.4 15  70   M    M   6 12     23  60
19  78  50  64  -3   1   0 0.00  0.0    0  4.8 15 160   M    M   1 12     20 130
20  86  55  71   5   0   6 0.01  0.0    0  5.4 17 240   M    M   1 128    24 230
21  77  57  67   1   0   2 0.01  0.0    0 10.2 22 300   M    M   1 18     28 290
22  74  49  62  -3   3   0 0.00  0.0    0  4.1 12 360   M    M   0 18     16 360
23  74  46  60  -5   5   0 0.00  0.0    0  4.4 13 120   M    M   0 1      16 100
24  78  50  64   0   1   0 0.00  0.0    0  5.1 13 120   M    M   0        16 100
25  82  56  69   5   0   4 0.00  0.0    0  2.8 14 320   M    M   2 18     16 360
26  84  59  72   8   0   7 0.00  0.0    0  3.1 10 110   M    M   1 1      16  90
27  84  57  71   8   0   6 0.00  0.0    0  2.5 24  40   M    M   1 1      35 210
28  86  54  70   7   0   5 0.00  0.0    0  1.5  9  40   M    M   1 128    16  60
29  86  53  70   8   0   5 0.00  0.0    0  2.2 12 320   M    M   3 128    14 300
================================================================================
SM 2274 1603        64 125  6.56     0.0 155.0          M      100
================================================================================
AV 78.4 55.3                               5.3 FASTST   M    M   3    MAX(MPH)
                                 MISC ---->  # 36 360               # 45  360
================================================================================
NOTES:
# LAST OF SEVERAL OCCURRENCES

COLUMN 17 PEAK WIND IN M.P.H.

PRELIMINARY LOCAL CLIMATOLOGICAL DATA (WS FORM: F-6) , PAGE 2

                                          STATION:  ST_CHARLES MO
                                          MONTH:    SEPTEMBER
                                          YEAR:     2014
                                          LATITUDE:   38 55 N
                                          LONGITUDE:  90 26 W

[TEMPERATURE DATA]      [PRECIPITATION DATA]       SYMBOLS USED IN COLUMN 16

AVERAGE MONTHLY: 66.8   TOTAL FOR MONTH:   6.56    1 = FOG OR MIST
DPTR FM NORMAL:  -1.4   DPTR FM NORMAL:    3.46    2 = FOG REDUCING VISIBILITY
HIGHEST:    96 ON  4    GRTST 24HR  3.71 ON  1- 2      TO 1/4 MILE OR LESS
LOWEST:     43 ON 14,13                            3 = THUNDER
                        SNOW, ICE PELLETS, HAIL    4 = ICE PELLETS
                        TOTAL MONTH:   0.0 INCH    5 = HAIL
                        GRTST 24HR     0.0         6 = FREEZING RAIN OR DRIZZLE
                        GRTST DEPTH:   0           7 = DUSTSTORM OR SANDSTORM:
                                                       VSBY 1/2 MILE OR LESS
                                                   8 = SMOKE OR HAZE
[NO. OF DAYS WITH]      [WEATHER - DAYS WITH]      9 = BLOWING SNOW
                                                   X = TORNADO
MAX 32 OR BELOW:   0    0.01 INCH OR MORE:  10
MAX 90 OR ABOVE:   2    0.10 INCH OR MORE:   5
MIN 32 OR BELOW:   0    0.50 INCH OR MORE:   4
MIN  0 OR BELOW:   0    1.00 INCH OR MORE:   3

[HDD (BASE 65) ]
TOTAL THIS MO.    64    CLEAR  (SCALE 0-3)  17
DPTR FM NORMAL    22    PTCLDY (SCALE 4-7)   8
TOTAL FM JUL 1    64    CLOUDY (SCALE 8-10)  4
DPTR FM NORMAL    20

[CDD (BASE 65) ]
TOTAL THIS MO.   125
DPTR FM NORMAL   -13    [PRESSURE DATA]
TOTAL FM JAN 1  1236    HIGHEST SLP M ON M
DPTR FM NORMAL   -80    LOWEST  SLP 29.63 ON 10

[REMARKS]
