000
CXUS53 KLSX 301202
CF6SET
PRELIMINARY LOCAL CLIMATOLOGICAL DATA (WS FORM: F-6)

                                          STATION:   ST_CHARLES MO
                                          MONTH:     OCTOBER
                                          YEAR:      2014
                                          LATITUDE:   38 55 N
                                          LONGITUDE:  90 26 W

  TEMPERATURE IN F:       :PCPN:    SNOW:  WIND      :SUNSHINE: SKY     :PK WND
================================================================================
1   2   3   4   5  6A  6B    7    8   9   10  11  12  13   14  15   16   17  18
                                     12Z  AVG MX 2MIN
DY MAX MIN AVG DEP HDD CDD  WTR  SNW DPTH SPD SPD DIR MIN PSBL S-S WX    SPD DR
================================================================================

 1  88  59  74  12   0   9 0.98  0.0    0  9.0 18 150   M    M   3 138    24 150
 2  74  65  70   9   0   5 2.88  0.0    0  7.5 25 300   M    M   7 13     30 300
 3  65  45  55  -6  10   0 0.21  0.0    0 15.8 30 290   M    M   8 18     38 290
 4  55  39  47 -13  18   0 0.00  0.0    0 11.1 26 290   M    M   2        33 290
 5  73  38  56  -4   9   0 0.00  0.0    0  5.2 22 270   M    M   4        28 270
 6  72  50  61   1   4   0 0.01  0.0    0  7.7 26 260   M    M   3 138    33 260
 7  77  46  62   3   3   0 0.02  0.0    0  6.7 24 290   M    M   3 3      31 310
 8  75  43  59   0   6   0 0.00  0.0    0  2.4 12 320   M    M   0 128    13 300
 9  61  54  58  -1   7   0 0.73  0.0    0  7.7 14  80   M    M   9 138    17  80
10  57  50  54  -4  11   0 0.73  0.0    0  7.0 17  40   M    M  10 18     21  40
11  57  45  51  -7  14   0 0.00  0.0    0  6.5 14  40   M    M   0        18  40
12  61  48  55  -3  10   0 0.09  0.0    0  5.8 10 110   M    M  10 1      13 120
13  69  59  64   7   1   0 0.69  0.0    0 11.5 21 150   M    M   9 12     29 150
14  62  53  58   1   7   0 0.17  0.0    0 12.8 23 290   M    M  10 1      30 280
15  57  49  53  -4  12   0 0.00  0.0    0  7.5 17 300   M    M  10 1      22 300
16  72  44  58   2   7   0 0.00  0.0    0  4.4 12 190   M    M   0 18     17 200
17  68  50  59   3   6   0 0.00  0.0    0 10.9 23 300   M    M   2 8      29 310
18  62  43  53  -3  12   0 0.00  0.0    0  7.7 18 310   M    M   5        22 300
19  63  38  51  -4  14   0 0.00  0.0    0  4.0 14 180   M    M   4 12     16 180
20  72  45  59   4   6   0 0.00  0.0    0  6.9 18 310   M    M   1        23 320
21  67  39  53  -2  12   0 0.00  0.0    0  5.7 13  20   M    M   0 18     17  50
22  63  39  51  -3  14   0 0.00  0.0    0  4.5 10 100   M    M   0        15 160
23  64  39  52  -2  13   0 0.00  0.0    0  4.5 14 200   M    M   3 1      17 190
24  73  47  60   6   5   0 0.00  0.0    0  2.8 12 210   M    M   4 18     15 200
25  80  50  65  11   0   0 0.00  0.0    0  2.5 12 280   M    M   1 128    15 280
26  76  47  62   9   3   0 0.00  0.0    0  6.9 15 120   M    M   0 1      18 130
27  82  57  70  17   0   5    T  0.0    0 11.4 22 210   M    M   2 13     29 220
28  69  46  58   5   7   0 0.72  0.0    0  9.2 21 300   M    M   1 138    26 270
29  58  39  49  -3  16   0 0.00  0.0    0  6.3 17 310   M    M   0 1      25 300
================================================================================
SM 1972 1366       227  19  7.23     0.0 211.9          M      111
================================================================================
AV 68.0 47.1                               7.3 FASTST   M    M   4    MAX(MPH)
                                 MISC ---->  # 30 290               # 38  290
================================================================================
NOTES:
# LAST OF SEVERAL OCCURRENCES

COLUMN 17 PEAK WIND IN M.P.H.

PRELIMINARY LOCAL CLIMATOLOGICAL DATA (WS FORM: F-6) , PAGE 2

                                          STATION:  ST_CHARLES MO
                                          MONTH:    OCTOBER
                                          YEAR:     2014
                                          LATITUDE:   38 55 N
                                          LONGITUDE:  90 26 W

[TEMPERATURE DATA]      [PRECIPITATION DATA]       SYMBOLS USED IN COLUMN 16

AVERAGE MONTHLY: 57.6   TOTAL FOR MONTH:   7.23    1 = FOG OR MIST
DPTR FM NORMAL:   0.8   DPTR FM NORMAL:    4.04    2 = FOG REDUCING VISIBILITY
HIGHEST:    88 ON  1    GRTST 24HR  3.74 ON  1- 2      TO 1/4 MILE OR LESS
LOWEST:     38 ON 19, 5                            3 = THUNDER
                        SNOW, ICE PELLETS, HAIL    4 = ICE PELLETS
                        TOTAL MONTH:   0.0 INCH    5 = HAIL
                        GRTST 24HR     0.0         6 = FREEZING RAIN OR DRIZZLE
                        GRTST DEPTH:   0           7 = DUSTSTORM OR SANDSTORM:
                                                       VSBY 1/2 MILE OR LESS
                                                   8 = SMOKE OR HAZE
[NO. OF DAYS WITH]      [WEATHER - DAYS WITH]      9 = BLOWING SNOW
                                                   X = TORNADO
MAX 32 OR BELOW:   0    0.01 INCH OR MORE:  11
MAX 90 OR ABOVE:   0    0.10 INCH OR MORE:   8
MIN 32 OR BELOW:   0    0.50 INCH OR MORE:   6
MIN  0 OR BELOW:   0    1.00 INCH OR MORE:   1

[HDD (BASE 65) ]
TOTAL THIS MO.   227    CLEAR  (SCALE 0-3)  15
DPTR FM NORMAL   -36    PTCLDY (SCALE 4-7)   8
TOTAL FM JUL 1   291    CLOUDY (SCALE 8-10)  6
DPTR FM NORMAL   -24

[CDD (BASE 65) ]
TOTAL THIS MO.    19
DPTR FM NORMAL    -3    [PRESSURE DATA]
TOTAL FM JAN 1  1259    HIGHEST SLP M ON M
DPTR FM NORMAL   -82    LOWEST  SLP 29.42 ON 14

[REMARKS]
