000
CXUS55 KSEW 200945
CF6SEW

PRELIMINARY LOCAL CLIMATOLOGICAL DATA (WS FORM: F-6)

                                          STATION:   SEATTLE WA WFO
                                          MONTH:     OCTOBER
                                          YEAR:      2014
                                          LATITUDE:   47 41 N
                                          LONGITUDE: 122 15 W

  TEMPERATURE IN F:       :PCPN:    SNOW:  WIND      :SUNSHINE: SKY     :PK WND
================================================================================
1   2   3   4   5  6A  6B    7    8   9   10  11  12  13   14  15   16   17  18
                                     12Z  AVG MX 2MIN
DY MAX MIN AVG DEP HDD CDD  WTR  SNW DPTH SPD SPD DIR MIN PSBL S-S WX    SPD DR
================================================================================

 1  67  51  59   1   6   0 0.00  0.0    0   M   M   M   M    M   M         M  M
 2  69  52  61   4   4   0 0.00  0.0    0   M   M   M   M    M   M         M  M
 3  72  49  61   4   4   0 0.00  0.0    0   M   M   M   M    M   M         M  M
 4  73  54  64   7   1   0    T  0.0    0   M   M   M   M    M   M         M  M
 5  75  52  64   8   1   0 0.00  0.0    0   M   M   M   M    M   M         M  M
 6  78  56  67  11   0   2 0.00  0.0    0   M   M   M   M    M   M         M  M
 7  69  58  64   8   1   0 0.00  0.0    0   M   M   M   M    M   M 1       M  M
 8  69  56  63   8   2   0 0.00  0.0    0   M   M   M   M    M   M         M  M
 9  68  53  61   6   4   0 0.00  0.0    0   M   M   M   M    M   M 1       M  M
10  66  52  59   4   6   0 0.01  0.0    0   M   M   M   M    M   M 1       M  M
11  67  52  60   5   5   0 0.21  0.0    0   M   M   M   M    M   M 3       M  M
12  65  55  60   6   5   0    T  0.0    M   M   M   M   M    M   M         M  M
13  69  52  61   7   4   0 0.29  0.0    0   M   M   M   M    M   M         M  M
14  63  53  58   4   7   0 0.30  0.0    0   M   M   M   M    M   M         M  M
15  60  54  57   4   8   0 0.41  0.0    0   M   M   M   M    M   M 1       M  M
16  70  53  62   9   3   0    T  0.0    0   M   M   M   M    M   M         M  M
17  62  55  59   6   6   0 0.12  0.0    0   M   M   M   M    M   M 1       M  M
18  65  57  61   8   4   0 0.10  0.0    0   M   M   M   M    M   M         M  M
19  73  55  64  12   1   0 0.00  0.0    0   M   M   M   M    M   M         M  M
================================================================================
SM 1300 1019        72   2  1.44     0.0     M          M        M
================================================================================
AV 68.4 53.6                                 M FASTST   M    M   7    MAX(MPH)
                                 MISC ---->     M   M                  M    M
================================================================================
NOTES:
# LAST OF SEVERAL OCCURRENCES

COLUMN 17 PEAK WIND IN M.P.H.

PRELIMINARY LOCAL CLIMATOLOGICAL DATA (WS FORM: F-6) , PAGE 2

                                          STATION:  SEATTLE WA WFO
                                          MONTH:    OCTOBER
                                          YEAR:     2014
                                          LATITUDE:   47 41 N
                                          LONGITUDE: 122 15 W

[TEMPERATURE DATA]      [PRECIPITATION DATA]       SYMBOLS USED IN COLUMN 16

AVERAGE MONTHLY: 61.0   TOTAL FOR MONTH:   1.44    1 = FOG OR MIST
DPTR FM NORMAL:   6.1   DPTR FM NORMAL:   -0.26    2 = FOG REDUCING VISIBILITY
HIGHEST:    78 ON  6    GRTST 24HR  0.41 ON 15-15      TO 1/4 MILE OR LESS
LOWEST:     49 ON  3                               3 = THUNDER
                        SNOW, ICE PELLETS, HAIL    4 = ICE PELLETS
                        TOTAL MONTH:   0.0 INCH    5 = HAIL
                        GRTST 24HR     0.0         6 = FREEZING RAIN OR DRIZZLE
                        GRTST DEPTH:   0           7 = DUSTSTORM OR SANDSTORM:
                                                       VSBY 1/2 MILE OR LESS
                                                   8 = SMOKE OR HAZE
[NO. OF DAYS WITH]      [WEATHER - DAYS WITH]      9 = BLOWING SNOW
                                                   X = TORNADO
MAX 32 OR BELOW:   0    0.01 INCH OR MORE:   7
MAX 90 OR ABOVE:   0    0.10 INCH OR MORE:   6
MIN 32 OR BELOW:   0    0.50 INCH OR MORE:   0
MIN  0 OR BELOW:   0    1.00 INCH OR MORE:   0

[HDD (BASE 65) ]
TOTAL THIS MO.    72    CLEAR  (SCALE 0-3)   0
DPTR FM NORMAL  -121    PTCLDY (SCALE 4-7)   0
TOTAL FM JUL 1   132    CLOUDY (SCALE 8-10)  0
DPTR FM NORMAL  -246

[CDD (BASE 65) ]
TOTAL THIS MO.     2
DPTR FM NORMAL     2    [PRESSURE DATA]
TOTAL FM JAN 1   366    HIGHEST SLP M ON M
DPTR FM NORMAL   190    LOWEST  SLP M ON M

[REMARKS]
