000
CXUS56 KOTX 200900
CF6SFF
PRELIMINARY LOCAL CLIMATOLOGICAL DATA (WS FORM: F-6)

                                          STATION:   SPOKANE WA FELTS AIRPORT
                                          MONTH:     NOVEMBER
                                          YEAR:      2017
                                          LATITUDE:   47 40 N
                                          LONGITUDE: 117 20 W

  TEMPERATURE IN F:       :PCPN:    SNOW:  WIND      :SUNSHINE: SKY     :PK WND
================================================================================
1   2   3   4   5  6A  6B    7    8   9   10  11  12  13   14  15   16   17  18
                                     12Z  AVG MX 2MIN
DY MAX MIN AVG DEP HDD CDD  WTR  SNW DPTH SPD SPD DIR MIN PSBL S-S WX    SPD DR
================================================================================

 1  53  38  46   4  19   0 0.06    M    M  3.5  9  90   M    M   8 18     14 290
 2  50  36  43   1  22   0 0.18    M    M  7.4 17  90   M    M  10 1      24  90
 3  37  28  33  -8  32   0 0.19    M    M  3.7 10  90   M    M   9 128    13  80
 4  37  27  32  -9  33   0 0.12    M    M  2.2  9 230   M    M  10 1      12 220
 5  35  31  33  -8  32   0 0.29    M    M  4.4  9 100   M    M  10 1      11  90
 6  36  24  30 -10  35   0 0.01    M    M  2.0  8 100   M    M   7 1       9 100
 7  35  19  27 -13  38   0 0.00    M    M  1.0 13 100   M    M   1 1      16  90
 8  38  28  33  -7  32   0 0.00    M    M  1.5 16 100   M    M   8 1      19 100
 9  43  36  40   1  25   0 0.25    M    M  4.5 13 230   M    M  10 1      19 100
10  41  33  37  -2  28   0 0.08    M    M  0.0  0   0   M    M  10         0   0
11  46  39  43   4  22   0 0.00    M    M  1.9 12  80   M    M  10 1      14  70
12  51  35  43   5  22   0 0.00    M    M  2.1 12 100   M    M   5 1      14 100
13  51  34  43   5  22   0 0.12    M    M  9.8 23 230   M    M   7 1      30 250
14  49   M   M   M   M   M    T    M    M  8.8 21 220   M    M   6        28 220
15  51  35  43   6  22   0 0.09    M    M  3.9 20 220   M    M   7 1      27 220
16  45  35  40   3  25   0 0.16    M    M  7.3 17 230   M    M   9 1      21 250
17  46  36  41   4  24   0 0.00    M    M  9.4 22 230   M    M   7        30 230
18  46  31  39   3  26   0 0.00    M    M  3.0 14 210   M    M   5        19 210
19  48  28  38   2  27   0 0.02    M    M  5.2 20 230   M    M   2        26 240
================================================================================
SM  838  573       486   0  1.57    M     81.6          M      141
================================================================================
AV 44.1 31.8                               4.3 FASTST   M    M   7    MAX(MPH)
                                 MISC ---->  # 23 230               # 30  250
================================================================================
NOTES:
# LAST OF SEVERAL OCCURRENCES

COLUMN 17 PEAK WIND IN M.P.H.

PRELIMINARY LOCAL CLIMATOLOGICAL DATA (WS FORM: F-6) , PAGE 2

                                          STATION:  SPOKANE WA FELTS AIRPORT
                                          MONTH:    NOVEMBER
                                          YEAR:     2017
                                          LATITUDE:   47 40 N
                                          LONGITUDE: 117 20 W

[TEMPERATURE DATA]      [PRECIPITATION DATA]       SYMBOLS USED IN COLUMN 16

AVERAGE MONTHLY: 38.0   TOTAL FOR MONTH:   1.57    1 = FOG OR MIST
DPTR FM NORMAL:  -1.0   DPTR FM NORMAL:    0.21    2 = FOG REDUCING VISIBILITY
HIGHEST:    53 ON  1    GRTST 24HR  0.29 ON  5- 5      TO 1/4 MILE OR LESS
LOWEST:     19 ON  7                               3 = THUNDER
                        SNOW, ICE PELLETS, HAIL    4 = ICE PELLETS
                        TOTAL MONTH:    M          5 = HAIL
                        GRTST 24HR    M  ON   M    6 = FREEZING RAIN OR DRIZZLE
                        GRTST DEPTH:  M  ON   M    7 = DUSTSTORM OR SANDSTORM:
                                                       VSBY 1/2 MILE OR LESS
                                                   8 = SMOKE OR HAZE
[NO. OF DAYS WITH]      [WEATHER - DAYS WITH]      9 = BLOWING SNOW
                                                   X = TORNADO
MAX 32 OR BELOW:   0    0.01 INCH OR MORE:  12
MAX 90 OR ABOVE:   0    0.10 INCH OR MORE:   7
MIN 32 OR BELOW:   8    0.50 INCH OR MORE:   0
MIN  0 OR BELOW:   0    1.00 INCH OR MORE:   0

[HDD (BASE 65) ]
TOTAL THIS MO.   486    CLEAR  (SCALE 0-3)   2
DPTR FM NORMAL    -8    PTCLDY (SCALE 4-7)   8
TOTAL FM JUL 1  1157    CLOUDY (SCALE 8-10)  9
DPTR FM NORMAL   -74

[CDD (BASE 65) ]
TOTAL THIS MO.     0
DPTR FM NORMAL     0    [PRESSURE DATA]
TOTAL FM JAN 1   753    HIGHEST SLP M ON M
DPTR FM NORMAL   347    LOWEST  SLP 29.45 ON 16

[REMARKS]
