000
CXUS56 KOTX 230900
CF6SFF
PRELIMINARY LOCAL CLIMATOLOGICAL DATA (WS FORM: F-6)

                                          STATION:   SPOKANE WA FELTS AIRPORT
                                          MONTH:     SEPTEMBER
                                          YEAR:      2017
                                          LATITUDE:   47 40 N
                                          LONGITUDE: 117 20 W

  TEMPERATURE IN F:       :PCPN:    SNOW:  WIND      :SUNSHINE: SKY     :PK WND
================================================================================
1   2   3   4   5  6A  6B    7    8   9   10  11  12  13   14  15   16   17  18
                                     12Z  AVG MX 2MIN
DY MAX MIN AVG DEP HDD CDD  WTR  SNW DPTH SPD SPD DIR MIN PSBL S-S WX    SPD DR
================================================================================

 1  91  55  73   7   0   8 0.00    M    M  4.6 12 240   M    M   0 8      16 240
 2  97  53  75  10   0  10 0.00    M    M  2.9 12 230   M    M   0        15 240
 3  95  56  76  11   0  11 0.00    M    M  2.2  8  70   M    M   3        10 290
 4  91  54  73   8   0   8 0.00    M    M  4.4 15 110   M    M   4 8      19 110
 5  85  56  71   7   0   6 0.00    M    M  0.9  6  70   M    M  10 8       7  70
 6  89  54  72   8   0   7 0.00    M    M  1.5  6  70   M    M  10 8       8 230
 7  86  54  70   6   0   5 0.00    M    M  1.9 10 230   M    M  10 8      12 230
 8  86  63  75  12   0  10 0.00    M    M  2.0 12 160   M    M   9 8      12 160
 9  81  60  71   8   0   6 0.00    M    M  7.4 20 240   M    M   2 8      24 230
10  79  55  67   4   0   2 0.00    M    M  4.0 13 220   M    M   1 8      16 240
11  87  48  68   6   0   3 0.00    M    M  2.2  8 240   M    M   0        11 260
12  90  49  70   8   0   5 0.00    M    M  3.8 18 220   M    M   2        23 230
13  77  51  64   2   1   0 0.00    M    M  3.3 15 230   M    M   0        19 240
14  70  48  59  -2   6   0 0.00    M    M  3.9 14  80   M    M   6 8      17  80
15  68  41  55  -6  10   0 0.00    M    M  4.3 17  70   M    M   3 8      21  80
16  69  37  53  -7  12   0 0.00    M    M  2.5  8 220   M    M   0 8      10 110
17  73  41  57  -3   8   0 0.01    M    M  6.1 21 220   M    M   4 18     29 230
18  63  48  56  -4   9   0 0.27    M    M  7.9 21 200   M    M   5 18     27 240
19  52  44  48 -11  17   0 0.55    M    M  6.1 16 350   M    M   9 13     26 330
20  52  44  48 -11  17   0 0.35    M    M  2.5 15 230   M    M   9 1      19 220
21  53  40  47 -12  18   0 0.11    M    M  1.6  8 220   M    M   7 1       9 210
22  62  36  49  -9  16   0 0.00    M    M  1.3  8 360   M    M   6 12     12  20
================================================================================
SM 1696 1087       114  81  1.29    M     77.3          M      100
================================================================================
AV 77.1 49.4                               3.5 FASTST   M    M   5    MAX(MPH)
                                 MISC ---->  # 21 220               # 29  230
================================================================================
NOTES:
# LAST OF SEVERAL OCCURRENCES

COLUMN 17 PEAK WIND IN M.P.H.

PRELIMINARY LOCAL CLIMATOLOGICAL DATA (WS FORM: F-6) , PAGE 2

                                          STATION:  SPOKANE WA FELTS AIRPORT
                                          MONTH:    SEPTEMBER
                                          YEAR:     2017
                                          LATITUDE:   47 40 N
                                          LONGITUDE: 117 20 W

[TEMPERATURE DATA]      [PRECIPITATION DATA]       SYMBOLS USED IN COLUMN 16

AVERAGE MONTHLY: 63.3   TOTAL FOR MONTH:   1.29    1 = FOG OR MIST
DPTR FM NORMAL:   1.2   DPTR FM NORMAL:    0.71    2 = FOG REDUCING VISIBILITY
HIGHEST:    97 ON  2    GRTST 24HR  0.55 ON 19-19      TO 1/4 MILE OR LESS
LOWEST:     36 ON 22                               3 = THUNDER
                        SNOW, ICE PELLETS, HAIL    4 = ICE PELLETS
                        TOTAL MONTH:    M          5 = HAIL
                        GRTST 24HR    M  ON   M    6 = FREEZING RAIN OR DRIZZLE
                        GRTST DEPTH:  M  ON   M    7 = DUSTSTORM OR SANDSTORM:
                                                       VSBY 1/2 MILE OR LESS
                                                   8 = SMOKE OR HAZE
[NO. OF DAYS WITH]      [WEATHER - DAYS WITH]      9 = BLOWING SNOW
                                                   X = TORNADO
MAX 32 OR BELOW:   0    0.01 INCH OR MORE:   5
MAX 90 OR ABOVE:   5    0.10 INCH OR MORE:   4
MIN 32 OR BELOW:   0    0.50 INCH OR MORE:   1
MIN  0 OR BELOW:   0    1.00 INCH OR MORE:   0

[HDD (BASE 65) ]
TOTAL THIS MO.   114    CLEAR  (SCALE 0-3)  10
DPTR FM NORMAL    20    PTCLDY (SCALE 4-7)   6
TOTAL FM JUL 1   114    CLOUDY (SCALE 8-10)  6
DPTR FM NORMAL   -26

[CDD (BASE 65) ]
TOTAL THIS MO.    81
DPTR FM NORMAL    52    [PRESSURE DATA]
TOTAL FM JAN 1   753    HIGHEST SLP M ON M
DPTR FM NORMAL   348    LOWEST  SLP 29.61 ON 20

[REMARKS]
