000
CXUS56 KOTX 270900
CF6SFF
PRELIMINARY LOCAL CLIMATOLOGICAL DATA (WS FORM: F-6)

                                          STATION:   SPOKANE WA FELTS AIRPORT
                                          MONTH:     DECEMBER
                                          YEAR:      2014
                                          LATITUDE:   47 40 N
                                          LONGITUDE: 117 20 W

  TEMPERATURE IN F:       :PCPN:    SNOW:  WIND      :SUNSHINE: SKY     :PK WND
================================================================================
1   2   3   4   5  6A  6B    7    8   9   10  11  12  13   14  15   16   17  18
                                     12Z  AVG MX 2MIN
DY MAX MIN AVG DEP HDD CDD  WTR  SNW DPTH SPD SPD DIR MIN PSBL S-S WX    SPD DR
================================================================================

 1  26  17  22 -10  43   0 0.00    M    M  1.4  8 250   M    M   8        11 250
 2  33  19  26  -6  39   0 0.00    M    M  2.1  9 340   M    M   5        11 340
 3  36  18  27  -5  38   0 0.00    M    M  1.2  9 100   M    M   1        12  90
 4  32  28  30  -1  35   0 0.08    M    M  0.8  6 100   M    M  10 8       7  90
 5  36  32  34   3  31   0 0.01    M    M  1.0  7  90   M    M  10 1       9 100
 6  40  33  37   6  28   0 0.25    M    M  1.4  9  60   M    M  10 1      11  60
 7  42  33  38   8  27   0 0.00    M    M  1.0  6  70   M    M  10 12      7  60
 8  51  31  41  11  24   0 0.00    M    M  1.5 10 100   M    M   6 128    14  90
 9  50  36  43  13  22   0 0.24    M    M  2.4  8  50   M    M   9 1      11 110
10  63  45  54  24  11   0 0.02    M    M  6.3 29 190   M    M   5        40 190
11  61  42  52  22  13   0 0.16    M    M  5.1 21 100   M    M   8 1      27 170
12  53  42  48  18  17   0 0.28    M    M  3.3 10 250   M    M  10 1      14 250
13  43  32  38   9  27   0 0.00    M    M  4.4 12 210   M    M  10 1      15 210
14  44  27  36   7  29   0 0.00    M    M  0.9  9 340   M    M   6 12     12 350
15  42  23  33   4  32   0 0.00    M    M  1.8 13  90   M    M   2 12     15  90
16  39  29  34   5  31   0 0.01    M    M  0.3  7  90   M    M   8 18      8  80
17  41  32  37   8  28   0    T    M    M  1.0  6  70   M    M   9         7 100
18  43  37  40  11  25   0 0.01    M    M  0.1  6  50   M    M  10 1       8  90
19  45  36  41  12  24   0 0.08    M    M  5.6 15 220   M    M  10 1      19 230
20  46  35  41  12  24   0 0.26    M    M  4.5 14 210   M    M   9 1      20 180
21  51  36  44  15  21   0    T    M    M  7.5 23 240   M    M   3        30 250
22  47  31  39  10  26   0 0.00    M    M  3.6 13 240   M    M   0 1      16 230
23  45  30  38   9  27   0    T    M    M  4.5 12  80   M    M   8 8      19 210
24  44  28  36   7  29   0 0.34    M    M  4.1 18 340   M    M   8 1      24 340
25  37  26  32   3  33   0 0.00    M    M  1.8  8 280   M    M   6 12      9 290
26  30  24  27  -2  38   0 0.00    M    M  2.3  8 230   M    M   9 12      9 230
================================================================================
SM 1120  802       722   0  1.74    M     69.9          M      190
================================================================================
AV 43.1 30.8                               2.7 FASTST   M    M   7    MAX(MPH)
                                 MISC ---->  # 29 190               # 40  190
================================================================================
NOTES:
# LAST OF SEVERAL OCCURRENCES

COLUMN 17 PEAK WIND IN M.P.H.

PRELIMINARY LOCAL CLIMATOLOGICAL DATA (WS FORM: F-6) , PAGE 2

                                          STATION:  SPOKANE WA FELTS AIRPORT
                                          MONTH:    DECEMBER
                                          YEAR:     2014
                                          LATITUDE:   47 40 N
                                          LONGITUDE: 117 20 W

[TEMPERATURE DATA]      [PRECIPITATION DATA]       SYMBOLS USED IN COLUMN 16

AVERAGE MONTHLY: 37.0   TOTAL FOR MONTH:   1.74    1 = FOG OR MIST
DPTR FM NORMAL:   7.2   DPTR FM NORMAL:   -0.45    2 = FOG REDUCING VISIBILITY
HIGHEST:    63 ON 10    GRTST 24HR  0.34 ON 24-24      TO 1/4 MILE OR LESS
LOWEST:     17 ON  1                               3 = THUNDER
                        SNOW, ICE PELLETS, HAIL    4 = ICE PELLETS
                        TOTAL MONTH:    M          5 = HAIL
                        GRTST 24HR    M  ON   M    6 = FREEZING RAIN OR DRIZZLE
                        GRTST DEPTH:  M  ON   M    7 = DUSTSTORM OR SANDSTORM:
                                                       VSBY 1/2 MILE OR LESS
                                                   8 = SMOKE OR HAZE
[NO. OF DAYS WITH]      [WEATHER - DAYS WITH]      9 = BLOWING SNOW
                                                   X = TORNADO
MAX 32 OR BELOW:   3    0.01 INCH OR MORE:  12
MAX 90 OR ABOVE:   0    0.10 INCH OR MORE:   6
MIN 32 OR BELOW:  16    0.50 INCH OR MORE:   0
MIN  0 OR BELOW:   0    1.00 INCH OR MORE:   0

[HDD (BASE 65) ]
TOTAL THIS MO.   722    CLEAR  (SCALE 0-3)   4
DPTR FM NORMAL  -193    PTCLDY (SCALE 4-7)   8
TOTAL FM JUL 1  1977    CLOUDY (SCALE 8-10) 14
DPTR FM NORMAL  -512

[CDD (BASE 65) ]
TOTAL THIS MO.     0
DPTR FM NORMAL     0    [PRESSURE DATA]
TOTAL FM JAN 1   639    HIGHEST SLP M ON M
DPTR FM NORMAL   233    LOWEST  SLP  0.00 ON M

[REMARKS]
