305
CXUS54 KLZK 251130
CF6SGT
PRELIMINARY LOCAL CLIMATOLOGICAL DATA (WS FORM: F-6)

                                          STATION:   Stuttgart Airport
                                          MONTH:     MAY
                                          YEAR:      2016
                                          LATITUDE:   34 35 N
                                          LONGITUDE:  91 34 W

  TEMPERATURE IN F:       :PCPN:    SNOW:  WIND      :SUNSHINE: SKY     :PK WND
================================================================================
1   2   3   4   5  6A  6B    7    8   9   10  11  12  13   14  15   16   17  18
                                     12Z  AVG MX 2MIN
DY MAX MIN AVG DEP HDD CDD  WTR  SNW DPTH SPD SPD DIR MIN PSBL S-S WX    SPD DR
================================================================================

 1  81  66  74   8   0   9 0.00    M    M  6.0 12 340   M    M   5        17 340
 2  68  55  62  -5   3   0 0.51    M    M 10.1 17 350   M    M   6 3      21 360
 3  66  54  60  -7   5   0 0.00    M    M  7.6 13 360   M    M   5         M  M
 4  81  54  68   1   0   3 0.00    M    M 13.0 24 290   M    M   1        30 290
 5  75  52  64  -4   1   0 0.00    M    M  9.8 17 320   M    M   0        22 320
 6  75  50  63  -5   2   0 0.00    M    M  4.4 10 340   M    M   0         M  M
 7  84  55  70   2   0   5 0.00    M    M  9.0 14 210   M    M   0        17 220
 8  82  61  72   3   0   7 0.00    M    M 10.5 21 210   M    M   1        27 210
 9  79  66  73   4   0   8 0.19    M    M 15.7 23 160   M    M   6 3      29 150
10  88  64  76   7   0  11 0.04    M    M 13.5 18 210   M    M   4        24 220
11  86  70  78   9   0  13 0.00    M    M 11.6 20 190   M    M   0        20 150
12  81  63  72   2   0   7 0.01    M    M  8.1 16 330   M    M   3 3      17 310
13  81  55  68  -2   0   3 0.00    M    M  4.7  8 190   M    M   0         M  M
14  68  59  64  -6   1   0 0.00    M    M 10.6 22 360   M    M   1        27 350
15  70  57  64  -7   1   0 0.00    M    M  8.6 15  40   M    M   7        20  10
16  64  59  62  -9   3   0 0.02    M    M  9.3 14 100   M    M   9         M  M
17  81  57  69  -2   0   4 0.00    M    M  8.7 24  20   M    M   8        27  20
18  66  55  61 -10   4   0 0.00    M    M 13.8 21  10   M    M   7        27  10
19  77  54  66  -6   0   1 0.03    M    M  9.2 16  60   M    M   4        21  60
20  75  57  66  -6   0   1 0.00    M    M  8.6 15 360   M    M   6         M  M
21  81  59  70  -2   0   5 0.00    M    M  7.5 12 340   M    M   2        17 350
22  82  59  71  -2   0   6 0.00    M    M  5.1 10  50   M    M   0         M  M
23  86  59  73   0   0   8 0.00    M    M  7.0 14 170   M    M   0        18 120
24  90  66  78   5   0  13 0.10    M    M 12.4 30 340   M    M   4 3      40 340
================================================================================
SM 1867 1406        20 104  0.90    M    224.8          M       79
================================================================================
AV 77.8 58.6                               9.4 FASTST   M    M   3    MAX(MPH)
                                 MISC ---->    30   M                 40    M
================================================================================
NOTES:
# LAST OF SEVERAL OCCURRENCES

COLUMN 17 PEAK WIND IN M.P.H.

PRELIMINARY LOCAL CLIMATOLOGICAL DATA (WS FORM: F-6) , PAGE 2

                                          STATION:  Stuttgart Airport
                                          MONTH:    MAY
                                          YEAR:     2016
                                          LATITUDE:   34 35 N
                                          LONGITUDE:  91 34 W

[TEMPERATURE DATA]      [PRECIPITATION DATA]       SYMBOLS USED IN COLUMN 16

AVERAGE MONTHLY: 68.2   TOTAL FOR MONTH:   0.90    1 = FOG OR MIST
DPTR FM NORMAL:  -1.6   DPTR FM NORMAL:   -2.89    2 = FOG REDUCING VISIBILITY
HIGHEST:    90 ON 24    GRTST 24HR  0.51 ON  2- 2      TO 1/4 MILE OR LESS
LOWEST:     50 ON  6                               3 = THUNDER
                        SNOW, ICE PELLETS, HAIL    4 = ICE PELLETS
                        TOTAL MONTH:    M          5 = HAIL
                        GRTST 24HR    M  ON   M    6 = FREEZING RAIN OR DRIZZLE
                        GRTST DEPTH:  M  ON   M    7 = DUSTSTORM OR SANDSTORM:
                                                       VSBY 1/2 MILE OR LESS
                                                   8 = SMOKE OR HAZE
[NO. OF DAYS WITH]      [WEATHER - DAYS WITH]      9 = BLOWING SNOW
                                                   X = TORNADO
MAX 32 OR BELOW:   0    0.01 INCH OR MORE:   7
MAX 90 OR ABOVE:   1    0.10 INCH OR MORE:   3
MIN 32 OR BELOW:   0    0.50 INCH OR MORE:   1
MIN  0 OR BELOW:   0    1.00 INCH OR MORE:   0

[HDD (BASE 65) ]
TOTAL THIS MO.    20    CLEAR  (SCALE 0-3)  12
DPTR FM NORMAL    -4    PTCLDY (SCALE 4-7)  11
TOTAL FM JUL 1  2259    CLOUDY (SCALE 8-10)  1
DPTR FM NORMAL  -928

[CDD (BASE 65) ]
TOTAL THIS MO.   104
DPTR FM NORMAL   -34    [PRESSURE DATA]
TOTAL FM JAN 1   193    HIGHEST SLP M ON M
DPTR FM NORMAL    -8    LOWEST  SLP M ON M

[REMARKS]
