000
CXUS55 KBYZ 281055
CF6SHR
PRELIMINARY LOCAL CLIMATOLOGICAL DATA (WS FORM: F-6)

                                          STATION:   SHERIDAN WY
                                          MONTH:     JULY
                                          YEAR:      2014
                                          LATITUDE:   44 46 N
                                          LONGITUDE: 106 58 W

  TEMPERATURE IN F:       :PCPN:    SNOW:  WIND      :SUNSHINE: SKY     :PK WND
================================================================================
1   2   3   4   5  6A  6B    7    8   9   10  11  12  13   14  15   16   17  18
                                     12Z  AVG MX 2MIN
DY MAX MIN AVG DEP HDD CDD  WTR  SNW DPTH SPD SPD DIR MIN PSBL S-S WX    SPD DR
================================================================================

 1  74  47  61  -6   4   0 0.00    M    M 12.0 21 330   M    M   1        26 320
 2  82  42  62  -5   3   0 0.00    M    M  2.3 13 100   M    M   0        16 130
 3  92  47  70   3   0   5 0.00    M    M  7.6 40 320   M    M   0 3      47 310
 4  94  54  74   6   0   9    T    M    M  3.8 29 250   M    M   0        36 250
 5  98  54  76   8   0  11 0.00    M    M  5.0 17 340   M    M   0        22 310
 6  91  55  73   5   0   8 0.01    M    M  4.3 15 180   M    M   0 3      19 190
 7  80  54  67  -1   0   2 0.07    M    M 14.5 35 310   M    M   2 3      44 310
 8  83  46  65  -4   0   0 0.00    M    M  2.6 10  30   M    M   0        13  20
 9  91  51  71   2   0   6 0.00    M    M  6.0 22 220   M    M   1        27 220
10  88  58  73   4   0   8 0.00    M    M  4.9 14 310   M    M   2        19 330
11  87  54  71   1   0   6 0.27    M    M  4.9 21 150   M    M   2 3      28 140
12  87  58  73   3   0   8 0.00    M    M  6.9 18 320   M    M   0        26 300
13  89  53  71   1   0   6 0.00    M    M  6.8 23 350   M    M   0        29 350
14  81  52  67  -3   0   2 0.00    M    M  4.4 12 130   M    M   0        15 130
15  77  49  63  -7   2   0 0.05    M    M  4.7 24 270   M    M   4 3      30 270
16  77  52  65  -6   0   0 0.12    M    M  4.6 10 350   M    M   6 1      12 150
17  90  48  69  -2   0   4 0.00    M    M  3.1 15 330   M    M   0        18 320
18  88  55  72   1   0   7 0.00    M    M  6.3 20 320   M    M   0 3      23 320
19  92  56  74   3   0   9 0.00    M    M  3.8 13 180   M    M   0        14 180
20  94  54  74   3   0   9 0.00    M    M  3.5 10  90   M    M   0        13 100
21  91  59  75   4   0  10 0.48    M    M  9.1 35 330   M    M   4 3      40 340
22  95  53  74   3   0   9 0.00    M    M  5.5 21 350   M    M   0        29 340
23  97  60  79   8   0  14 0.01    M    M  7.7 23 310   M    M   0 3      31 290
24 100  59  80   8   0  15 0.00    M    M 10.1 29 310   M    M   0 3      36 320
25  90  49  70  -2   0   5 0.00    M    M  5.2 17 330   M    M   0        21 330
26  84  51  68  -4   0   3 0.00    M    M  7.2 20 340   M    M   0        27 320
27  88  45  67  -5   0   2 0.00    M    M  3.9 12 130   M    M   0        16  80
================================================================================
SM 2380 1415         9 158  1.01    M    160.7          M       22
================================================================================
AV 88.1 52.4                               6.0 FASTST   M    M   1    MAX(MPH)
                                 MISC ---->  # 40 320               # 47  310
================================================================================
NOTES:
# LAST OF SEVERAL OCCURRENCES

COLUMN 17 PEAK WIND IN M.P.H.

PRELIMINARY LOCAL CLIMATOLOGICAL DATA (WS FORM: F-6) , PAGE 2

                                          STATION:  SHERIDAN WY
                                          MONTH:    JULY
                                          YEAR:     2014
                                          LATITUDE:   44 46 N
                                          LONGITUDE: 106 58 W

[TEMPERATURE DATA]      [PRECIPITATION DATA]       SYMBOLS USED IN COLUMN 16

AVERAGE MONTHLY: 70.3   TOTAL FOR MONTH:   1.01    1 = FOG OR MIST
DPTR FM NORMAL:   0.4   DPTR FM NORMAL:   -0.04    2 = FOG REDUCING VISIBILITY
HIGHEST:   100 ON 24    GRTST 24HR  0.48 ON 21-21      TO 1/4 MILE OR LESS
LOWEST:     42 ON  2                               3 = THUNDER
                        SNOW, ICE PELLETS, HAIL    4 = ICE PELLETS
                        TOTAL MONTH:    M          5 = HAIL
                        GRTST 24HR    M  ON   M    6 = FREEZING RAIN OR DRIZZLE
                        GRTST DEPTH:  M  ON   M    7 = DUSTSTORM OR SANDSTORM:
                                                       VSBY 1/2 MILE OR LESS
                                                   8 = SMOKE OR HAZE
[NO. OF DAYS WITH]      [WEATHER - DAYS WITH]      9 = BLOWING SNOW
                                                   X = TORNADO
MAX 32 OR BELOW:   0    0.01 INCH OR MORE:   7
MAX 90 OR ABOVE:  13    0.10 INCH OR MORE:   3
MIN 32 OR BELOW:   0    0.50 INCH OR MORE:   0
MIN  0 OR BELOW:   0    1.00 INCH OR MORE:   0

[HDD (BASE 65) ]
TOTAL THIS MO.     9    CLEAR  (SCALE 0-3)  24
DPTR FM NORMAL   -15    PTCLDY (SCALE 4-7)   3
TOTAL FM JUL 1     9    CLOUDY (SCALE 8-10)  0
DPTR FM NORMAL   -15

[CDD (BASE 65) ]
TOTAL THIS MO.   158
DPTR FM NORMAL     2    [PRESSURE DATA]
TOTAL FM JAN 1   174    HIGHEST SLP M ON M
DPTR FM NORMAL   -32    LOWEST  SLP 29.61 ON 24

[REMARKS]
