000
CXUS56 KMFR 221000
CF6SIY
PRELIMINARY LOCAL CLIMATOLOGICAL DATA (WS FORM: F-6)

                                          STATION:   MONTAGUE CA
                                          MONTH:     JANUARY
                                          YEAR:      2017
                                          LATITUDE:   41 46 N
                                          LONGITUDE: 122 28 W

  TEMPERATURE IN F:       :PCPN:    SNOW:  WIND      :SUNSHINE: SKY     :PK WND
================================================================================
1   2   3   4   5  6A  6B    7    8   9   10  11  12  13   14  15   16   17  18
                                     12Z  AVG MX 2MIN
DY MAX MIN AVG DEP HDD CDD  WTR  SNW DPTH SPD SPD DIR MIN PSBL S-S WX    SPD DR
================================================================================

 1  36  18  27  -8  38   0    T    M    M  6.8 22 240   M    M   7        27 240
 2  36  22  29  -6  36   0    T    M    M  4.1 24 190   M    M   7 18     29 190
 3  31  24  28  -7  37   0 0.05    M    M  9.6 18 360   M    M   9 1      21 360
 4  32   9  21 -14  44   0 0.14    M    M  7.6 16  30   M    M   4 128    18  20
 5  17 -12   3 -32  62   0 0.00    M    M  6.3 16  50   M    M   4 128    19  50
 6  15 -14   1 -34  64   0    T    M    M  0.5  6 130   M    M   7 128     6 180
 7  39  15  27  -8  38   0 0.15    M    M  7.9 25 170   M    M   8 12     31 170
 8  44  27  36   1  29   0 0.43    M    M  6.9 20 240   M    M   8 1      29 230
 9  43  28  36   1  29   0 0.13    M    M  7.5 28 190   M    M   8 1      41 200
10  40  32  36   1  29   0 0.43    M    M  5.6 23 170   M    M   8 1      27 170
11  44  27  36   1  29   0 0.02    M    M  4.2 13  30   M    M   7 1      15  20
12  41  20  31  -4  34   0    T    M    M  3.7 10  10   M    M   1 1      11  10
13  38  18  28  -7  37   0 0.00    M    M  1.5  9  40   M    M   0        10  40
14  41  17  29  -6  36   0 0.00    M    M  1.8  8 120   M    M   0         9 120
15  42  19  31  -4  34   0 0.00    M    M  0.7  7 100   M    M   0         7 110
16  42  20  31  -4  34   0 0.00    M    M  1.3  7  30   M    M   1 1       8  60
17  47  23  35   0  30   0    T    M    M  6.2 30 180   M    M   4 18     37 190
18  44  35  40   5  25   0 0.14    M    M 23.4 44 170   M    M   9        54 170
19  45  30  38   3  27   0    T    M    M  6.1 22 180   M    M   7 12     29 180
20  46  32  39   4  26   0    T    M    M 14.9 39 160   M    M   8        51 170
21  46  30  38   3  27   0 0.02    M    M 13.6 41 170   M    M   7        54 170
================================================================================
SM  809  420       745   0  1.51    M    140.2          M      114
================================================================================
AV 38.5 20.0                               6.7 FASTST   M    M   5    MAX(MPH)
                                 MISC ---->  # 44 170               # 54  170
================================================================================
NOTES:
# LAST OF SEVERAL OCCURRENCES

COLUMN 17 PEAK WIND IN M.P.H.

PRELIMINARY LOCAL CLIMATOLOGICAL DATA (WS FORM: F-6) , PAGE 2

                                          STATION:  MONTAGUE CA
                                          MONTH:    JANUARY
                                          YEAR:     2017
                                          LATITUDE:   41 46 N
                                          LONGITUDE: 122 28 W

[TEMPERATURE DATA]      [PRECIPITATION DATA]       SYMBOLS USED IN COLUMN 16

AVERAGE MONTHLY: 29.3   TOTAL FOR MONTH:   1.51    1 = FOG OR MIST
DPTR FM NORMAL:  -5.7   DPTR FM NORMAL:   -0.26    2 = FOG REDUCING VISIBILITY
HIGHEST:    47 ON 17    GRTST 24HR  0.48 ON  9-10      TO 1/4 MILE OR LESS
LOWEST:    -14 ON  6                               3 = THUNDER
                        SNOW, ICE PELLETS, HAIL    4 = ICE PELLETS
                        TOTAL MONTH:    M          5 = HAIL
                        GRTST 24HR    M  ON   M    6 = FREEZING RAIN OR DRIZZLE
                        GRTST DEPTH:  M  ON   M    7 = DUSTSTORM OR SANDSTORM:
                                                       VSBY 1/2 MILE OR LESS
                                                   8 = SMOKE OR HAZE
[NO. OF DAYS WITH]      [WEATHER - DAYS WITH]      9 = BLOWING SNOW
                                                   X = TORNADO
MAX 32 OR BELOW:   4    0.01 INCH OR MORE:   9
MAX 90 OR ABOVE:   0    0.10 INCH OR MORE:   6
MIN 32 OR BELOW:  20    0.50 INCH OR MORE:   0
MIN  0 OR BELOW:   2    1.00 INCH OR MORE:   0

[HDD (BASE 65) ]
TOTAL THIS MO.   745    CLEAR  (SCALE 0-3)   5
DPTR FM NORMAL   115    PTCLDY (SCALE 4-7)  13
TOTAL FM JUL 1  2889    CLOUDY (SCALE 8-10)  3
DPTR FM NORMAL    26

[CDD (BASE 65) ]
TOTAL THIS MO.     0
DPTR FM NORMAL     0    [PRESSURE DATA]
TOTAL FM JAN 1     0    HIGHEST SLP M ON M
DPTR FM NORMAL     0    LOWEST  SLP 29.12 ON 20

[REMARKS]
