000
CXUS56 KFGZ 220900
CF6SJN
PRELIMINARY LOCAL CLIMATOLOGICAL DATA (WS FORM: F-6)

                                          STATION:   SAINT JOHNS AZ AIRPORT
                                          MONTH:     OCTOBER
                                          YEAR:      2017
                                          LATITUDE:   34 31 N
                                          LONGITUDE: 109 23 W

  TEMPERATURE IN F:       :PCPN:    SNOW:  WIND      :SUNSHINE: SKY     :PK WND
================================================================================
1   2   3   4   5  6A  6B    7    8   9   10  11  12  13   14  15   16   17  18
                                     12Z  AVG MX 2MIN
DY MAX MIN AVG DEP HDD CDD  WTR  SNW DPTH SPD SPD DIR MIN PSBL S-S WX    SPD DR
================================================================================

 1  81  41  61  -1   4   0 0.00    M    M  9.8 28 260   M    M   0        38 220
 2  79  45  62   0   3   0 0.00    M    M 14.2 33 240   M    M   0        42 240
 3  85  36  61   0   4   0 0.00    M    M  5.9 21 250   M    M   0        27 260
 4  88  43  66   5   0   1 0.00    M    M  8.0 26 250   M    M   0        34 250
 5  86  57  72  12   0   7    T    M    M  8.8 26 280   M    M   4        39 290
 6  76  41  59  -1   6   0 0.00    M    M  8.6 25 310   M    M   0        33 310
 7  78  30  54  -5  11   0 0.00    M    M  4.6 13 310   M    M   0        16 330
 8  81  29  55  -4  10   0 0.00    M    M  9.1 29 260   M    M   0        35 250
 9  60  31  46 -12  19   0 0.00    M    M 11.5 26 290   M    M   1        32 290
10  73  24  49  -9  16   0 0.00    M    M  4.5 15  80   M    M   0        18  90
11  83  31  57  -1   8   0 0.00    M    M  6.9 23 250   M    M   0        31 260
12  81  44  63   6   2   0 0.00  0.0    0  9.5 28 250   M    M   1 8      36 240
13  82  39  61   4   4   0 0.00  0.0    0  8.0 25 270   M    M   0 8      32 270
14  77  36  57   1   8   0 0.00  0.0    0  6.1 21 310   M    M   0        26 340
15  74  25  50  -6  15   0 0.00  0.0    0  4.9 12 320   M    M   0        15 330
16  80  29  55   0  10   0 0.00  0.0    0  3.2 12 310   M    M   1        14 320
17  80  37  59   4   6   0 0.00    M    M  3.4 12 320   M    M   0        14 350
18  80  42  61   7   4   0 0.00    M    M  4.7 16 300   M    M   0        21 270
19  77  49  63   9   2   0    T    M    M  6.5 28 250   M    M   6        35 240
20  75  35  55   1  10   0 0.00    M    M 14.7 32 240   M    M   0        44 240
21  65  40  53   0  12   0 0.00    M    M  8.6 23 280   M    M   1        33 300
================================================================================
SM 1641  784       154   8    T      0.0 161.5          M       14
================================================================================
AV 78.1 37.3                               7.7 FASTST   M    M   1    MAX(MPH)
                                 MISC ---->  # 33 240               # 44  240
================================================================================
NOTES:
# LAST OF SEVERAL OCCURRENCES

COLUMN 17 PEAK WIND IN M.P.H.

PRELIMINARY LOCAL CLIMATOLOGICAL DATA (WS FORM: F-6) , PAGE 2

                                          STATION:  SAINT JOHNS AZ AIRPORT
                                          MONTH:    OCTOBER
                                          YEAR:     2017
                                          LATITUDE:   34 31 N
                                          LONGITUDE: 109 23 W

[TEMPERATURE DATA]      [PRECIPITATION DATA]       SYMBOLS USED IN COLUMN 16

AVERAGE MONTHLY: 57.7   TOTAL FOR MONTH:      T    1 = FOG OR MIST
DPTR FM NORMAL:   0.2   DPTR FM NORMAL:   -0.81    2 = FOG REDUCING VISIBILITY
HIGHEST:    88 ON  4    GRTST 24HR    T  ON 19-19      TO 1/4 MILE OR LESS
LOWEST:     24 ON 10                               3 = THUNDER
                        SNOW, ICE PELLETS, HAIL    4 = ICE PELLETS
                        TOTAL MONTH:   0.0 INCH    5 = HAIL
                        GRTST 24HR     0.0         6 = FREEZING RAIN OR DRIZZLE
                        GRTST DEPTH:   0           7 = DUSTSTORM OR SANDSTORM:
                                                       VSBY 1/2 MILE OR LESS
                                                   8 = SMOKE OR HAZE
[NO. OF DAYS WITH]      [WEATHER - DAYS WITH]      9 = BLOWING SNOW
                                                   X = TORNADO
MAX 32 OR BELOW:   0    0.01 INCH OR MORE:   0
MAX 90 OR ABOVE:   0    0.10 INCH OR MORE:   0
MIN 32 OR BELOW:   7    0.50 INCH OR MORE:   0
MIN  0 OR BELOW:   0    1.00 INCH OR MORE:   0

[HDD (BASE 65) ]
TOTAL THIS MO.   154    CLEAR  (SCALE 0-3)  19
DPTR FM NORMAL   -11    PTCLDY (SCALE 4-7)   2
TOTAL FM JUL 1   206    CLOUDY (SCALE 8-10)  0
DPTR FM NORMAL     9

[CDD (BASE 65) ]
TOTAL THIS MO.     8
DPTR FM NORMAL     3    [PRESSURE DATA]
TOTAL FM JAN 1  1077    HIGHEST SLP M ON M
DPTR FM NORMAL   116    LOWEST  SLP 29.57 ON  2

[REMARKS]
