000
CXUS55 KLOX 011655
CF6SMO
PRELIMINARY LOCAL CLIMATOLOGICAL DATA (WS FORM: F-6)

                                          STATION:   SANTA MONICA AIRPORT CA
                                          MONTH:     JUNE
                                          YEAR:      2015
                                          LATITUDE:   34  0 N
                                          LONGITUDE: 118 27 W

  TEMPERATURE IN F:       :PCPN:    SNOW:  WIND      :SUNSHINE: SKY     :PK WND
================================================================================
1   2   3   4   5  6A  6B    7    8   9   10  11  12  13   14  15   16   17  18
                                     12Z  AVG MX 2MIN
DY MAX MIN AVG DEP HDD CDD  WTR  SNW DPTH SPD SPD DIR MIN PSBL S-S WX    SPD DR
================================================================================

 1  68  57  63  -1   2   0 0.00  0.0    0  4.9 15 230   M    M   4 18     19 210
 2  71  58  65   1   0   0 0.00  0.0    0  5.1 13 240   M    M   4        18 230
 3  71  60  66   2   0   1    T  0.0    0  5.9 15 240   M    M   7 1      20 240
 4  69  59  64   0   1   0 0.00  0.0    0  4.7 12 210   M    M   7        13 210
 5  69  60  65   1   0   0 0.00  0.0    0  6.6 16 240   M    M   5        21 240
 6  68  56  62  -2   3   0 0.00  0.0    0  5.8 15 240   M    M   3        21 260
 7  69  59  64   0   1   0 0.00  0.0    0  5.0 15 220   M    M   6        19 250
 8  69  57  63  -1   2   0 0.00  0.0    0  4.6 13 200   M    M   3 128    16 240
 9  88  59  74  10   0   9 0.02  0.0    M  6.0 16 200   M    M   6 1      21 320
10  75  60  68   3   0   3 0.00  0.0    0  6.1 13 240   M    M   9 18     15 230
11  72  60  66   1   0   1 0.01  0.0    0  4.3 13 230   M    M   9 1      19 230
12  66  60  63  -2   2   0 0.00  0.0    0  4.7 12 220   M    M  10 1      15 230
13  67  60  64  -1   1   0    T  0.0    0  5.3 12 230   M    M  10 1      15 210
14  70  59  65   0   0   0 0.00  0.0    0  4.9 14 230   M    M   9 1      18 230
15  68  58  63  -2   2   0 0.00  0.0    0  4.5 13 210   M    M   7 1      17 240
16  66  57  62  -3   3   0 0.00  0.0    0  4.8 10 240   M    M   8 1      16 180
17  68  58  63  -2   2   0 0.00  0.0    0  4.5 13 210   M    M   6 18     17 210
18  68  58  63  -3   2   0 0.00  0.0    0  4.7 13 220   M    M   5 18     15 220
19  72  55  64  -2   1   0 0.00  0.0    0  4.8 12 220   M    M   2 18     15 210
20  77  59  68   2   0   3 0.00  0.0    0  4.7 13 240   M    M   1 18     16 230
21  74  62  68   2   0   3 0.00  0.0    0  4.5 13 210   M    M   3 18     17 230
22  76  59  68   2   0   3 0.00  0.0    0  4.9 12 250   M    M   0        17 220
23  76  62  69   3   0   4 0.00  0.0    0  4.5 13 230   M    M   0        17 220
24  76  62  69   3   0   4 0.00  0.0    0  4.5 12 250   M    M   0        16 240
25  73  61  67   1   0   2 0.00  0.0    0  5.7 13 220   M    M   2 18     17 230
26  67  58  63  -4   2   0 0.00  0.0    0  5.8 13 230   M    M   3 1      17 250
27  65  56  61  -6   4   0    T  0.0    0  4.2 14 220   M    M   1        18 270
28  77  60  69   2   0   4 0.00  0.0    0  4.9 15 240   M    M   0        20 240
29  79  67  73   6   0   8 0.00  0.0    0  4.4 13 240   M    M   0        16 230
30  87  66  77  10   0  12    T  0.0    0  4.7 17 200   M    M   1        21 200
================================================================================
SM 2161 1782        28  57  0.03     0.0 150.0          M      131
================================================================================
AV 72.0 59.4                               5.0 FASTST   M    M   4    MAX(MPH)
                                 MISC ---->    17   M               # 21  240
================================================================================
NOTES:
# LAST OF SEVERAL OCCURRENCES

COLUMN 17 PEAK WIND IN M.P.H.

PRELIMINARY LOCAL CLIMATOLOGICAL DATA (WS FORM: F-6) , PAGE 2

                                          STATION:  SANTA MONICA AIRPORT CA
                                          MONTH:    JUNE
                                          YEAR:     2015
                                          LATITUDE:   34  0 N
                                          LONGITUDE: 118 27 W

[TEMPERATURE DATA]      [PRECIPITATION DATA]       SYMBOLS USED IN COLUMN 16

AVERAGE MONTHLY: 65.7   TOTAL FOR MONTH:   0.03    1 = FOG OR MIST
DPTR FM NORMAL:   0.4   DPTR FM NORMAL:   -0.04    2 = FOG REDUCING VISIBILITY
HIGHEST:    88 ON  9    GRTST 24HR  0.02 ON  9- 9      TO 1/4 MILE OR LESS
LOWEST:     55 ON 19                               3 = THUNDER
                        SNOW, ICE PELLETS, HAIL    4 = ICE PELLETS
                        TOTAL MONTH:   0.0 INCH    5 = HAIL
                        GRTST 24HR     0.0         6 = FREEZING RAIN OR DRIZZLE
                        GRTST DEPTH:   0           7 = DUSTSTORM OR SANDSTORM:
                                                       VSBY 1/2 MILE OR LESS
                                                   8 = SMOKE OR HAZE
[NO. OF DAYS WITH]      [WEATHER - DAYS WITH]      9 = BLOWING SNOW
                                                   X = TORNADO
MAX 32 OR BELOW:   0    0.01 INCH OR MORE:   2
MAX 90 OR ABOVE:   0    0.10 INCH OR MORE:   0
MIN 32 OR BELOW:   0    0.50 INCH OR MORE:   0
MIN  0 OR BELOW:   0    1.00 INCH OR MORE:   0

[HDD (BASE 65) ]
TOTAL THIS MO.    28    CLEAR  (SCALE 0-3)  12
DPTR FM NORMAL     6    PTCLDY (SCALE 4-7)  13
TOTAL FM JUL 1   649    CLOUDY (SCALE 8-10)  5
DPTR FM NORMAL  -878

[CDD (BASE 65) ]
TOTAL THIS MO.    57
DPTR FM NORMAL    26    [PRESSURE DATA]
TOTAL FM JAN 1   239    HIGHEST SLP 30.05 ON 27
DPTR FM NORMAL   174    LOWEST  SLP 29.77 ON 14

[REMARKS]
#FINAL-06-15#
