000
CXUS55 KLOX 231655
CF6SMX
PRELIMINARY LOCAL CLIMATOLOGICAL DATA (WS FORM: F-6)

                                          STATION:   SANTA MARIA AIRPORT CA
                                          MONTH:     SEPTEMBER
                                          YEAR:      2014
                                          LATITUDE:   34 54 N
                                          LONGITUDE: 120 27 W

  TEMPERATURE IN F:       :PCPN:    SNOW:  WIND      :SUNSHINE: SKY     :PK WND
================================================================================
1   2   3   4   5  6A  6B    7    8   9   10  11  12  13   14  15   16   17  18
                                     12Z  AVG MX 2MIN
DY MAX MIN AVG DEP HDD CDD  WTR  SNW DPTH SPD SPD DIR MIN PSBL S-S WX    SPD DR
================================================================================

 1  81  57  69   5   0   4 0.00  0.0    0  7.0 16 300   M    M   6 18     23 320
 2  76  61  69   5   0   4 0.00  0.0    0  6.1 17 310   M    M   7 18      M  M
 3  76  61  69   5   0   4 0.00  0.0    0  5.8  M   M   M    M   7 18      M  M
 4  76  57  67   3   0   2 0.00  0.0    0  4.7  M   M   M    M   6 18      M  M
 5  77  56  67   3   0   2 0.00  0.0    0  5.1 16 300   M    M   5 8       M  M
 6  76  55  66   2   0   1 0.00  0.0    0  4.7 15 300   M    M   4 18     23 310
 7  75  55  65   1   0   0 0.00  0.0    0  5.8 16 310   M    M   7 128    24 330
 8  77  55  66   2   0   1 0.00  0.0    0  7.0  M   M   M    M   3 18      M  M
 9  75  54  65   1   0   0 0.00  0.0    0  4.6 16 300   M    M   4 128    19 300
10  81  54  68   4   0   3 0.00  0.0    0  3.6 14 290   M    M   5 128    18 310
11  79  57  68   4   0   3 0.00  0.0    0  4.8 14 310   M    M   6 128    18 300
12  76  58  67   4   0   2 0.00  0.0    0  5.0 14 300   M    M   6 128    17 300
13  78  59  69   6   0   4 0.00  0.0    0  4.7 15 310   M    M   6 128    23 280
14  80  57  69   6   0   4 0.00  0.0    0  4.5 15 320   M    M   3 128    19 320
15  81  60  71   8   0   6 0.00  0.0    0  4.7 17 300   M    M   2 128     M  M
16  82  58  70   7   0   5 0.00  0.0    0  4.6 25 310   M    M   1 18     28 310
17  80  56  68   5   0   3 0.00  0.0    0   M  14 290   M    M   2 128     M  M
18  81  60  71   8   0   6 0.00  0.0    0  8.2 21 310   M    M   6        25 300
19  81  62  72   9   0   7 0.00  0.0    0  7.0 18 310   M    M   7 18     21 320
20  77  63  70   7   0   5 0.00  0.0    0  5.7 18 330   M    M   8 18     22 330
21  74  62  68   5   0   3 0.00  0.0    0  7.9 18 290   M    M   7 18     25 300
22  76  59  68   5   0   3 0.00  0.0    0  5.2 16 310   M    M   3        21 300
================================================================================
SM 1715 1276         0  72  0.00     0.0 116.7          M      111
================================================================================
AV 78.0 58.0                               5.6 FASTST   M    M   5    MAX(MPH)
                                 MISC ---->  # 25 310               # 28  310
================================================================================
NOTES:
# LAST OF SEVERAL OCCURRENCES

COLUMN 17 PEAK WIND IN M.P.H.

PRELIMINARY LOCAL CLIMATOLOGICAL DATA (WS FORM: F-6) , PAGE 2

                                          STATION:  SANTA MARIA AIRPORT CA
                                          MONTH:    SEPTEMBER
                                          YEAR:     2014
                                          LATITUDE:   34 54 N
                                          LONGITUDE: 120 27 W

[TEMPERATURE DATA]      [PRECIPITATION DATA]       SYMBOLS USED IN COLUMN 16

AVERAGE MONTHLY: 68.0   TOTAL FOR MONTH:   0.00    1 = FOG OR MIST
DPTR FM NORMAL:   4.5   DPTR FM NORMAL:   -0.08    2 = FOG REDUCING VISIBILITY
HIGHEST:    82 ON 16    GRTST 24HR  0.00 ON 22-22      TO 1/4 MILE OR LESS
LOWEST:     54 ON 10, 9                            3 = THUNDER
                        SNOW, ICE PELLETS, HAIL    4 = ICE PELLETS
                        TOTAL MONTH:   0.0 INCH    5 = HAIL
                        GRTST 24HR     0.0         6 = FREEZING RAIN OR DRIZZLE
                        GRTST DEPTH:   0           7 = DUSTSTORM OR SANDSTORM:
                                                       VSBY 1/2 MILE OR LESS
                                                   8 = SMOKE OR HAZE
[NO. OF DAYS WITH]      [WEATHER - DAYS WITH]      9 = BLOWING SNOW
                                                   X = TORNADO
MAX 32 OR BELOW:   0    0.01 INCH OR MORE:   0
MAX 90 OR ABOVE:   0    0.10 INCH OR MORE:   0
MIN 32 OR BELOW:   0    0.50 INCH OR MORE:   0
MIN  0 OR BELOW:   0    1.00 INCH OR MORE:   0

[HDD (BASE 65) ]
TOTAL THIS MO.     0    CLEAR  (SCALE 0-3)   6
DPTR FM NORMAL   -56    PTCLDY (SCALE 4-7)  16
TOTAL FM JUL 1     0    CLOUDY (SCALE 8-10)  0
DPTR FM NORMAL  -192

[CDD (BASE 65) ]
TOTAL THIS MO.    72
DPTR FM NORMAL    50    [PRESSURE DATA]
TOTAL FM JAN 1   417    HIGHEST SLP M ON M
DPTR FM NORMAL   340    LOWEST  SLP 29.64 ON M

[REMARKS]
