000
CXUS55 KLOX 201155
CF6SMX
PRELIMINARY LOCAL CLIMATOLOGICAL DATA (WS FORM: F-6)

                                          STATION:   SANTA MARIA AIRPORT CA
                                          MONTH:     AUGUST
                                          YEAR:      2017
                                          LATITUDE:   34 54 N
                                          LONGITUDE: 120 27 W

  TEMPERATURE IN F:       :PCPN:    SNOW:  WIND      :SUNSHINE: SKY     :PK WND
================================================================================
1   2   3   4   5  6A  6B    7    8   9   10  11  12  13   14  15   16   17  18
                                     12Z  AVG MX 2MIN
DY MAX MIN AVG DEP HDD CDD  WTR  SNW DPTH SPD SPD DIR MIN PSBL S-S WX    SPD DR
================================================================================

 1  75  55  65   1   0   0 0.00  0.0    0  5.2  M   M   M    M   6 1       M  M
 2  87  59  73   9   0   8    T  0.0    0  4.4 14 290   M    M   5 138    22 310
 3  88  64  76  12   0  11 0.00  0.0    0  4.5 14 330   M    M   5 18     20 300
 4  86  59  73   9   0   8 0.00  0.0    0  5.3 16 340   M    M   2 128    19 330
 5  74  58  66   2   0   1 0.00  0.0    0  5.8 15 320   M    M   7 12     21 290
 6  73  58  66   2   0   1 0.00  0.0    0  7.6 15 310   M    M   7 1      20 300
 7  72  56  64   0   1   0 0.00  0.0    0  7.4 18 310   M    M   5 18     23 310
 8  71  56  64   0   1   0 0.00  0.0    0  8.5 18 300   M    M   6 18     21 310
 9  72  58  65   1   0   0 0.00  0.0    0  8.1 17 300   M    M   6 18     27 230
10  75  57  66   2   0   1 0.00  0.0    0  6.9 16 300   M    M   6 18     20 290
11  75  56  66   2   0   1 0.00  0.0    0  5.2 15 310   M    M   7 18     20 300
12  75  55  65   1   0   0 0.00  0.0    0  6.1 15 320   M    M   6 18     20 310
13  77  55  66   2   0   1 0.00  0.0    0  5.3 16 310   M    M   7 18      M  M
14  72  55  64   0   1   0 0.00  0.0    0  8.7 21 300   M    M   8 18     27 300
15  71  54  63  -1   2   0 0.00  0.0    0  7.3 16 320   M    M   7 18     21 310
16  72  56  64   0   1   0 0.00  0.0    0  5.4 16 320   M    M   5 18     23 330
17  74  54  64   0   1   0 0.00  0.0    0  4.9 15 320   M    M   3 18     19 290
18  73  55  64   0   1   0 0.00  0.0    0  5.3 14 300   M    M   3 18     19 320
19  76  57  67   3   0   2 0.00  0.0    0  5.2 15 340   M    M   6 18     24 330
================================================================================
SM 1438 1077         8  34    T      0.0 117.1          M      107
================================================================================
AV 75.7 56.7                               6.2 FASTST   M    M   6    MAX(MPH)
                                 MISC ---->  # 21 300                 27    M
================================================================================
NOTES:
# LAST OF SEVERAL OCCURRENCES

COLUMN 17 PEAK WIND IN M.P.H.

PRELIMINARY LOCAL CLIMATOLOGICAL DATA (WS FORM: F-6) , PAGE 2

                                          STATION:  SANTA MARIA AIRPORT CA
                                          MONTH:    AUGUST
                                          YEAR:     2017
                                          LATITUDE:   34 54 N
                                          LONGITUDE: 120 27 W

[TEMPERATURE DATA]      [PRECIPITATION DATA]       SYMBOLS USED IN COLUMN 16

AVERAGE MONTHLY: 66.2   TOTAL FOR MONTH:      T    1 = FOG OR MIST
DPTR FM NORMAL:   2.2   DPTR FM NORMAL:   -0.01    2 = FOG REDUCING VISIBILITY
HIGHEST:    88 ON  3    GRTST 24HR    T  ON  2- 2      TO 1/4 MILE OR LESS
LOWEST:     54 ON 17,15                            3 = THUNDER
                        SNOW, ICE PELLETS, HAIL    4 = ICE PELLETS
                        TOTAL MONTH:   0.0 INCH    5 = HAIL
                        GRTST 24HR     0.0         6 = FREEZING RAIN OR DRIZZLE
                        GRTST DEPTH:   0           7 = DUSTSTORM OR SANDSTORM:
                                                       VSBY 1/2 MILE OR LESS
                                                   8 = SMOKE OR HAZE
[NO. OF DAYS WITH]      [WEATHER - DAYS WITH]      9 = BLOWING SNOW
                                                   X = TORNADO
MAX 32 OR BELOW:   0    0.01 INCH OR MORE:   0
MAX 90 OR ABOVE:   0    0.10 INCH OR MORE:   0
MIN 32 OR BELOW:   0    0.50 INCH OR MORE:   0
MIN  0 OR BELOW:   0    1.00 INCH OR MORE:   0

[HDD (BASE 65) ]
TOTAL THIS MO.     8    CLEAR  (SCALE 0-3)   3
DPTR FM NORMAL   -30    PTCLDY (SCALE 4-7)  16
TOTAL FM JUL 1    39    CLOUDY (SCALE 8-10)  0
DPTR FM NORMAL   -74

[CDD (BASE 65) ]
TOTAL THIS MO.    34
DPTR FM NORMAL    15    [PRESSURE DATA]
TOTAL FM JAN 1    84    HIGHEST SLP M ON M
DPTR FM NORMAL    30    LOWEST  SLP 29.75 ON 11

[REMARKS]
