000
CXUS56 KMTR 251000
CF6SNS
PRELIMINARY LOCAL CLIMATOLOGICAL DATA (WS FORM: F-6)

                                          STATION:   SALINAS AIRPORT
                                          MONTH:     JUNE
                                          YEAR:      2017
                                          LATITUDE:   36 40 N
                                          LONGITUDE: 121 36 W

  TEMPERATURE IN F:       :PCPN:    SNOW:  WIND      :SUNSHINE: SKY     :PK WND
================================================================================
1   2   3   4   5  6A  6B    7    8   9   10  11  12  13   14  15   16   17  18
                                     12Z  AVG MX 2MIN
DY MAX MIN AVG DEP HDD CDD  WTR  SNW DPTH SPD SPD DIR MIN PSBL S-S WX    SPD DR
================================================================================

 1  72  56  64   4   1   0 0.00  0.0    0  9.7 18 260   M    M   3 128    23 250
 2  69  55  62   1   3   0 0.00  0.0    0  9.1 17 280   M    M   3        21 260
 3  70  56  63   2   2   0 0.00  0.0    0 10.5 20 270   M    M   3        26 280
 4  68  54  61   0   4   0 0.00  0.0    0 11.4 20 260   M    M   2 18     23 260
 5  72  50  61   0   4   0 0.00  0.0    0  8.5 18 290   M    M   2 18     24 280
 6  65  54  60  -1   5   0 0.00  0.0    0 10.0 20 260   M    M   5 18     24 280
 7  66  54  60  -1   5   0 0.00  0.0    0  9.5 22 300   M    M   4        27 280
 8  72  56  64   3   1   0    T  0.0    0  7.7 17 320   M    M   6        21 320
 9   M   M   M   M   M   M 0.07    M    0 10.7 17 220   M    M   7        27 270
10  69  52  61   0   4   0 0.00  0.0    0 10.1 22 260   M    M   0        27 250
11  67  52  60  -1   5   0 0.00  0.0    0 15.0 28 240   M    M   2        36 250
12  68  55  62   1   3   0 0.00  0.0    0 11.7 20 240   M    M   7        26 240
13  69  53  61  -1   4   0 0.00  0.0    0  8.6 18 260   M    M   2        24 270
14  70  54  62   0   3   0 0.00  0.0    0  8.8 17 280   M    M   2 18     23 280
15  72  53  63   1   2   0 0.00  0.0    0 11.3 21 270   M    M   0        23 270
16  74  56  65   3   0   0 0.00  0.0    0 10.8 20 280   M    M   0        24 290
17  75  56  66   4   0   1 0.00  0.0    0 10.0 17 290   M    M   0 18     21 300
18  79  57  68   6   0   3 0.00  0.0    0  8.0 18 290   M    M   0 18     23 290
19  83  55  69   7   0   4 0.00  0.0    0  7.8 20 280   M    M   2 18     25 280
20  68  55  62   0   3   0 0.00  0.0    0  9.2 20 270   M    M   6 1      24 280
21  71  54  63   1   2   0 0.00  0.0    0  8.6 17 280   M    M   4 18     23 280
22  77  54  66   4   0   1 0.00  0.0    0  8.8 22 310   M    M   3 1      26 290
23  70  56  63   1   2   0 0.00  0.0    0  8.8 21 280   M    M   7 1      25 280
24  70  56  63   1   2   0 0.00  0.0    0  8.5 18 290   M    M   7 1      24 260
================================================================================
SM 1636 1253        55   9  0.07     0.0 233.1          M       77
================================================================================
AV 71.1 54.5                               9.7 FASTST   M    M   3    MAX(MPH)
                                 MISC ---->  # 28 240               # 36  250
================================================================================
NOTES:
# LAST OF SEVERAL OCCURRENCES

COLUMN 17 PEAK WIND IN M.P.H.

PRELIMINARY LOCAL CLIMATOLOGICAL DATA (WS FORM: F-6) , PAGE 2

                                          STATION:  SALINAS AIRPORT
                                          MONTH:    JUNE
                                          YEAR:     2017
                                          LATITUDE:   36 40 N
                                          LONGITUDE: 121 36 W

[TEMPERATURE DATA]      [PRECIPITATION DATA]       SYMBOLS USED IN COLUMN 16

AVERAGE MONTHLY: 62.8   TOTAL FOR MONTH:   0.07    1 = FOG OR MIST
DPTR FM NORMAL:   1.3   DPTR FM NORMAL:   -0.01    2 = FOG REDUCING VISIBILITY
HIGHEST:    83 ON 19    GRTST 24HR  0.07 ON  9- 9      TO 1/4 MILE OR LESS
LOWEST:     50 ON  5                               3 = THUNDER
                        SNOW, ICE PELLETS, HAIL    4 = ICE PELLETS
                        TOTAL MONTH:   0.0 INCH    5 = HAIL
                        GRTST 24HR     0.0         6 = FREEZING RAIN OR DRIZZLE
                        GRTST DEPTH:   0           7 = DUSTSTORM OR SANDSTORM:
                                                       VSBY 1/2 MILE OR LESS
                                                   8 = SMOKE OR HAZE
[NO. OF DAYS WITH]      [WEATHER - DAYS WITH]      9 = BLOWING SNOW
                                                   X = TORNADO
MAX 32 OR BELOW:   0    0.01 INCH OR MORE:   1
MAX 90 OR ABOVE:   0    0.10 INCH OR MORE:   0
MIN 32 OR BELOW:   0    0.50 INCH OR MORE:   0
MIN  0 OR BELOW:   0    1.00 INCH OR MORE:   0

[HDD (BASE 65) ]
TOTAL THIS MO.    55    CLEAR  (SCALE 0-3)  14
DPTR FM NORMAL   -40    PTCLDY (SCALE 4-7)  10
TOTAL FM JUL 1  2389    CLOUDY (SCALE 8-10)  0
DPTR FM NORMAL  -279

[CDD (BASE 65) ]
TOTAL THIS MO.     9
DPTR FM NORMAL     9    [PRESSURE DATA]
TOTAL FM JAN 1    27    HIGHEST SLP M ON M
DPTR FM NORMAL    11    LOWEST  SLP 29.66 ON 22

[REMARKS]
