000
CXUS55 KPUB 291159
CF6SPD
PRELIMINARY LOCAL CLIMATOLOGICAL DATA (WS FORM: F-6)

                                          STATION:   SPRINGFIELD CO
                                          MONTH:     JANUARY
                                          YEAR:      2015
                                          LATITUDE:   37 16 N
                                          LONGITUDE: 102 37 W

  TEMPERATURE IN F:       :PCPN:    SNOW:  WIND      :SUNSHINE: SKY     :PK WND
================================================================================
1   2   3   4   5  6A  6B    7    8   9   10  11  12  13   14  15   16   17  18
                                     12Z  AVG MX 2MIN
DY MAX MIN AVG DEP HDD CDD  WTR  SNW DPTH SPD SPD DIR MIN PSBL S-S WX    SPD DR
================================================================================

 1  29   7  18 -13  47   0 0.00  0.0    M  6.1 14 300   M    M   0        16 300
 2  38   7  23  -8  42   0 0.00  0.0    M  7.4 17 310   M    M   0        20 300
 3  39   8  24  -7  41   0 0.01    M    M 14.5 40 360   M    M   0        47 360
 4  31   0  16 -15  49   0 0.00  0.0    M 10.2 25 170   M    M   0        29 170
 5  64  10  37   5  28   0 0.00  0.0    0  8.1 31 290   M    M   0        39 290
 6  54  21  38   6  27   0 0.00  0.0    0 10.4 26 190   M    M   0        32 180
 7  36  12  24  -8  41   0 0.00  0.0    0 15.8 31  40   M    M   0        39  30
 8  59  20  40   8  25   0 0.00  0.0    M 14.2 31 340   M    M   0        38 350
 9  27  19  23  -9  42   0 0.00  0.0    M 10.7 21 200   M    M   0        26 200
10  51  19  35   3  30   0 0.00  0.0    M  8.6 20 200   M    M   0        24 190
11  57  21  39   7  26   0 0.00  0.0    0 10.3 21  20   M    M   0        25  20
12  29  19  24  -8  41   0 0.01    M    0 10.4 17  30   M    M   0        20  40
13  37  14  26  -6  39   0 0.01    M    M 14.5 23 180   M    M   0        27 170
14  40  16  28  -4  37   0 0.00  0.0    M  8.2 20 340   M    M   0        25 350
15  51  18  35   3  30   0 0.00  0.0    0 12.0 22 340   M    M   0        27 330
16  70  20  45  13  20   0 0.00  0.0    0  8.4 18 270   M    M   0        23 280
17  55  23  39   7  26   0 0.00  0.0    0 15.4 32 340   M    M   0        39 340
18  66  27  47  15  18   0 0.00  0.0    0 11.7 23 330   M    M   0        31 330
19  65  28  47  15  18   0 0.00  0.0    0 10.3 24 310   M    M   0        28 310
20  40  25  33   1  32   0 0.00  0.0    0  6.2 14  60   M    M   0        16  70
21  35  25  30  -2  35   0 0.29    M    M  9.5 17  30   M    M   0        21  40
22  33   7  20 -12  45   0 0.00  0.0    M  6.5 14 350   M    M   0        16 350
23  43   8  26  -7  39   0 0.00  0.0    M 14.7 24 320   M    M   0        31 310
24  57  23  40   7  25   0 0.00  0.0    M 10.8 21  10   M    M   0        25 360
25  57  31  44  11  21   0 0.00  0.0    M 12.6 23 340   M    M   0        28 340
26  68  31  50  17  15   0 0.00  0.0    M 10.1 22 350   M    M   0        29  10
27  74  36  55  22  10   0 0.00  0.0    0  9.1 21 220   M    M   0        26 220
28  67  31  49  16  16   0 0.00  0.0    0 13.5 26 310   M    M   0        32 310
================================================================================
SM 1372  526       865   0  0.32     0.0 300.2          M        0
================================================================================
AV 49.0 18.8                              10.7 FASTST   M    M   0    MAX(MPH)
                                 MISC ---->  # 40 360               # 47  360
================================================================================
NOTES:
# LAST OF SEVERAL OCCURRENCES

COLUMN 17 PEAK WIND IN M.P.H.

PRELIMINARY LOCAL CLIMATOLOGICAL DATA (WS FORM: F-6) , PAGE 2

                                          STATION:  SPRINGFIELD CO
                                          MONTH:    JANUARY
                                          YEAR:     2015
                                          LATITUDE:   37 16 N
                                          LONGITUDE: 102 37 W

[TEMPERATURE DATA]      [PRECIPITATION DATA]       SYMBOLS USED IN COLUMN 16

AVERAGE MONTHLY: 33.9   TOTAL FOR MONTH:   0.32    1 = FOG OR MIST
DPTR FM NORMAL:   1.8   DPTR FM NORMAL:    0.00    2 = FOG REDUCING VISIBILITY
HIGHEST:    74 ON 27    GRTST 24HR  0.29 ON 21-21      TO 1/4 MILE OR LESS
LOWEST:      0 ON  4                               3 = THUNDER
                        SNOW, ICE PELLETS, HAIL    4 = ICE PELLETS
                        TOTAL MONTH:   0.0 INCH    5 = HAIL
                        GRTST 24HR     0.0         6 = FREEZING RAIN OR DRIZZLE
                        GRTST DEPTH:   0           7 = DUSTSTORM OR SANDSTORM:
                                                       VSBY 1/2 MILE OR LESS
                                                   8 = SMOKE OR HAZE
[NO. OF DAYS WITH]      [WEATHER - DAYS WITH]      9 = BLOWING SNOW
                                                   X = TORNADO
MAX 32 OR BELOW:   4    0.01 INCH OR MORE:   4
MAX 90 OR ABOVE:   0    0.10 INCH OR MORE:   1
MIN 32 OR BELOW:  27    0.50 INCH OR MORE:   0
MIN  0 OR BELOW:   1    1.00 INCH OR MORE:   0

[HDD (BASE 65) ]
TOTAL THIS MO.   865    CLEAR  (SCALE 0-3)  28
DPTR FM NORMAL   -58    PTCLDY (SCALE 4-7)   0
TOTAL FM JUL 1  2978    CLOUDY (SCALE 8-10)  0
DPTR FM NORMAL  -103

[CDD (BASE 65) ]
TOTAL THIS MO.     0
DPTR FM NORMAL     0    [PRESSURE DATA]
TOTAL FM JAN 1     0    HIGHEST SLP 99.90 ON 24
DPTR FM NORMAL     0    LOWEST  SLP 29.99 ON  3

[REMARKS]
