000
CXUS55 KPUB 251059
CF6SPD
PRELIMINARY LOCAL CLIMATOLOGICAL DATA (WS FORM: F-6)

                                          STATION:   SPRINGFIELD CO
                                          MONTH:     AUGUST
                                          YEAR:      2016
                                          LATITUDE:   37 16 N
                                          LONGITUDE: 102 37 W

  TEMPERATURE IN F:       :PCPN:    SNOW:  WIND      :SUNSHINE: SKY     :PK WND
================================================================================
1   2   3   4   5  6A  6B    7    8   9   10  11  12  13   14  15   16   17  18
                                     12Z  AVG MX 2MIN
DY MAX MIN AVG DEP HDD CDD  WTR  SNW DPTH SPD SPD DIR MIN PSBL S-S WX    SPD DR
================================================================================

 1  96  63  80   4   0  15 0.00  0.0    0  8.9 18 230   M    M   0        25 220
 2  97  62  80   4   0  15 0.00  0.0    0  9.1 25 130   M    M   0        30 130
 3  93  65  79   3   0  14 0.00  0.0    0 10.4 25 180   M    M   0        32 180
 4  96  64  80   4   0  15 0.32  0.0    0 11.4 24 330   M    M   0        33 340
 5  82  60  71  -5   0   6 0.11  0.0    0  7.2 14 190   M    M   0        44 220
 6  87  61  74  -2   0   9 0.22  0.0    0 13.1 23 170   M    M   0        35 180
 7  87  60  74  -2   0   9 0.00  0.0    0  6.4 15 110   M    M   0        32 160
 8  91  61  76   1   0  11 0.00  0.0    0  6.7 32 340   M    M   0        43 350
 9  90  63  77   2   0  12 0.00  0.0    0 12.5 22 170   M    M   0        27 150
10  95  65  80   5   0  15 0.00  0.0    0 11.8 22 180   M    M   0        27 170
11  90  67  79   4   0  14 0.00  0.0    0  7.8 18 320   M    M   0        25 340
12  83  57  70  -5   0   5 0.00  0.0    0 11.1 31 360   M    M   0        40 360
13  84  55  70  -5   0   5 0.00  0.0    0  7.0 18 340   M    M   0        22 340
14  84  58  71  -4   0   6 0.00  0.0    0 10.0 23 190   M    M   0        28 190
15  88  56  72  -3   0   7 0.00  0.0    0 13.9 26 190   M    M   0        35 190
16  88  58  73  -1   0   8 0.00  0.0    0  8.0 17 230   M    M   0        21 230
17  91  56  74   0   0   9 0.00  0.0    0 11.9 25 180   M    M   0        32 150
18  91  53  72  -2   0   7 0.00  0.0    0 13.9 25 170   M    M   0        34 160
19  82  51  67  -7   0   2    M  0.0    0 14.3 48 310   M    M   0        66 300
20  72  52  62 -12   3   0    M  0.0    0 11.5 31 340   M    M   0        36 340
21  83  57  70  -4   0   5 0.00  0.0    0 15.6 31 190   M    M   0        40 170
22  85  60  73  -1   0   8 0.00  0.0    0 21.4 36 190   M    M   0        44 180
23  91  58  75   2   0  10 0.00  0.0    0  8.8 22 320   M    M   0        31 330
24  78  58  68  -5   0   3    M  0.0    0 11.5 21 320   M    M   0        27 320
================================================================================
SM 2104 1420         3 210  0.65     0.0 264.2          M        0
================================================================================
AV 87.7 59.2                              11.0 FASTST   M    M   0    MAX(MPH)
                                 MISC ---->  # 48 310               # 66  300
================================================================================
NOTES:
# LAST OF SEVERAL OCCURRENCES

COLUMN 17 PEAK WIND IN M.P.H.

PRELIMINARY LOCAL CLIMATOLOGICAL DATA (WS FORM: F-6) , PAGE 2

                                          STATION:  SPRINGFIELD CO
                                          MONTH:    AUGUST
                                          YEAR:     2016
                                          LATITUDE:   37 16 N
                                          LONGITUDE: 102 37 W

[TEMPERATURE DATA]      [PRECIPITATION DATA]       SYMBOLS USED IN COLUMN 16

AVERAGE MONTHLY: 73.4   TOTAL FOR MONTH:   0.65    1 = FOG OR MIST
DPTR FM NORMAL:  -1.4   DPTR FM NORMAL:   -1.69    2 = FOG REDUCING VISIBILITY
HIGHEST:    97 ON  2    GRTST 24HR  0.96 ON 23-24      TO 1/4 MILE OR LESS
LOWEST:     51 ON 19                               3 = THUNDER
                        SNOW, ICE PELLETS, HAIL    4 = ICE PELLETS
                        TOTAL MONTH:   0.0 INCH    5 = HAIL
                        GRTST 24HR     0.0         6 = FREEZING RAIN OR DRIZZLE
                        GRTST DEPTH:   0           7 = DUSTSTORM OR SANDSTORM:
                                                       VSBY 1/2 MILE OR LESS
                                                   8 = SMOKE OR HAZE
[NO. OF DAYS WITH]      [WEATHER - DAYS WITH]      9 = BLOWING SNOW
                                                   X = TORNADO
MAX 32 OR BELOW:   0    0.01 INCH OR MORE:   3
MAX 90 OR ABOVE:  11    0.10 INCH OR MORE:   3
MIN 32 OR BELOW:   0    0.50 INCH OR MORE:   0
MIN  0 OR BELOW:   0    1.00 INCH OR MORE:   0

[HDD (BASE 65) ]
TOTAL THIS MO.     3    CLEAR  (SCALE 0-3)  24
DPTR FM NORMAL     3    PTCLDY (SCALE 4-7)   0
TOTAL FM JUL 1     3    CLOUDY (SCALE 8-10)  0
DPTR FM NORMAL     1

[CDD (BASE 65) ]
TOTAL THIS MO.   210
DPTR FM NORMAL   -27    [PRESSURE DATA]
TOTAL FM JAN 1   890    HIGHEST SLP M ON M
DPTR FM NORMAL    42    LOWEST  SLP 29.87 ON 20

[REMARKS]
