000
CXUS54 KOUN 250800
CF6SPS
PRELIMINARY LOCAL CLIMATOLOGICAL DATA (WS FORM: F-6)

                                          STATION:   WICHITA FALLS
                                          MONTH:     DECEMBER
                                          YEAR:      2014
                                          LATITUDE:   33 58 N
                                          LONGITUDE:  98 29 W

  TEMPERATURE IN F:       :PCPN:    SNOW:  WIND      :SUNSHINE: SKY     :PK WND
================================================================================
1   2   3   4   5  6A  6B    7    8   9   10  11  12  13   14  15   16   17  18
                                     12Z  AVG MX 2MIN
DY MAX MIN AVG DEP HDD CDD  WTR  SNW DPTH SPD SPD DIR MIN PSBL S-S WX    SPD DR
================================================================================

 1  34  25  30 -16  35   0 0.00  0.0    0 15.0 30  10   M    M   6        37  10
 2  45  22  34 -12  31   0 0.00  0.0    0  8.4 16 180   M    M   6        19 180
 3  58  39  49   4  16   0    T  0.0    0  8.8 15  50   M    M   7 12     17  50
 4  62  47  55  10  10   0 0.00  0.0    0  5.6 17 150   M    M   9 128    21 160
 5  67  47  57  12   8   0 0.00  0.0    0 11.1 21 320   M    M   9 1      24 330
 6  57  43  50   6  15   0 0.00  0.0    0 10.0 16  20   M    M   8 1      19  10
 7  50  44  47   3  18   0 0.01  0.0    0  5.0 12 150   M    M  10 12     13 150
 8  56  38  47   3  18   0 0.00  0.0    0  3.1 10 220   M    M   8 128    11 220
 9  57  38  48   4  17   0 0.00  0.0    0  5.2  9 200   M    M   8 12     11  90
10  65  39  52   9  13   0 0.00  0.0    0  7.9 15 180   M    M   6 128    18 180
11  64  54  59  16   6   0 0.00  0.0    0  5.4 13 100   M    M  10 18     15 110
12  63  52  58  15   7   0 0.00  0.0    0  8.4 15 110   M    M   9 128    17 100
13  68  53  61  18   4   0 0.00  0.0    0 12.1 23 180   M    M   7 12     29 180
14  73  50  62  20   3   0 0.12  0.0    0 15.9 29 190   M    M   5 1      36 190
15  59  43  51   9  14   0 0.00  0.0    0 17.5 29 300   M    M   0        35 300
16  51  32  42   0  23   0 0.00  0.0    0  7.4 24 340   M    M   3        29 340
17  42  39  41  -1  24   0 0.67  0.0    0  9.8 20 110   M    M  10 13     25 110
18  46  40  43   1  22   0    T  0.0    0  7.3 15 100   M    M  10 1      26  50
19  46  43  45   3  20   0    T  0.0    0  6.4 12  40   M    M  10 1      14  60
20  46  42  44   2  21   0    T  0.0    0  7.9 15 140   M    M  10 1      18 140
21  56  41  49   7  16   0 0.00  0.0    0 15.0 23 160   M    M   7 1      28 160
22  63  40  52  10  13   0    T  0.0    0 10.1 21 330   M    M   3 1      27 320
23  53  39  46   4  19   0    T  0.0    0 14.8 28 350   M    M   6        35 350
24  50  33  42   1  23   0 0.00  0.0    0 13.4 23 330   M    M   3        28 330
================================================================================
SM 1331  983       396   0  0.80     0.0 231.5          M      170
================================================================================
AV 55.5 41.0                               9.6 FASTST   M    M   7    MAX(MPH)
                                 MISC ---->  # 30  10               # 37   10
================================================================================
NOTES:
# LAST OF SEVERAL OCCURRENCES

COLUMN 17 PEAK WIND IN M.P.H.

PRELIMINARY LOCAL CLIMATOLOGICAL DATA (WS FORM: F-6) , PAGE 2

                                          STATION:  WICHITA FALLS
                                          MONTH:    DECEMBER
                                          YEAR:     2014
                                          LATITUDE:   33 58 N
                                          LONGITUDE:  98 29 W

[TEMPERATURE DATA]      [PRECIPITATION DATA]       SYMBOLS USED IN COLUMN 16

AVERAGE MONTHLY: 48.2   TOTAL FOR MONTH:   0.80    1 = FOG OR MIST
DPTR FM NORMAL:   5.0   DPTR FM NORMAL:   -0.49    2 = FOG REDUCING VISIBILITY
HIGHEST:    73 ON 14    GRTST 24HR  0.67 ON 17-17      TO 1/4 MILE OR LESS
LOWEST:     22 ON  2                               3 = THUNDER
                        SNOW, ICE PELLETS, HAIL    4 = ICE PELLETS
                        TOTAL MONTH:   0.0 INCH    5 = HAIL
                        GRTST 24HR     0.0         6 = FREEZING RAIN OR DRIZZLE
                        GRTST DEPTH:   0           7 = DUSTSTORM OR SANDSTORM:
                                                       VSBY 1/2 MILE OR LESS
                                                   8 = SMOKE OR HAZE
[NO. OF DAYS WITH]      [WEATHER - DAYS WITH]      9 = BLOWING SNOW
                                                   X = TORNADO
MAX 32 OR BELOW:   0    0.01 INCH OR MORE:   3
MAX 90 OR ABOVE:   0    0.10 INCH OR MORE:   2
MIN 32 OR BELOW:   3    0.50 INCH OR MORE:   1
MIN  0 OR BELOW:   0    1.00 INCH OR MORE:   0

[HDD (BASE 65) ]
TOTAL THIS MO.   396    CLEAR  (SCALE 0-3)   4
DPTR FM NORMAL  -128    PTCLDY (SCALE 4-7)  11
TOTAL FM JUL 1   908    CLOUDY (SCALE 8-10)  9
DPTR FM NORMAL  -123

[CDD (BASE 65) ]
TOTAL THIS MO.     0
DPTR FM NORMAL     0    [PRESSURE DATA]
TOTAL FM JAN 1  2558    HIGHEST SLP M ON M
DPTR FM NORMAL   170    LOWEST  SLP 29.50 ON 22

[REMARKS]
