000
CXUS54 KLZK 271230
CF6SRC
PRELIMINARY LOCAL CLIMATOLOGICAL DATA (WS FORM: F-6)
STATION: SEARCY AIRPORT
MONTH: MARCH
YEAR: 2024
LATITUDE: 35 12 N
LONGITUDE: 91 44 W
TEMPERATURE IN F: :PCPN: SNOW: WIND :SUNSHINE: SKY :PK WND
================================================================================
1 2 3 4 5 6A 6B 7 8 9 10 11 12 13 14 15 16 17 18
12Z AVG MX 2MIN
DY MAX MIN AVG DEP HDD CDD WTR SNW DPTH SPD SPD DIR MIN PSBL S-S WX SPD DR
================================================================================
1 51 35 43 -3 22 0 0.03 M M 3.1 8 150 M M 7 M M
2 69 31 50 3 15 0 T M M 4.1 12 160 M M 3 12 M M
3 74 47 61 14 4 0 T M M 6.7 18 200 M M 4 1 28 200
4 78 55 67 19 0 2 0.33 M M 8.2 20 190 M M 8 123 38 150
5 77 59 68 20 0 3 0.00 M M 5.6 15 190 M M 2 M M
6 67 50 59 11 6 0 0.00 M M 6.4 14 10 M M 7 M M
7 60 50 55 7 10 0 0.30 M M 5.1 12 130 M M 7 1 M M
8 63 52 58 9 7 0 1.12 M M 3.7 10 120 M M 8 1 M M
9 59 40 50 1 15 0 T M M 8.5 15 360 M M 6 23 340
10 64 31 48 -2 17 0 0.00 M M 2.3 7 99 M M 0 M M
11 67 34 51 1 14 0 0.00 M M 5.1 17 180 M M 0 22 180
12 72 38 55 5 10 0 0.00 M M 5.8 15 180 M M 0 21 190
13 78 47 63 13 2 0 0.00 M M 6.1 14 190 M M 4 22 190
14 75 60 68 17 0 3 0.63 M M 10.4 17 20 M M 10 13 33 10
15 62 45 54 3 11 0 1.77 M M 4.7 13 360 M M 8 13 17 350
16 70 42 56 4 9 0 T M M 2.4 8 190 M M 1 12 M M
17 65 48 57 5 8 0 T M M 7.1 14 20 M M 6 20 340
18 51 32 42 -10 23 0 0.00 M M 7.2 14 320 M M 0 21 320
19 65 25 45 -7 20 0 0.00 M M 5.9 14 220 M M 0 20 230
20 76 41 59 6 6 0 0.00 M M 5.3 15 150 M M 0 M M
21 64 46 55 2 10 0 0.01 M M 5.8 9 40 M M 4 M M
22 69 48 59 6 6 0 T M M 4.3 9 30 M M 6 M M
23 59 42 51 -3 14 0 0.00 M M 11.5 21 10 M M 4 31 10
24 65 41 53 -1 12 0 T M M 7.2 14 120 M M 1 M M
25 70 51 61 7 4 0 0.06 M M 14.1 27 160 M M 10 1 46 150
26 55 39 47 -7 18 0 0.01 M M 7.9 14 250 M M 1 1 21 270
================================================================================
SM 1725 1129 263 8 4.26 M 164.5 M 107
================================================================================
AV 66.3 43.4 6.3 FASTST M M 4 MAX(MPH)
MISC ----> 27 160 46 150
================================================================================
NOTES:
# LAST OF SEVERAL OCCURRENCES
COLUMN 17 PEAK WIND IN M.P.H.
PRELIMINARY LOCAL CLIMATOLOGICAL DATA (WS FORM: F-6) , PAGE 2
STATION: SEARCY AIRPORT
MONTH: MARCH
YEAR: 2024
LATITUDE: 35 12 N
LONGITUDE: 91 44 W
[TEMPERATURE DATA] [PRECIPITATION DATA] SYMBOLS USED IN COLUMN 16
AVERAGE MONTHLY: 54.9 TOTAL FOR MONTH: 4.26 1 = FOG OR MIST
DPTR FM NORMAL: 4.3 DPTR FM NORMAL: 0.25 2 = FOG REDUCING VISIBILITY
HIGHEST: 78 ON 4,13 GRTST 24HR 2.28 ON 14-15 TO 1/4 MILE OR LESS
LOWEST: 25 ON 19 3 = THUNDER
SNOW, ICE PELLETS, HAIL 4 = ICE PELLETS
TOTAL MONTH: M 5 = HAIL
GRTST 24HR M ON M 6 = FREEZING RAIN OR DRIZZLE
GRTST DEPTH: M ON M 7 = DUSTSTORM OR SANDSTORM:
VSBY 1/2 MILE OR LESS
8 = SMOKE OR HAZE
[NO. OF DAYS WITH] [WEATHER - DAYS WITH] 9 = BLOWING SNOW
X = TORNADO
MAX 32 OR BELOW: 0 0.01 INCH OR MORE: 9
MAX 90 OR ABOVE: 0 0.10 INCH OR MORE: 5
MIN 32 OR BELOW: 4 0.50 INCH OR MORE: 3
MIN 0 OR BELOW: 0 1.00 INCH OR MORE: 2
[HDD (BASE 65) ]
TOTAL THIS MO. 263 CLEAR (SCALE 0-3) 11
DPTR FM NORMAL -119 PTCLDY (SCALE 4-7) 12
TOTAL FM JUL 1 2546 CLOUDY (SCALE 8-10) 3
DPTR FM NORMAL -720
[CDD (BASE 65) ]
TOTAL THIS MO. 8
DPTR FM NORMAL 8 [PRESSURE DATA]
TOTAL FM JAN 1 15 HIGHEST SLP M ON M
DPTR FM NORMAL 15 LOWEST SLP M ON M
[REMARKS]