085
CXUS53 KGRB 300717
CF6STE
PRELIMINARY LOCAL CLIMATOLOGICAL DATA (WS FORM: F-6)

                                          STATION:   STEVENS POINT WI
                                          MONTH:     MAY
                                          YEAR:      2016
                                          LATITUDE:   44 32 N
                                          LONGITUDE:  89 32 W

  TEMPERATURE IN F:       :PCPN:    SNOW:  WIND      :SUNSHINE: SKY     :PK WND
================================================================================
1   2   3   4   5  6A  6B    7    8   9   10  11  12  13   14  15   16   17  18
                                     12Z  AVG MX 2MIN
DY MAX MIN AVG DEP HDD CDD  WTR  SNW DPTH SPD SPD DIR MIN PSBL S-S WX    SPD DR
================================================================================

 1  58  35  47   M  18   0 0.00  0.0    0  8.5 18  80   M    M   7        23  80
 2  62  28  45   M  20   0 0.00  0.0    0  2.4  9  40   M    M   4         M  M
 3  67  32  50   M  15   0 0.08    M    0  6.5 17 300   M    M   4 1      35 300
 4  58  34  46   M  19   0 0.00  0.0    0 10.4 18  10   M    M   3        30 310
 5  64  29  47   M  18   0 0.00  0.0    0  3.5 14 240   M    M   0 8      18 240
 6  86  42  64   M   1   0 0.04    M    0  5.7 14 360   M    M   2        20 240
 7  66  42  54   M  11   0 0.00  0.0    0  8.5 15 310   M    M   3        24  10
 8  67  40  54   M  11   0 0.00  0.0    0  4.5 17 350   M    M   0        23 350
 9  65  40  53   M  12   0 0.00  0.0    0 12.2 21 100   M    M   2        25 120
10  49  43  46   M  19   0 0.32    M    0 11.7 17  90   M    M  10        27  90
11  53  45  49   M  16   0 0.01    M    0  5.5 10  90   M    M  10 1       M  M
12  63  46  55   M  10   0 0.14    M    0  7.0 13 260   M    M   8 1      22 270
13  49  37  43   M  22   0 0.09    M    0  8.2 15 250   M    M   8        22 260
14  39  30  35   M  30   0 0.00  0.0    0  8.8 15 300   M    M   9        27 300
15  55  27  41   M  24   0 0.00  0.0    0  8.1 16 270   M    M   4        25 270
16  61  39  50   M  15   0 0.00  0.0    0  8.7 14 360   M    M   3        20 270
17  61  30  46   M  19   0 0.00  0.0    0  4.2 10  70   M    M   3        17 100
18  65  29  47   M  18   0 0.00  0.0    0  1.6  9 250   M    M   0         M  M
19  71  34  53   M  12   0 0.00  0.0    0  3.5 13 230   M    M   1        17 230
20  72  37  55   M  10   0 0.00  0.0    0  3.3  9  90   M    M   0        16  40
21  78  38  58   M   7   0 0.00  0.0    0  4.2 14  30   M    M   1        20  30
22  81  42  62   M   3   0 0.00  0.0    0  2.8  7 220   M    M   0         M  M
23  83  54  69   M   0   4 0.00  0.0    0 10.1 18 200   M    M   0        28 210
24  80  54  67   M   0   2 0.01  0.0    0  3.5 12 230   M    M   5         M  M
25  76  49  63   M   2   0 0.09    M    0  9.0 17  90   M    M   6 13     27 120
26  78  55  67   M   0   2 0.22  0.0    0  5.5 17 230   M    M   5 123    25 230
27  72  51  62   M   3   0 0.46  0.0    0  4.8 12  90   M    M   7 1      18  90
28  78  63  71   M   0   6 0.02  0.0    0  9.3 18 220   M    M   7 1      27 210
29  73  57  65   M   0   0 0.17  0.0    0  7.2 14 280   M    M   6        24 260
================================================================================
SM 1930 1182       335  14  1.65     0.0 189.2          M      118
================================================================================
AV 66.6 40.8                               6.5 FASTST   M    M   4    MAX(MPH)
                                 MISC ---->    21   M               # 35  300
================================================================================
NOTES:
# LAST OF SEVERAL OCCURRENCES

COLUMN 17 PEAK WIND IN M.P.H.

PRELIMINARY LOCAL CLIMATOLOGICAL DATA (WS FORM: F-6) , PAGE 2

                                          STATION:  STEVENS POINT WI
                                          MONTH:    MAY
                                          YEAR:     2016
                                          LATITUDE:   44 32 N
                                          LONGITUDE:  89 32 W

[TEMPERATURE DATA]      [PRECIPITATION DATA]       SYMBOLS USED IN COLUMN 16

AVERAGE MONTHLY: 53.7   TOTAL FOR MONTH:   1.65    1 = FOG OR MIST
DPTR FM NORMAL:     M   DPTR FM NORMAL:       M    2 = FOG REDUCING VISIBILITY
HIGHEST:    86 ON  6    GRTST 24HR  0.46 ON 27-27      TO 1/4 MILE OR LESS
LOWEST:     27 ON 15                               3 = THUNDER
                        SNOW, ICE PELLETS, HAIL    4 = ICE PELLETS
                        TOTAL MONTH:   0.0 INCH    5 = HAIL
                        GRTST 24HR     0.0         6 = FREEZING RAIN OR DRIZZLE
                        GRTST DEPTH:   0           7 = DUSTSTORM OR SANDSTORM:
                                                       VSBY 1/2 MILE OR LESS
                                                   8 = SMOKE OR HAZE
[NO. OF DAYS WITH]      [WEATHER - DAYS WITH]      9 = BLOWING SNOW
                                                   X = TORNADO
MAX 32 OR BELOW:   0    0.01 INCH OR MORE:  12
MAX 90 OR ABOVE:   0    0.10 INCH OR MORE:   5
MIN 32 OR BELOW:   7    0.50 INCH OR MORE:   0
MIN  0 OR BELOW:   0    1.00 INCH OR MORE:   0

[HDD (BASE 65) ]
TOTAL THIS MO.   335    CLEAR  (SCALE 0-3)  11
DPTR FM NORMAL     M    PTCLDY (SCALE 4-7)  14
TOTAL FM JUL 1  7512    CLOUDY (SCALE 8-10)  4
DPTR FM NORMAL  7254

[CDD (BASE 65) ]
TOTAL THIS MO.    14
DPTR FM NORMAL     M    [PRESSURE DATA]
TOTAL FM JAN 1    14    HIGHEST SLP M ON M
DPTR FM NORMAL    14    LOWEST  SLP M ON M

[REMARKS]
