000
CXUS55 KEAX 010736
CF6STJ
PRELIMINARY LOCAL CLIMATOLOGICAL DATA (WS FORM: F-6)

                                          STATION:   ST. JOSEPH MO
                                          MONTH:     JULY
                                          YEAR:      2015
                                          LATITUDE:   39 46 N
                                          LONGITUDE:  94 55 W

  TEMPERATURE IN F:       :PCPN:    SNOW:  WIND      :SUNSHINE: SKY     :PK WND
================================================================================
1   2   3   4   5  6A  6B    7    8   9   10  11  12  13   14  15   16   17  18
                                     12Z  AVG MX 2MIN
DY MAX MIN AVG DEP HDD CDD  WTR  SNW DPTH SPD SPD DIR MIN PSBL S-S WX    SPD DR
================================================================================

 1  86  69  78   2   0  13 0.32    M    M  9.0 18  50   M    M   5 13     24  40
 2  74  66  70  -6   0   5 0.06    M    M  7.0 13  70   M    M  10 1      18  60
 3  81  63  72  -4   0   7 0.00    M    M  4.9 12  20   M    M   4        16  30
 4  83  57  70  -6   0   5 0.00    M    M  4.2 12 180   M    M   0 18     14 220
 5  90  67  79   2   0  14 0.00    M    M  9.4 20 160   M    M   0 18     24 170
 6  88  64  76  -1   0  11 1.94    M    M 11.0 23  30   M    M   5 13     26  30
 7  74  62  68  -9   0   3 0.06    M    M  7.5 14  30   M    M   5 18     17  30
 8  70  60  65 -12   0   0 0.00    M    M  7.0 16  60   M    M   8 1      20  80
 9  79  60  70  -7   0   5 0.00    M    M  4.7 13 170   M    M   1        17 170
10  75  62  69  -8   0   4 0.02    M    M  5.9 16 150   M    M   2 13     20 150
11  91  71  81   4   0  16 0.02    M    M  9.5 18 200   M    M   3 1      24 190
12  93  74  84   7   0  19 0.00    M    M  8.7 15 180   M    M   0        18 180
13  94  75  85   8   0  20 0.01    M    M  5.8 15 190   M    M   0 3      18 200
14  96  69  83   6   0  18 0.00    M    M  2.2  8  80   M    M   5 12     11 110
15  86  76  81   4   0  16 0.04    M    M  8.0 18 140   M    M   2        23 160
16  92  73  83   6   0  18    M    M    M  8.5 20 360   M    M   2 13     25 360
17  94  75  85   8   0  20 0.00    M    M  8.2 17 190   M    M   0        22 200
18  90  73  82   5   0  17    M    M    M  7.6 23 210   M    M   2 13     29 210
19  84  72  78   1   0  13    M    M    M  4.2 14 110   M    M   6 13     18 110
20  88  70  79   2   0  14 1.54    M    M  6.9 26 250   M    M   3 13     36 260
21  81  64  73  -4   0   8 0.00    M    M  3.8 12  20   M    M   1        14  50
22  84  61  73  -4   0   8 0.00    M    M  3.6 10 130   M    M   2        14 140
23  88  66  77   0   0  12 0.00    M    M  5.0 10 130   M    M   2 1      15 140
24  95  73  84   7   0  19 0.00    M    M  7.0 18 200   M    M   1 13     24 180
25  85  72  79   2   0  14 0.02    M    M  8.4 26 190   M    M   3 13     36 320
26  90  72  81   4   0  16 0.06    M    M  5.8 18  10   M    M   3 13     26  10
27  91  76  84   7   0  19 0.00    M    M  6.8 17 100   M    M   0        24  90
28  94  74  84   7   0  19    T    M    M 10.0 26  20   M    M   1 3      31  20
29  84  66  75  -2   0  10 1.70    M    M  4.0 23  10   M    M   3 13     27  20
30  87  62  75  -2   0  10 0.00    M    M  2.3 10 210   M    M   2 12     13 210
31  90  63  77   0   0  12 0.00    M    M  3.3 17 360   M    M   1 123    22  10
================================================================================
SM 2677 2107         0 385  5.79    M    200.2          M       82
================================================================================
AV 86.4 68.0                               6.5 FASTST   M    M   3    MAX(MPH)
                                 MISC ---->  # 26 250               # 36  260
================================================================================
NOTES:
# LAST OF SEVERAL OCCURRENCES

COLUMN 17 PEAK WIND IN M.P.H.

PRELIMINARY LOCAL CLIMATOLOGICAL DATA (WS FORM: F-6) , PAGE 2

                                          STATION:  ST. JOSEPH MO
                                          MONTH:    JULY
                                          YEAR:     2015
                                          LATITUDE:   39 46 N
                                          LONGITUDE:  94 55 W

[TEMPERATURE DATA]      [PRECIPITATION DATA]       SYMBOLS USED IN COLUMN 16

AVERAGE MONTHLY: 77.2   TOTAL FOR MONTH:   5.79    1 = FOG OR MIST
DPTR FM NORMAL:   0.1   DPTR FM NORMAL:    0.60    2 = FOG REDUCING VISIBILITY
HIGHEST:    96 ON 14    GRTST 24HR  2.00 ON  6- 7      TO 1/4 MILE OR LESS
LOWEST:     57 ON  4                               3 = THUNDER
                        SNOW, ICE PELLETS, HAIL    4 = ICE PELLETS
                        TOTAL MONTH:    M          5 = HAIL
                        GRTST 24HR    M  ON   M    6 = FREEZING RAIN OR DRIZZLE
                        GRTST DEPTH:  M  ON   M    7 = DUSTSTORM OR SANDSTORM:
                                                       VSBY 1/2 MILE OR LESS
                                                   8 = SMOKE OR HAZE
[NO. OF DAYS WITH]      [WEATHER - DAYS WITH]      9 = BLOWING SNOW
                                                   X = TORNADO
MAX 32 OR BELOW:   0    0.01 INCH OR MORE:  12
MAX 90 OR ABOVE:  13    0.10 INCH OR MORE:   4
MIN 32 OR BELOW:   0    0.50 INCH OR MORE:   3
MIN  0 OR BELOW:   0    1.00 INCH OR MORE:   3

[HDD (BASE 65) ]
TOTAL THIS MO.     0    CLEAR  (SCALE 0-3)  21
DPTR FM NORMAL    -1    PTCLDY (SCALE 4-7)   9
TOTAL FM JUL 1     0    CLOUDY (SCALE 8-10)  1
DPTR FM NORMAL    -1

[CDD (BASE 65) ]
TOTAL THIS MO.   385
DPTR FM NORMAL    11    [PRESSURE DATA]
TOTAL FM JAN 1   767    HIGHEST SLP  0.00 ON M
DPTR FM NORMAL    13    LOWEST  SLP  0.00 ON M

[REMARKS]
#FINAL-07-15#
