000
CXUS53 KMPX 271000
CF6STP
PRELIMINARY LOCAL CLIMATOLOGICAL DATA (WS FORM: F-6)

                                          STATION:   ST PAUL MN
                                          MONTH:     FEBRUARY
                                          YEAR:      2015
                                          LATITUDE:   44 55 N
                                          LONGITUDE:  93  4 W

  TEMPERATURE IN F:       :PCPN:    SNOW:  WIND      :SUNSHINE: SKY     :PK WND
================================================================================
1   2   3   4   5  6A  6B    7    8   9   10  11  12  13   14  15   16   17  18
                                     12Z  AVG MX 2MIN
DY MAX MIN AVG DEP HDD CDD  WTR  SNW DPTH SPD SPD DIR MIN PSBL S-S WX    SPD DR
================================================================================

 1  20   5  13  -5  52   0    M    M    M 13.6 22  20   M    M   5 8      28  20
 2  18   1  10  -9  55   0    M    M    M  6.9 14 180   M    M   2        18 190
 3  17   6  12  -7  53   0    M    M    M  1.8 10 330   M    M   6 18     12 330
 4  17   1   9 -10  56   0    M    M    M 12.1 23 280   M    M   3 18     29 280
 5  20  -6   7 -12  58   0    M    M    M  8.5 22 220   M    M   1        27 220
 6  32  10  21   2  44   0    M    M    M  7.0 12 120   M    M   3        20 200
 7  36  20  28   8  37   0    M    M    M  5.4 14 140   M    M   0 18     15 140
 8  32  23  28   8  37   0    M    M    M  8.8 15  10   M    M   7 8      19  20
 9  33  21  27   7  38   0    M    M    M  4.8 10 100   M    M   4        14  30
10  29  22  26   6  39   0    M    M    M 10.1 24 150   M    M   7 16     30 130
11  30   3  17  -4  48   0    M    M    M 20.5 31 310   M    M   6 18     39 310
12  10  -3   4 -17  61   0    M    M    M  8.1 21 330   M    M   0        27 330
13  31   5  18  -3  47   0    M    M    M 11.2 26 310   M    M   7        44 240
14  12  -3   5 -17  60   0    M    M    M 15.6 30 330   M    M   1        37 320
15   9   0   5 -17  60   0    M    M    M  9.3 15 160   M    M   8        18 160
16  20   9  15  -7  50   0    M    M    M  8.7 20 310   M    M  10 8      24 320
17  11  -1   5 -17  60   0    M    M    M 16.1 25 320   M    M   7 8      34 310
18   1  -9  -4 -27  69   0    M    M    M 16.3 23 310   M    M   3 8      27 320
19   9 -10   0 -23  65   0    M    M    M  7.4 14 150   M    M   1        18 160
20  24   4  14 -10  51   0    M    M    M  7.5 20 170   M    M  10 18     25 180
21  24   1  13 -11  52   0    M    M    M 12.7 25 320   M    M   6 8      29 320
22   2  -8  -3 -27  68   0    M    M    M 13.5 20 320   M    M   0        25 320
23  24 -11   7 -17  58   0    M    M    M  9.6 25 210   M    M   1        38 200
24  32  13  23  -2  42   0    M    M    M 16.1 33 320   M    M   5 8      45 310
25  16   5  11 -14  54   0    M    M    M  9.0 15 350   M    M   5 8      19 350
26  11  -3   4 -22  61   0    M    M    M 10.4 17 330   M    M   0        21 330
================================================================================
SM  520   95      1375   0    M     M    271.0          M      108
================================================================================
AV 20.0  3.7                              10.4 FASTST   M    M   4    MAX(MPH)
                                 MISC ---->  # 33 320               # 45  310
================================================================================
NOTES:
# LAST OF SEVERAL OCCURRENCES

COLUMN 17 PEAK WIND IN M.P.H.

PRELIMINARY LOCAL CLIMATOLOGICAL DATA (WS FORM: F-6) , PAGE 2

                                          STATION:  ST PAUL MN
                                          MONTH:    FEBRUARY
                                          YEAR:     2015
                                          LATITUDE:   44 55 N
                                          LONGITUDE:  93  4 W

[TEMPERATURE DATA]      [PRECIPITATION DATA]       SYMBOLS USED IN COLUMN 16

AVERAGE MONTHLY: 11.8   TOTAL FOR MONTH:      M    1 = FOG OR MIST
DPTR FM NORMAL:  -9.8   DPTR FM NORMAL:       M    2 = FOG REDUCING VISIBILITY
HIGHEST:    36 ON  7    GRTST 24HR  0.09 ON  9-10      TO 1/4 MILE OR LESS
LOWEST:    -11 ON 23                               3 = THUNDER
                        SNOW, ICE PELLETS, HAIL    4 = ICE PELLETS
                        TOTAL MONTH:    M          5 = HAIL
                        GRTST 24HR    M  ON   M    6 = FREEZING RAIN OR DRIZZLE
                        GRTST DEPTH:  M  ON   M    7 = DUSTSTORM OR SANDSTORM:
                                                       VSBY 1/2 MILE OR LESS
                                                   8 = SMOKE OR HAZE
[NO. OF DAYS WITH]      [WEATHER - DAYS WITH]      9 = BLOWING SNOW
                                                   X = TORNADO
MAX 32 OR BELOW:  24    0.01 INCH OR MORE:   0
MAX 90 OR ABOVE:   0    0.10 INCH OR MORE:   0
MIN 32 OR BELOW:  26    0.50 INCH OR MORE:   0
MIN  0 OR BELOW:  10    1.00 INCH OR MORE:   0

[HDD (BASE 65) ]
TOTAL THIS MO.  1375    CLEAR  (SCALE 0-3)  12
DPTR FM NORMAL   247    PTCLDY (SCALE 4-7)  12
TOTAL FM JUL 1  5870    CLOUDY (SCALE 8-10)  2
DPTR FM NORMAL   338

[CDD (BASE 65) ]
TOTAL THIS MO.     0
DPTR FM NORMAL     0    [PRESSURE DATA]
TOTAL FM JAN 1     0    HIGHEST SLP M ON M
DPTR FM NORMAL     0    LOWEST  SLP 29.54 ON  7

[REMARKS]
