000
CXUS53 KMPX 201000
CF6STP
PRELIMINARY LOCAL CLIMATOLOGICAL DATA (WS FORM: F-6)

                                          STATION:   ST PAUL MN
                                          MONTH:     DECEMBER
                                          YEAR:      2014
                                          LATITUDE:   44 55 N
                                          LONGITUDE:  93  4 W

  TEMPERATURE IN F:       :PCPN:    SNOW:  WIND      :SUNSHINE: SKY     :PK WND
================================================================================
1   2   3   4   5  6A  6B    7    8   9   10  11  12  13   14  15   16   17  18
                                     12Z  AVG MX 2MIN
DY MAX MIN AVG DEP HDD CDD  WTR  SNW DPTH SPD SPD DIR MIN PSBL S-S WX    SPD DR
================================================================================

 1   8  -1   4 -22  61   0    M    M    M  8.8 25 310   M    M   0        33 300
 2  23   4  14 -12  51   0    M    M    M  9.4 20 160   M    M   6 8      27 160
 3  24  11  18  -7  47   0    M    M    M  7.6 18 290   M    M   0        22 300
 4  32  14  23  -2  42   0    M    M    M 10.4 20 160   M    M   7 18     24 140
 5  32  22  27   3  38   0    M    M    M  5.9 12 330   M    M   9 18     23 340
 6  32  16  24   0  41   0    M    M    M  3.9  9 150   M    M   1 18     12 130
 7  35  23  29   5  36   0    M    M    M 12.7 23 170   M    M   5 18     29 150
 8  36  22  29   6  36   0    M    M    M 12.5 24 300   M    M  10 18     33 290
 9  24  15  20  -3  45   0    M    M    M  4.9 17 320   M    M   9 1      20 320
10  28  22  25   3  40   0    M    M    M  8.1 13 170   M    M   9 1      16 190
11  31  27  29   7  36   0    M    M    M  6.9 10 150   M    M  10 1      14 230
12  36  31  34  12  31   0    M    M    M  7.9 15 180   M    M  10 1      19 180
13  48  32  40  19  25   0    M    M    M  7.5 14 150   M    M  10 12     19 180
14  48  43  46  25  19   0    M    M    M  7.7 12 150   M    M  10 1      14 160
15  49  31  40  20  25   0    M    M    M  7.9 21 340   M    M  10 1      28 350
16  31  19  25   5  40   0    M    M    M 16.5 26 320   M    M  10 18     33 340
17  20  10  15  -5  50   0    M    M    M  6.2 15 320   M    M   5 18     17 320
18  22  12  17  -3  48   0    M    M    M  3.5  9 150   M    M   9 18     11 140
19  29  21  25   6  40   0    M    M    M  8.7 14 150   M    M  10        17 160
================================================================================
SM  588  374       751   0    M     M    157.0          M      140
================================================================================
AV 30.9 19.7                               8.3 FASTST   M    M   7    MAX(MPH)
                                 MISC ---->  # 26 320               # 33  300
================================================================================
NOTES:
# LAST OF SEVERAL OCCURRENCES

COLUMN 17 PEAK WIND IN M.P.H.

PRELIMINARY LOCAL CLIMATOLOGICAL DATA (WS FORM: F-6) , PAGE 2

                                          STATION:  ST PAUL MN
                                          MONTH:    DECEMBER
                                          YEAR:     2014
                                          LATITUDE:   44 55 N
                                          LONGITUDE:  93  4 W

[TEMPERATURE DATA]      [PRECIPITATION DATA]       SYMBOLS USED IN COLUMN 16

AVERAGE MONTHLY: 25.3   TOTAL FOR MONTH:      M    1 = FOG OR MIST
DPTR FM NORMAL:   2.8   DPTR FM NORMAL:       M    2 = FOG REDUCING VISIBILITY
HIGHEST:    49 ON 15    GRTST 24HR  0.09 ON 14-15      TO 1/4 MILE OR LESS
LOWEST:     -1 ON  1                               3 = THUNDER
                        SNOW, ICE PELLETS, HAIL    4 = ICE PELLETS
                        TOTAL MONTH:    M          5 = HAIL
                        GRTST 24HR    M  ON   M    6 = FREEZING RAIN OR DRIZZLE
                        GRTST DEPTH:  M  ON   M    7 = DUSTSTORM OR SANDSTORM:
                                                       VSBY 1/2 MILE OR LESS
                                                   8 = SMOKE OR HAZE
[NO. OF DAYS WITH]      [WEATHER - DAYS WITH]      9 = BLOWING SNOW
                                                   X = TORNADO
MAX 32 OR BELOW:  13    0.01 INCH OR MORE:   0
MAX 90 OR ABOVE:   0    0.10 INCH OR MORE:   0
MIN 32 OR BELOW:  18    0.50 INCH OR MORE:   0
MIN  0 OR BELOW:   1    1.00 INCH OR MORE:   0

[HDD (BASE 65) ]
TOTAL THIS MO.   751    CLEAR  (SCALE 0-3)   3
DPTR FM NORMAL   -59    PTCLDY (SCALE 4-7)   4
TOTAL FM JUL 1  2563    CLOUDY (SCALE 8-10) 12
DPTR FM NORMAL   210

[CDD (BASE 65) ]
TOTAL THIS MO.     0
DPTR FM NORMAL     0    [PRESSURE DATA]
TOTAL FM JAN 1   656    HIGHEST SLP M ON M
DPTR FM NORMAL  -114    LOWEST  SLP 29.73 ON 15

[REMARKS]
