000
CXUS53 KMPX 191000
CF6STP
PRELIMINARY LOCAL CLIMATOLOGICAL DATA (WS FORM: F-6)

                                          STATION:   ST PAUL MN
                                          MONTH:     AUGUST
                                          YEAR:      2017
                                          LATITUDE:   44 55 N
                                          LONGITUDE:  93  4 W

  TEMPERATURE IN F:       :PCPN:    SNOW:  WIND      :SUNSHINE: SKY     :PK WND
================================================================================
1   2   3   4   5  6A  6B    7    8   9   10  11  12  13   14  15   16   17  18
                                     12Z  AVG MX 2MIN
DY MAX MIN AVG DEP HDD CDD  WTR  SNW DPTH SPD SPD DIR MIN PSBL S-S WX    SPD DR
================================================================================

 1  88  65  77   3   0  12 0.00    M    M  6.8 20 320   M    M   1 3      25 330
 2  83  65  74   1   0   9    T    M    M  7.4 15  60   M    M   3        20  50
 3  66  53  60 -13   5   0 0.64    M    M 13.6 30 340   M    M  10 138    37 340
 4  77  54  66  -7   0   1 0.00    M    M  9.5 18 330   M    M   4        32 310
 5  78  54  66  -7   0   1 0.14    M    M  2.5 20 250   M    M   3 13     24 260
 6  75  58  67  -6   0   2 0.17    M    M  2.6 24 350   M    M   6 13     30 350
 7  80  55  68  -5   0   3 0.00    M    M  1.3 12 360   M    M   3 12     16  10
 8  82  57  70  -3   0   5 0.00    M    M  4.6 15 240   M    M   1 18     20 240
 9  69  60  65  -8   0   0 0.55    M    M  7.0 16 150   M    M   7 13     23 140
10  74  59  67  -6   0   2 0.11    M    M  7.2 22 340   M    M   5 13     26 320
11  78  57  68  -4   0   3 0.00    M    M  5.8 17 330   M    M   3        20 330
12  80  55  68  -4   0   3 0.00    M    M  2.5 10 130   M    M   1        12 130
13  71  58  65  -7   0   0 1.32    M    M  6.2 16 180   M    M   6 13     20 180
14  75  61  68  -4   0   3 0.11    M    M  4.2 10 130   M    M   8 1      13 130
15  77  58  68  -4   0   3 0.00    M    M  6.3 15 130   M    M   1        19 130
16  78  63  71  -1   0   6 2.22    M    M 10.4 24 100   M    M   7 1      33 100
17  74  62  68  -4   0   3 0.12    M    M 12.7 25 320   M    M  10 1      33 310
18  74  58  66  -6   0   1 0.02    M    M  3.4 13 260   M    M   2 13     16 270
================================================================================
SM 1379 1052         5  57  5.40    M    114.0          M       81
================================================================================
AV 76.6 58.4                               6.3 FASTST   M    M   5    MAX(MPH)
                                 MISC ---->  # 30 340               # 37  340
================================================================================
NOTES:
# LAST OF SEVERAL OCCURRENCES

COLUMN 17 PEAK WIND IN M.P.H.

PRELIMINARY LOCAL CLIMATOLOGICAL DATA (WS FORM: F-6) , PAGE 2

                                          STATION:  ST PAUL MN
                                          MONTH:    AUGUST
                                          YEAR:     2017
                                          LATITUDE:   44 55 N
                                          LONGITUDE:  93  4 W

[TEMPERATURE DATA]      [PRECIPITATION DATA]       SYMBOLS USED IN COLUMN 16

AVERAGE MONTHLY: 67.5   TOTAL FOR MONTH:   5.40    1 = FOG OR MIST
DPTR FM NORMAL:  -5.1   DPTR FM NORMAL:    2.86    2 = FOG REDUCING VISIBILITY
HIGHEST:    88 ON  1    GRTST 24HR  2.22 ON 16-16      TO 1/4 MILE OR LESS
LOWEST:     53 ON  3                               3 = THUNDER
                        SNOW, ICE PELLETS, HAIL    4 = ICE PELLETS
                        TOTAL MONTH:    M          5 = HAIL
                        GRTST 24HR    M  ON   M    6 = FREEZING RAIN OR DRIZZLE
                        GRTST DEPTH:  M  ON   M    7 = DUSTSTORM OR SANDSTORM:
                                                       VSBY 1/2 MILE OR LESS
                                                   8 = SMOKE OR HAZE
[NO. OF DAYS WITH]      [WEATHER - DAYS WITH]      9 = BLOWING SNOW
                                                   X = TORNADO
MAX 32 OR BELOW:   0    0.01 INCH OR MORE:  10
MAX 90 OR ABOVE:   0    0.10 INCH OR MORE:   9
MIN 32 OR BELOW:   0    0.50 INCH OR MORE:   4
MIN  0 OR BELOW:   0    1.00 INCH OR MORE:   2

[HDD (BASE 65) ]
TOTAL THIS MO.     5    CLEAR  (SCALE 0-3)   9
DPTR FM NORMAL     5    PTCLDY (SCALE 4-7)   7
TOTAL FM JUL 1     6    CLOUDY (SCALE 8-10)  2
DPTR FM NORMAL     2

[CDD (BASE 65) ]
TOTAL THIS MO.    57
DPTR FM NORMAL   -83    [PRESSURE DATA]
TOTAL FM JAN 1   507    HIGHEST SLP M ON M
DPTR FM NORMAL  -121    LOWEST  SLP 29.46 ON 16

[REMARKS]
