000
CXUS55 KFSD 230905
CF6SUX
PRELIMINARY LOCAL CLIMATOLOGICAL DATA (WS FORM: F-6)

                                          STATION:   SIOUX CITY IA
                                          MONTH:     MAY
                                          YEAR:      2015
                                          LATITUDE:   42 24 N
                                          LONGITUDE:  96 23 W

  TEMPERATURE IN F:       :PCPN:    SNOW:  WIND      :SUNSHINE: SKY     :PK WND
================================================================================
1   2   3   4   5  6A  6B    7    8   9   10  11  12  13   14  15   16   17  18
                                     12Z  AVG MX 2MIN
DY MAX MIN AVG DEP HDD CDD  WTR  SNW DPTH SPD SPD DIR MIN PSBL S-S WX    SPD DR
================================================================================

 1  66  51  59   3   6   0 0.18  0.0    0  8.5 14 160   M    M   6        18 150
 2  79  46  63   7   2   0 0.00  0.0    0 12.0 29 190   M    M   0        38 190
 3  87  56  72  15   0   7    T  0.0    0  9.7 30  30   M    M   1 3      38  30
 4  71  55  63   6   2   0 0.05  0.0    0 11.5 20  80   M    M   7 3      26  60
 5  77  54  66   9   0   1 0.04  0.0    0  9.1 17 160   M    M   6 138    21 170
 6  74  62  68  10   0   3 0.35  0.0    0 17.7 33 160   M    M   8 13     39 150
 7  75  53  64   6   1   0 0.31  0.0    0 15.5 30 150   M    M   9 1      39 150
 8  63  50  57  -1   8   0 0.00  0.0    0  9.3 20 330   M    M   7        24 330
 9  68  41  55  -4  10   0    T  0.0    0  9.5 17  70   M    M   4        22  70
10  73  45  59   0   6   0 0.36  0.0    0 16.8 40 150   M    M   7 13     52 150
11  49  43  46 -13  19   0 0.00  0.0    0 19.3 29 300   M    M   9        38 300
12  69  39  54  -6  11   0 0.00  0.0    0  8.4 17 130   M    M   1        22 160
13  76  50  63   3   2   0 0.10  0.0    0 18.7 32 180   M    M   1 1      38 180
14  69  53  61   1   4   0 0.76  0.0    0  7.2 15 120   M    M   9 1      20 140
15  71  57  64   3   1   0    T  0.0    0  8.5 21  90   M    M   5 1      25  80
16  81  62  72  11   0   7 0.02  0.0    0 15.3 25 160   M    M   5        33 160
17  75  49  62   1   3   0 0.02  0.0    0 17.1 31 270   M    M   7 3      43 290
18  58  40  49 -13  16   0 0.00  0.0    0 20.3 30 320   M    M   5        39 320
19  54  39  47 -15  18   0 0.00  0.0    0  9.3 18  20   M    M   6        23  20
20  51  41  46 -16  19   0 0.10  0.0    0  7.5 15  30   M    M   8 1      18  30
21  76  40  58  -5   7   0 0.00  0.0    0  9.3 21 330   M    M   0        26 320
22  74  42  58  -5   7   0 0.01  0.0    0  6.9 26 230   M    M   3        31 190
================================================================================
SM 1536 1068       142  18  2.30     0.0 267.4          M      114
================================================================================
AV 69.8 48.5                              12.2 FASTST   M    M   5    MAX(MPH)
                                 MISC ---->  # 40 150               # 52  150
================================================================================
NOTES:
# LAST OF SEVERAL OCCURRENCES

COLUMN 17 PEAK WIND IN M.P.H.

PRELIMINARY LOCAL CLIMATOLOGICAL DATA (WS FORM: F-6) , PAGE 2

                                          STATION:  SIOUX CITY IA
                                          MONTH:    MAY
                                          YEAR:     2015
                                          LATITUDE:   42 24 N
                                          LONGITUDE:  96 23 W

[TEMPERATURE DATA]      [PRECIPITATION DATA]       SYMBOLS USED IN COLUMN 16

AVERAGE MONTHLY: 59.2   TOTAL FOR MONTH:   2.30    1 = FOG OR MIST
DPTR FM NORMAL:  -0.3   DPTR FM NORMAL:   -0.31    2 = FOG REDUCING VISIBILITY
HIGHEST:    87 ON  3    GRTST 24HR  0.86 ON 13-14      TO 1/4 MILE OR LESS
LOWEST:     39 ON 19,12                            3 = THUNDER
                        SNOW, ICE PELLETS, HAIL    4 = ICE PELLETS
                        TOTAL MONTH:   0.0 INCH    5 = HAIL
                        GRTST 24HR     0.0         6 = FREEZING RAIN OR DRIZZLE
                        GRTST DEPTH:   0           7 = DUSTSTORM OR SANDSTORM:
                                                       VSBY 1/2 MILE OR LESS
                                                   8 = SMOKE OR HAZE
[NO. OF DAYS WITH]      [WEATHER - DAYS WITH]      9 = BLOWING SNOW
                                                   X = TORNADO
MAX 32 OR BELOW:   0    0.01 INCH OR MORE:  12
MAX 90 OR ABOVE:   0    0.10 INCH OR MORE:   7
MIN 32 OR BELOW:   0    0.50 INCH OR MORE:   1
MIN  0 OR BELOW:   0    1.00 INCH OR MORE:   0

[HDD (BASE 65) ]
TOTAL THIS MO.   142    CLEAR  (SCALE 0-3)   6
DPTR FM NORMAL   -10    PTCLDY (SCALE 4-7)  13
TOTAL FM JUL 1  6383    CLOUDY (SCALE 8-10)  3
DPTR FM NORMAL  -421

[CDD (BASE 65) ]
TOTAL THIS MO.    18
DPTR FM NORMAL   -12    [PRESSURE DATA]
TOTAL FM JAN 1    19    HIGHEST SLP M ON M
DPTR FM NORMAL   -22    LOWEST  SLP 29.47 ON 17

[REMARKS]
