000
CXUS54 KEPZ 261200
CF6SVC
PRELIMINARY LOCAL CLIMATOLOGICAL DATA (WS FORM: F-6)

                                          STATION:   SILVER CITY
                                          MONTH:     DECEMBER
                                          YEAR:      2014
                                          LATITUDE:   32 37 N
                                          LONGITUDE: 108 10 W

  TEMPERATURE IN F:       :PCPN:    SNOW:  WIND      :SUNSHINE: SKY     :PK WND
================================================================================
1   2   3   4   5  6A  6B    7    8   9   10  11  12  13   14  15   16   17  18
                                     12Z  AVG MX 2MIN
DY MAX MIN AVG DEP HDD CDD  WTR  SNW DPTH SPD SPD DIR MIN PSBL S-S WX    SPD DR
================================================================================

 1  64  30  47   M  18   0 0.00  0.0    0  7.1 13 330   M    M   0         M  M
 2  59  34  47   M  18   0 0.00  0.0    0  4.4 10 360   M    M   1         M  M
 3  68  45  57   M   8   0 0.00  0.0    0  8.9 17 300   M    M   3        18 300
 4  54  45  50   M  15   0 0.08  0.0    0  7.0 12 300   M    M   6         M  M
 5  57  39  48   M  17   0 0.00  0.0    0  7.8 17 300   M    M   0         M  M
 6  57  37  47   M  18   0    T  0.0    0  8.2 16 120   M    M   2        18 140
 7  63  32  48   M  17   0 0.00  0.0    0  6.7 10 350   M    M   0         M  M
 8  59  32  46   M  19   0 0.00  0.0    0  9.1 18 140   M    M   0        23 140
 9  61  45  53   M  12   0 0.03    M    0  7.7 15 150   M    M   2 3      17 140
10  63  39  51   M  14   0 0.03    M    0  5.7 12  10   M    M   0         M  M
11  63  37  50   M  15   0 0.00  0.0    0  7.1 10  10   M    M   0         M  M
12  63  39  51   M  14   0 0.00  0.0    0  8.3 17 210   M    M   0        22 210
13  59  36  48   M  17   0 0.00  0.0    0 13.0 25 300   M    M   4        32 300
14  46  32  39   M  26   0 0.00  0.0    0 14.0 22 300   M    M   2        28 290
15  55  28  42   M  23   0 0.00  0.0    0  6.6 15 320   M    M   0         M  M
16  52  30  41   M  24   0 0.00  0.0    0  7.0 14 130   M    M   0         M  M
17  48  36  42   M  23   0 0.04    M    0  9.9 22 280   M    M   7        30 280
18  43  32  38   M  27   0 0.34    M    0  7.0 12 330   M    M   7        20 310
19  48  28  38   M  27   0 0.00  0.0    0  6.3 12 320   M    M   0 2       M  M
20  52  27  40   M  25   0 0.00  0.0    0  7.4 15 330   M    M   0        23 330
21  54  32  43   M  22   0 0.00  0.0    0 14.0 24 300   M    M   0        28 300
22  57  36  47   M  18   0 0.00  0.0    0 17.2 25 310   M    M   0        32 310
23  46  28  37   M  28   0 0.00  0.0    0 13.8 27 340   M    M   0        33 340
24  46  18  32   M  33   0 0.00  0.0    0  8.8 22  20   M    M   0         M  M
25  57  28  43   M  22   0    T    T    0 13.3 28 250   M    M   1        40 250
================================================================================
SM 1394  845       500   0  0.52    T    226.3          M       35
================================================================================
AV 55.8 33.8                               9.1 FASTST   M    M   1    MAX(MPH)
                                 MISC ---->    28   M                 40    M
================================================================================
NOTES:
# LAST OF SEVERAL OCCURRENCES

COLUMN 17 PEAK WIND IN M.P.H.

PRELIMINARY LOCAL CLIMATOLOGICAL DATA (WS FORM: F-6) , PAGE 2

                                          STATION:  SILVER CITY
                                          MONTH:    DECEMBER
                                          YEAR:     2014
                                          LATITUDE:   32 37 N
                                          LONGITUDE: 108 10 W

[TEMPERATURE DATA]      [PRECIPITATION DATA]       SYMBOLS USED IN COLUMN 16

AVERAGE MONTHLY: 44.8   TOTAL FOR MONTH:   0.52    1 = FOG OR MIST
DPTR FM NORMAL:     M   DPTR FM NORMAL:       M    2 = FOG REDUCING VISIBILITY
HIGHEST:    68 ON  3    GRTST 24HR  0.34 ON 18-18      TO 1/4 MILE OR LESS
LOWEST:     18 ON 24                               3 = THUNDER
                        SNOW, ICE PELLETS, HAIL    4 = ICE PELLETS
                        TOTAL MONTH:    T          5 = HAIL
                        GRTST 24HR    T  ON 25-25  6 = FREEZING RAIN OR DRIZZLE
                        GRTST DEPTH:   0           7 = DUSTSTORM OR SANDSTORM:
                                                       VSBY 1/2 MILE OR LESS
                                                   8 = SMOKE OR HAZE
[NO. OF DAYS WITH]      [WEATHER - DAYS WITH]      9 = BLOWING SNOW
                                                   X = TORNADO
MAX 32 OR BELOW:   0    0.01 INCH OR MORE:   5
MAX 90 OR ABOVE:   0    0.10 INCH OR MORE:   1
MIN 32 OR BELOW:  13    0.50 INCH OR MORE:   0
MIN  0 OR BELOW:   0    1.00 INCH OR MORE:   0

[HDD (BASE 65) ]
TOTAL THIS MO.   500    CLEAR  (SCALE 0-3)  21
DPTR FM NORMAL     M    PTCLDY (SCALE 4-7)   4
TOTAL FM JUL 1  1182    CLOUDY (SCALE 8-10)  0
DPTR FM NORMAL     M

[CDD (BASE 65) ]
TOTAL THIS MO.     0
DPTR FM NORMAL     M    [PRESSURE DATA]
TOTAL FM JAN 1  1137    HIGHEST SLP M ON M
DPTR FM NORMAL     M    LOWEST  SLP M ON M

[REMARKS]
