452
CXUS54 KOUN 010700
CF6SWO
PRELIMINARY LOCAL CLIMATOLOGICAL DATA (WS FORM: F-6)

                                          STATION:   STILLWATER
                                          MONTH:     APRIL
                                          YEAR:      2016
                                          LATITUDE:   36 10 N
                                          LONGITUDE:  97  5 W

  TEMPERATURE IN F:       :PCPN:    SNOW:  WIND      :SUNSHINE: SKY     :PK WND
================================================================================
1   2   3   4   5  6A  6B    7    8   9   10  11  12  13   14  15   16   17  18
                                     12Z  AVG MX 2MIN
DY MAX MIN AVG DEP HDD CDD  WTR  SNW DPTH SPD SPD DIR MIN PSBL S-S WX    SPD DR
================================================================================

 1  62  37  50  -5  15   0 0.00  0.0    0  8.2 20 310   M    M   0        28 310
 2  72  28  50  -5  15   0 0.00  0.0    0  5.2 17 270   M    M   0        23 260
 3  80  41  61   5   4   0 0.00  0.0    0 10.2 28 200   M    M   0        34 220
 4  82  46  64   8   1   0 0.00  0.0    0  9.4 22  50   M    M   0        26  70
 5  88  52  70  14   0   5 0.00  0.0    0 17.9 33 190   M    M   0        44 180
 6  72  43  58   2   7   0    T  0.0    0 13.5 32 310   M    M   1        40 320
 7  76  39  58   1   7   0 0.00  0.0    0 11.0 28 350   M    M   0        39 320
 8  70  35  53  -4  12   0 0.00  0.0    0  3.8 13 280   M    M   1 8      16 290
 9  76  43  60   2   5   0 0.00  0.0    0 14.0 33 210   M    M   3 8      43 210
10  88  58  73  15   0   8 0.45  0.0    0 17.7 32 200   M    M   5 1      43 210
11  66  47  57  -1   8   0 0.26  0.0    0 12.5 32  40   M    M   9 1      35  40
12  69  41  55  -3  10   0 0.00  0.0    0  7.0 14  80   M    M   1        21  80
13  63  48  56  -3   9   0 0.09  0.0    0  5.9 13 120   M    M   8 1      16 130
14  71  42  57  -2   8   0 0.00  0.0    0  4.9 14 160   M    M   2        19 140
15  77  50  64   5   1   0 0.00  0.0    0 12.0 22 120   M    M   1        29 140
16  74  60  67   7   0   2 0.00  0.0    0 17.7 29 140   M    M   9        37 120
17  66  59  63   3   2   0 1.88  0.0    0  9.6 25 130   M    M  10 1      33 130
18  65  53  59  -1   6   0 0.26  0.0    0  6.0 15 100   M    M   9 1      19 110
19  70  54  62   1   3   0 0.66  0.0    M  7.5 16 270   M    M   8 1      21 260
20  69  52  61   0   4   0 0.01  0.0    0  5.8 21 290   M    M   6 1      28 290
21  73  47  60  -1   5   0 0.02  0.0    0  6.9 16 310   M    M   1 1      23 310
22  78  47  63   1   2   0 0.00  0.0    0  5.8 16 320   M    M   0        25 270
23  82  46  64   2   1   0 0.00  0.0    0  9.6 23 170   M    M   0 1      29 180
24  81  59  70   8   0   5 0.00  0.0    0 18.1 32 180   M    M   1        41 180
25  84  65  75  13   0  10 0.00  0.0    0 13.1 20 160   M    M   5        24 160
26   M   M   M   M   M   M 1.04    M    0 11.6 14 300   M    M   4 1      46 300
27  72  51  62  -1   3   0 0.00  0.0    0  9.0 21 270   M    M   3        27 290
28  72  45  59  -4   6   0 0.00  0.0    0  7.6 16  80   M    M   0        21  90
29  66  53  60  -4   5   0 0.12  0.0    0 13.0 23  70   M    M   9 1      29  80
30  69  47  58  -6   7   0 0.00  0.0    0  8.4 16 320   M    M   5 1      22 290
================================================================================
SM 2133 1388       146  30  4.79     0.0 302.9          M      101
================================================================================
AV 73.6 47.9                              10.1 FASTST   M    M   3    MAX(MPH)
                                 MISC ---->  # 33 190               # 46  300
================================================================================
NOTES:
# LAST OF SEVERAL OCCURRENCES

COLUMN 17 PEAK WIND IN M.P.H.

PRELIMINARY LOCAL CLIMATOLOGICAL DATA (WS FORM: F-6) , PAGE 2

                                          STATION:  STILLWATER
                                          MONTH:    APRIL
                                          YEAR:     2016
                                          LATITUDE:   36 10 N
                                          LONGITUDE:  97  5 W

[TEMPERATURE DATA]      [PRECIPITATION DATA]       SYMBOLS USED IN COLUMN 16

AVERAGE MONTHLY: 60.7   TOTAL FOR MONTH:   4.79    1 = FOG OR MIST
DPTR FM NORMAL:   1.2   DPTR FM NORMAL:    1.30    2 = FOG REDUCING VISIBILITY
HIGHEST:    88 ON 10, 5 GRTST 24HR  2.13 ON 17-18      TO 1/4 MILE OR LESS
LOWEST:     28 ON  2                               3 = THUNDER
                        SNOW, ICE PELLETS, HAIL    4 = ICE PELLETS
                        TOTAL MONTH:   0.0 INCH    5 = HAIL
                        GRTST 24HR     0.0         6 = FREEZING RAIN OR DRIZZLE
                        GRTST DEPTH:   0           7 = DUSTSTORM OR SANDSTORM:
                                                       VSBY 1/2 MILE OR LESS
                                                   8 = SMOKE OR HAZE
[NO. OF DAYS WITH]      [WEATHER - DAYS WITH]      9 = BLOWING SNOW
                                                   X = TORNADO
MAX 32 OR BELOW:   0    0.01 INCH OR MORE:  10
MAX 90 OR ABOVE:   0    0.10 INCH OR MORE:   7
MIN 32 OR BELOW:   1    0.50 INCH OR MORE:   3
MIN  0 OR BELOW:   0    1.00 INCH OR MORE:   2

[HDD (BASE 65) ]
TOTAL THIS MO.   146    CLEAR  (SCALE 0-3)  17
DPTR FM NORMAL   -65    PTCLDY (SCALE 4-7)   8
TOTAL FM JUL 1  3061    CLOUDY (SCALE 8-10)  5
DPTR FM NORMAL  -679

[CDD (BASE 65) ]
TOTAL THIS MO.    30
DPTR FM NORMAL   -16    [PRESSURE DATA]
TOTAL FM JAN 1    40    HIGHEST SLP M ON M
DPTR FM NORMAL   -16    LOWEST  SLP 29.43 ON 26

[REMARKS]
#FINAL-04-16#
