000
CXUS51 KBGM 280800
CF6SYR
PRELIMINARY LOCAL CLIMATOLOGICAL DATA (WS FORM: F-6)

                                          STATION:   SYRACUSE NY
                                          MONTH:     DECEMBER
                                          YEAR:      2014
                                          LATITUDE:   43  7 N
                                          LONGITUDE:  76  7 W

  TEMPERATURE IN F:       :PCPN:    SNOW:  WIND      :SUNSHINE: SKY     :PK WND
================================================================================
1   2   3   4   5  6A  6B    7    8   9   10  11  12  13   14  15   16   17  18
                                     12Z  AVG MX 2MIN
DY MAX MIN AVG DEP HDD CDD  WTR  SNW DPTH SPD SPD DIR MIN PSBL S-S WX    SPD DR
================================================================================

 1  58  29  44   9  21   0 0.05  0.0    0 13.9 25 270   M    M   9 1      31 270
 2  34  19  27  -7  38   0 0.14  1.4    0  9.3 16  70   M    M   9 146    21  90
 3  45  33  39   5  26   0 0.10    T    T 11.8 28 270   M    M   9 14     39 270
 4  34  21  28  -6  37   0    T    T    0  9.7 21 250   M    M   7        25 250
 5  35  20  28  -5  37   0    T    T    0  7.8 15  80   M    M   7 16     19  80
 6  36  29  33   0  32   0 0.46    T    0  6.4 16 330   M    M  10 1      24 320
 7  30  19  25  -7  40   0 0.00  0.0    0  6.8 15 350   M    M   4        21 360
 8  33  18  26  -6  39   0 0.00  0.0    0 11.7 21 140   M    M   9        26 140
 9  37  26  32   0  33   0 0.15  0.1    0  8.8 16  90   M    M  10 146    22  90
10  32  28  30  -1  35   0 0.79 11.8    3 16.3 25 330   M    M  10 129    34 330
11  28  25  27  -4  38   0 0.14  2.5   13 11.9 23 250   M    M  10 16     26 240
12  29  24  27  -3  38   0    T    T   12 12.1 17 270   M    M  10 16     22 250
13  33  22  28  -2  37   0    T    T   11  7.8 15 270   M    M   9 16     19 270
14  35  31  33   3  32   0 0.03  0.0   10  8.4 15 270   M    M  10 16     20 270
15  36  32  34   4  31   0    T  0.0    6  4.5 10 130   M    M   9 1      14 150
16  42  33  38   9  27   0 0.21  0.0    5  7.0 14 130   M    M  10 1      17 130
17  41  32  37   8  28   0 0.07  0.1    2 12.2 24 260   M    M   9 1      30 240
18  32  29  31   3  34   0 0.02  0.5    1 14.8 25 250   M    M  10 146    32 250
19  29  24  27  -1  38   0    T  0.2    T  8.2 18 270   M    M   6 146    23 300
20  28  21  25  -3  40   0 0.00  0.0    T  2.1  8  50   M    M   8        10  30
21  31  24  28   0  37   0    T    T    T  2.2  6 120   M    M  10 1       7 240
22  40  29  35   8  30   0 0.02  0.0    T  8.5 23 350   M    M   9 18     23 340
23  41  33  37  10  28   0 0.20  0.0    0 10.7 17  80   M    M   9 1      21  90
24  52  36  44  17  21   0 0.43  0.0    0  8.9 14 100   M    M  10 1      20  90
25  59  40  50  24  15   0 0.01  0.0    0 18.8 36 240   M    M  10        45 240
26  46  29  38  12  27   0    T  0.0    0  7.4 20 270   M    M   7 8      27 280
27  54  27  41  15  24   0 0.00  0.0    0  5.8 17 190   M    M   9        23 190
================================================================================
SM 1030  733       863   0  2.82    16.6 253.8          M      239
================================================================================
AV 38.1 27.1                               9.4 FASTST   M    M   9    MAX(MPH)
                                 MISC ---->  # 36 240               # 45  240
================================================================================
NOTES:
# LAST OF SEVERAL OCCURRENCES

COLUMN 17 PEAK WIND IN M.P.H.

PRELIMINARY LOCAL CLIMATOLOGICAL DATA (WS FORM: F-6) , PAGE 2

                                          STATION:  SYRACUSE NY
                                          MONTH:    DECEMBER
                                          YEAR:     2014
                                          LATITUDE:   43  7 N
                                          LONGITUDE:  76  7 W

[TEMPERATURE DATA]      [PRECIPITATION DATA]       SYMBOLS USED IN COLUMN 16

AVERAGE MONTHLY: 32.6   TOTAL FOR MONTH:   2.82    1 = FOG OR MIST
DPTR FM NORMAL:   2.6   DPTR FM NORMAL:   -0.03    2 = FOG REDUCING VISIBILITY
HIGHEST:    59 ON 25    GRTST 24HR  0.84 ON 10-11      TO 1/4 MILE OR LESS
LOWEST:     18 ON  8                               3 = THUNDER
                        SNOW, ICE PELLETS, HAIL    4 = ICE PELLETS
                        TOTAL MONTH:  16.6 INCHES  5 = HAIL
                        GRTST 24HR  11.8 ON   M    6 = FREEZING RAIN OR DRIZZLE
                        GRTST DEPTH:  13 ON 11     7 = DUSTSTORM OR SANDSTORM:
                                                       VSBY 1/2 MILE OR LESS
                                                   8 = SMOKE OR HAZE
[NO. OF DAYS WITH]      [WEATHER - DAYS WITH]      9 = BLOWING SNOW
                                                   X = TORNADO
MAX 32 OR BELOW:   8    0.01 INCH OR MORE:  15
MAX 90 OR ABOVE:   0    0.10 INCH OR MORE:   9
MIN 32 OR BELOW:  22    0.50 INCH OR MORE:   1
MIN  0 OR BELOW:   0    1.00 INCH OR MORE:   0

[HDD (BASE 65) ]
TOTAL THIS MO.   863    CLEAR  (SCALE 0-3)   0
DPTR FM NORMAL   -82    PTCLDY (SCALE 4-7)   6
TOTAL FM JUL 1  2048    CLOUDY (SCALE 8-10) 21
DPTR FM NORMAL  -246

[CDD (BASE 65) ]
TOTAL THIS MO.     0
DPTR FM NORMAL     0    [PRESSURE DATA]
TOTAL FM JAN 1   647    HIGHEST SLP 30.65 ON  8
DPTR FM NORMAL    78    LOWEST  SLP 29.43 ON M

[REMARKS]
