000
CXUS54 KBMX 191216
CF6TCL
PRELIMINARY LOCAL CLIMATOLOGICAL DATA (WS FORM: F-6)

                                          STATION:   TUSCALOOSA
                                          MONTH:     OCTOBER
                                          YEAR:      2017
                                          LATITUDE:   33 13 N
                                          LONGITUDE:  87 37 W

  TEMPERATURE IN F:       :PCPN:    SNOW:  WIND      :SUNSHINE: SKY     :PK WND
================================================================================
1   2   3   4   5  6A  6B    7    8   9   10  11  12  13   14  15   16   17  18
                                     12Z  AVG MX 2MIN
DY MAX MIN AVG DEP HDD CDD  WTR  SNW DPTH SPD SPD DIR MIN PSBL S-S WX    SPD DR
================================================================================

 1  83  66  75   5   0  10 0.00  0.0    0  8.2 17 110   M    M   2        26 110
 2  82  69  76   7   0  11 0.00  0.0    0  7.9 15 100   M    M   8        24 100
 3  86  67  77   8   0  12 0.00  0.0    0  8.0 15  90   M    M   1        23 100
 4  86  62  74   5   0   9 0.00  0.0    0  5.9 14  70   M    M   1        20 100
 5  86  57  72   4   0   7 0.00  0.0    0  3.5 14  30   M    M   0        19  40
 6  88  58  73   5   0   8 0.00  0.0    0  3.9 13  70   M    M   0        20  60
 7  85  70  78  10   0  13 0.41  0.0    0  7.0 14 150   M    M   6 1      20 140
 8  81  74  78  11   0  13 1.21  0.0    0  9.1 20  50   M    M   8 1      27  60
 9  81  75  78  11   0  13 0.80  0.0    0  5.2 14 160   M    M   8 13     21 150
10  86  71  79  13   0  14 0.04  0.0    0  5.8 15 200   M    M   8 12     18 180
11  87  63  75   9   0  10 0.00  0.0    0  4.7 10 300   M    M   6 12     15 320
12  81  60  71   5   0   6 0.00  0.0    0  4.5 10  30   M    M   5 1      12  40
13  88  58  73   8   0   8 0.00  0.0    0  1.7  6 300   M    M   1 18      9  20
14  79  66  73   8   0   8 0.00  0.0    0  4.9 13 150   M    M   5 1      17 110
15  87  63  75  10   0  10 0.15  0.0    0  5.4 18 360   M    M   4 1      24 360
16  71  52  62  -2   3   0 0.06  0.0    0 12.1 21  20   M    M   3 1      29 360
17  74  47  61  -3   4   0 0.00  0.0    0  5.2 14  90   M    M   0        21  70
18  75  46  61  -3   4   0 0.00  0.0    0  2.9 14 110   M    M   0 1      19 150
================================================================================
SM 1486 1124        11 152  2.67     0.0 105.9          M       66
================================================================================
AV 82.6 62.4                               5.9 FASTST   M    M   4    MAX(MPH)
                                 MISC ---->  # 21  20               # 29  360
================================================================================
NOTES:
# LAST OF SEVERAL OCCURRENCES

COLUMN 17 PEAK WIND IN M.P.H.

PRELIMINARY LOCAL CLIMATOLOGICAL DATA (WS FORM: F-6) , PAGE 2

                                          STATION:  TUSCALOOSA
                                          MONTH:    OCTOBER
                                          YEAR:     2017
                                          LATITUDE:   33 13 N
                                          LONGITUDE:  87 37 W

[TEMPERATURE DATA]      [PRECIPITATION DATA]       SYMBOLS USED IN COLUMN 16

AVERAGE MONTHLY: 72.5   TOTAL FOR MONTH:   2.67    1 = FOG OR MIST
DPTR FM NORMAL:   5.8   DPTR FM NORMAL:    0.62    2 = FOG REDUCING VISIBILITY
HIGHEST:    88 ON 13, 6 GRTST 24HR  1.62 ON  7- 8      TO 1/4 MILE OR LESS
LOWEST:     46 ON 18                               3 = THUNDER
                        SNOW, ICE PELLETS, HAIL    4 = ICE PELLETS
                        TOTAL MONTH:   0.0 INCH    5 = HAIL
                        GRTST 24HR     0.0         6 = FREEZING RAIN OR DRIZZLE
                        GRTST DEPTH:   0           7 = DUSTSTORM OR SANDSTORM:
                                                       VSBY 1/2 MILE OR LESS
                                                   8 = SMOKE OR HAZE
[NO. OF DAYS WITH]      [WEATHER - DAYS WITH]      9 = BLOWING SNOW
                                                   X = TORNADO
MAX 32 OR BELOW:   0    0.01 INCH OR MORE:   6
MAX 90 OR ABOVE:   0    0.10 INCH OR MORE:   4
MIN 32 OR BELOW:   0    0.50 INCH OR MORE:   2
MIN  0 OR BELOW:   0    1.00 INCH OR MORE:   1

[HDD (BASE 65) ]
TOTAL THIS MO.    11    CLEAR  (SCALE 0-3)   9
DPTR FM NORMAL   -30    PTCLDY (SCALE 4-7)   8
TOTAL FM JUL 1    15    CLOUDY (SCALE 8-10)  1
DPTR FM NORMAL   -33

[CDD (BASE 65) ]
TOTAL THIS MO.   152
DPTR FM NORMAL    80    [PRESSURE DATA]
TOTAL FM JAN 1  2244    HIGHEST SLP M ON M
DPTR FM NORMAL   115    LOWEST  SLP 29.51 ON  8

[REMARKS]
