000
CXUS54 KBMX 261216
CF6TCL
PRELIMINARY LOCAL CLIMATOLOGICAL DATA (WS FORM: F-6)

                                          STATION:   TUSCALOOSA
                                          MONTH:     DECEMBER
                                          YEAR:      2014
                                          LATITUDE:   33 13 N
                                          LONGITUDE:  87 37 W

  TEMPERATURE IN F:       :PCPN:    SNOW:  WIND      :SUNSHINE: SKY     :PK WND
================================================================================
1   2   3   4   5  6A  6B    7    8   9   10  11  12  13   14  15   16   17  18
                                     12Z  AVG MX 2MIN
DY MAX MIN AVG DEP HDD CDD  WTR  SNW DPTH SPD SPD DIR MIN PSBL S-S WX    SPD DR
================================================================================

 1  73  49  61  11   4   0 0.00  0.0    0  2.0 10 200   M    M   5        12 200
 2  70  49  60  10   5   0 0.00  0.0    0  2.3 10 310   M    M   9 18     13 300
 3  70  46  58   8   7   0 0.00  0.0    0  2.0  7  20   M    M   2 1      10  30
 4  77  48  63  14   2   0    T  0.0    0  2.6 13 200   M    M   2 18     17 200
 5  75  50  63  14   2   0 0.05  0.0    0  7.1 18 180   M    M   4 13     24 170
 6  71  49  60  11   5   0 0.72  0.0    0  9.9 22 360   M    M   8 13     28 340
 7  60  43  52   4  13   0 0.00  0.0    0 10.2 21  30   M    M   4        26  20
 8  58  40  49   1  16   0 0.00  0.0    0  3.6 12  90   M    M   6        16 110
 9  63  35  49   1  16   0 0.00  0.0    0  6.7 23 360   M    M   1 18     27 360
10  52  30  41  -7  24   0 0.00  0.0    0  5.0 15  30   M    M   0 1      18 360
11  54  28  41  -7  24   0 0.00  0.0    0  3.3 10 360   M    M   0 18     15 360
12  60  32  46  -1  19   0 0.00  0.0    0  3.0 10  10   M    M   1 18     13  20
13  62  30  46  -1  19   0 0.00  0.0    0  5.3 16  10   M    M   5 1      20 360
14  61  38  50   3  15   0 0.00  0.0    0  4.5 14  10   M    M   5 1      18  40
15  64  35  50   3  15   0 0.19  0.0    0  5.4 16 210   M    M   5 138    22 210
16  63  36  50   3  15   0 0.00  0.0    0  6.7 16 300   M    M   2        20 300
17  53  32  43  -3  22   0 0.00  0.0    0  2.8 13  40   M    M   1 1      15  20
18  54  34  44  -2  21   0    T  0.0    0  2.1  8  10   M    M   6        10  10
19  50  34  42  -4  23   0 0.17  0.0    0  3.9 13  10   M    M   6 18     16  10
20  55  35  45  -1  20   0    T  0.0    0  3.6 12  30   M    M   5 18     15  10
21  53  32  43  -3  22   0 0.00  0.0    0  2.8  8  60   M    M   9 18     12  90
22  58  51  55   9  10   0 0.05  0.0    0  6.3 12 140   M    M  10 1      17 150
23  63  58  61  15   4   0 2.37  0.0    0  6.9 20  90   M    M  10 13     28  80
24  59  40  50   4  15   0 0.40  0.0    0  8.0 17 290   M    M   8 1      23 280
25  54  32  43  -2  22   0 0.00  0.0    0  1.3 10 180   M    M   0 1      14 210
================================================================================
SM 1532  986       360   0  3.95     0.0 117.3          M      114
================================================================================
AV 61.3 39.4                               4.7 FASTST   M    M   5    MAX(MPH)
                                 MISC ---->  # 23 360               # 28  340
================================================================================
NOTES:
# LAST OF SEVERAL OCCURRENCES

COLUMN 17 PEAK WIND IN M.P.H.

PRELIMINARY LOCAL CLIMATOLOGICAL DATA (WS FORM: F-6) , PAGE 2

                                          STATION:  TUSCALOOSA
                                          MONTH:    DECEMBER
                                          YEAR:     2014
                                          LATITUDE:   33 13 N
                                          LONGITUDE:  87 37 W

[TEMPERATURE DATA]      [PRECIPITATION DATA]       SYMBOLS USED IN COLUMN 16

AVERAGE MONTHLY: 50.4   TOTAL FOR MONTH:   3.95    1 = FOG OR MIST
DPTR FM NORMAL:   3.0   DPTR FM NORMAL:    0.10    2 = FOG REDUCING VISIBILITY
HIGHEST:    77 ON  4    GRTST 24HR  2.75 ON 23-24      TO 1/4 MILE OR LESS
LOWEST:     28 ON 11                               3 = THUNDER
                        SNOW, ICE PELLETS, HAIL    4 = ICE PELLETS
                        TOTAL MONTH:   0.0 INCH    5 = HAIL
                        GRTST 24HR     0.0         6 = FREEZING RAIN OR DRIZZLE
                        GRTST DEPTH:   0           7 = DUSTSTORM OR SANDSTORM:
                                                       VSBY 1/2 MILE OR LESS
                                                   8 = SMOKE OR HAZE
[NO. OF DAYS WITH]      [WEATHER - DAYS WITH]      9 = BLOWING SNOW
                                                   X = TORNADO
MAX 32 OR BELOW:   0    0.01 INCH OR MORE:   7
MAX 90 OR ABOVE:   0    0.10 INCH OR MORE:   5
MIN 32 OR BELOW:   7    0.50 INCH OR MORE:   2
MIN  0 OR BELOW:   0    1.00 INCH OR MORE:   1

[HDD (BASE 65) ]
TOTAL THIS MO.   360    CLEAR  (SCALE 0-3)   9
DPTR FM NORMAL   -83    PTCLDY (SCALE 4-7)  12
TOTAL FM JUL 1   904    CLOUDY (SCALE 8-10)  4
DPTR FM NORMAL    24

[CDD (BASE 65) ]
TOTAL THIS MO.     0
DPTR FM NORMAL     0    [PRESSURE DATA]
TOTAL FM JAN 1  2239    HIGHEST SLP M ON M
DPTR FM NORMAL    71    LOWEST  SLP 29.56 ON 24

[REMARKS]
