000
CXUS54 KBMX 241111
CF6TCL
PRELIMINARY LOCAL CLIMATOLOGICAL DATA (WS FORM: F-6)

                                          STATION:   TUSCALOOSA
                                          MONTH:     MARCH
                                          YEAR:      2017
                                          LATITUDE:   33 13 N
                                          LONGITUDE:  87 37 W

  TEMPERATURE IN F:       :PCPN:    SNOW:  WIND      :SUNSHINE: SKY     :PK WND
================================================================================
1   2   3   4   5  6A  6B    7    8   9   10  11  12  13   14  15   16   17  18
                                     12Z  AVG MX 2MIN
DY MAX MIN AVG DEP HDD CDD  WTR  SNW DPTH SPD SPD DIR MIN PSBL S-S WX    SPD DR
================================================================================

 1  80  54  67  14   0   2 0.01  0.0    0 12.4 20 220   M    M   6 3      32 200
 2  62  38  50  -3  15   0 0.00  0.0    0  8.2 21  10   M    M   0        27  20
 3  64  31  48  -5  17   0    T    M    0  6.3 18 360   M    M   0        25 350
 4  67  31  49  -4  16   0 0.00  0.0    0  2.3 12  70   M    M   0        17 150
 5  65  43  54   0  11   0    T  0.0    0  4.8 12 110   M    M   6 8      16 130
 6  75  58  67  13   0   2 0.00  0.0    0 11.9 22 170   M    M   7        30 170
 7  70  53  62   8   3   0 1.38  0.0    0  9.9 18 180   M    M   9 13     27 170
 8  72  40  56   2   9   0 0.00  0.0    0  3.4 14  70   M    M   1 12     19  60
 9  78  41  60   5   5   0 0.00  0.0    0  4.1 13 190   M    M   1        16 190
10  75  50  63   8   2   0 0.13  0.0    0  8.9 24 350   M    M   3 13     35 360
11  50  40  45 -10  20   0 1.29    M    0  8.1 16  20   M    M   7 13     19  30
12  59  37  48  -7  17   0 0.04    M    0  8.5 17  20   M    M   2 1      23  20
13  48  43  46 -10  19   0 0.36  0.0    0  4.2 14 120   M    M  10 1      20 120
14  45  33  39 -17  26   0 0.00  0.0    0  8.9 17 320   M    M   9        24 320
15  48  29  39 -17  26   0 0.00  0.0    0  6.2 15 360   M    M   1        21 360
16  52  27  40 -16  25   0 0.00  0.0    0  1.5  7 260   M    M   9        10 240
17  70  40  55  -1  10   0 0.00  0.0    0  6.5 15 200   M    M   9        21 200
18  78  47  63   6   2   0 0.01  0.0    0  8.3 17 310   M    M   6 1      25 300
19  74  40  57   0   8   0 0.00  0.0    0  3.6 14  20   M    M   1        16  20
20  84  47  66   9   0   1 0.00  0.0    0  3.9 12 240   M    M   1        17 240
21  88  54  71  14   0   6 0.00  0.0    0  5.8 17 260   M    M   0 8      24 260
22  75  53  64   6   1   0 0.00  0.0    0  8.5 17 360   M    M   0        22  10
23  80  46  63   5   2   0 0.00  0.0    0  5.9 17 120   M    M   0        27 130
================================================================================
SM 1559  975       234  11  3.22     0.0 152.1          M       88
================================================================================
AV 67.8 42.4                               6.6 FASTST   M    M   4    MAX(MPH)
                                 MISC ---->  # 24 350               # 35  360
================================================================================
NOTES:
# LAST OF SEVERAL OCCURRENCES

COLUMN 17 PEAK WIND IN M.P.H.

PRELIMINARY LOCAL CLIMATOLOGICAL DATA (WS FORM: F-6) , PAGE 2

                                          STATION:  TUSCALOOSA
                                          MONTH:    MARCH
                                          YEAR:     2017
                                          LATITUDE:   33 13 N
                                          LONGITUDE:  87 37 W

[TEMPERATURE DATA]      [PRECIPITATION DATA]       SYMBOLS USED IN COLUMN 16

AVERAGE MONTHLY: 55.1   TOTAL FOR MONTH:   3.22    1 = FOG OR MIST
DPTR FM NORMAL:  -0.2   DPTR FM NORMAL:   -0.17    2 = FOG REDUCING VISIBILITY
HIGHEST:    88 ON 21    GRTST 24HR  1.38 ON  7- 7      TO 1/4 MILE OR LESS
LOWEST:     27 ON 16                               3 = THUNDER
                        SNOW, ICE PELLETS, HAIL    4 = ICE PELLETS
                        TOTAL MONTH:   0.0 INCH    5 = HAIL
                        GRTST 24HR     0.0         6 = FREEZING RAIN OR DRIZZLE
                        GRTST DEPTH:   0           7 = DUSTSTORM OR SANDSTORM:
                                                       VSBY 1/2 MILE OR LESS
                                                   8 = SMOKE OR HAZE
[NO. OF DAYS WITH]      [WEATHER - DAYS WITH]      9 = BLOWING SNOW
                                                   X = TORNADO
MAX 32 OR BELOW:   0    0.01 INCH OR MORE:   7
MAX 90 OR ABOVE:   0    0.10 INCH OR MORE:   4
MIN 32 OR BELOW:   4    0.50 INCH OR MORE:   2
MIN  0 OR BELOW:   0    1.00 INCH OR MORE:   2

[HDD (BASE 65) ]
TOTAL THIS MO.   234    CLEAR  (SCALE 0-3)  13
DPTR FM NORMAL    -2    PTCLDY (SCALE 4-7)   5
TOTAL FM JUL 1  1537    CLOUDY (SCALE 8-10)  5
DPTR FM NORMAL  -789

[CDD (BASE 65) ]
TOTAL THIS MO.    11
DPTR FM NORMAL    -4    [PRESSURE DATA]
TOTAL FM JAN 1    30    HIGHEST SLP M ON M
DPTR FM NORMAL    10    LOWEST  SLP 29.87 ON  1

[REMARKS]
