000
CXUS54 KFWD 310730
CF6TKI
PRELIMINARY LOCAL CLIMATOLOGICAL DATA (WS FORM: F-6)

                                          STATION:   MCKINNEY
                                          MONTH:     JULY
                                          YEAR:      2015
                                          LATITUDE:   33 10 N
                                          LONGITUDE:  96 35 W

  TEMPERATURE IN F:       :PCPN:    SNOW:  WIND      :SUNSHINE: SKY     :PK WND
================================================================================
1   2   3   4   5  6A  6B    7    8   9   10  11  12  13   14  15   16   17  18
                                     12Z  AVG MX 2MIN
DY MAX MIN AVG DEP HDD CDD  WTR  SNW DPTH SPD SPD DIR MIN PSBL S-S WX    SPD DR
================================================================================

 1  93  73  83   1   0  18 0.00  0.0    0 13.2 23 190   M    M   1        29 190
 2  92  74  83   1   0  18 0.00  0.0    0 14.5 26 210   M    M   0        33 220
 3  84  74  79  -3   0  14 0.62  0.0    0  8.0 20 210   M    M   4 1      27 220
 4  93  76  85   3   0  20 0.00  0.0    0  7.8 14 220   M    M   3 3      18 190
 5  92  76  84   2   0  19 0.00  0.0    0 12.9 23 180   M    M   1 8      28 170
 6  92  79  86   4   0  21 0.00  0.0    0 17.8 28 170   M    M   5 8      36 200
 7  90  79  85   3   0  20 0.11  0.0    0 15.0 25 190   M    M   5 3      34 190
 8  83  73  78  -4   0  13 0.39  0.0    0 12.0 26 240   M    M   5 13     36 240
 9  91  74  83   0   0  18 0.00  0.0    0 13.2 23 190   M    M   1 8      30 200
10  92  71  82  -1   0  17 0.00  0.0    0  9.2 20 160   M    M   0        25 150
11  92  73  83   0   0  18 0.00  0.0    0  9.2 20 160   M    M   0        24 140
12  95  73  84   1   0  19 0.00  0.0    0  9.8 18 150   M    M   0        23 140
13  98  74  86   3   0  21 0.00  0.0    0  9.0 18 160   M    M   1        23 150
14  98  76  87   4   0  22 0.00  0.0    0  8.8 17 140   M    M   0        21 140
15  94  73  84   1   0  19 0.00  0.0    0  8.5 16 140   M    M   0        20 120
16  95  73  84   1   0  19 0.00  0.0    0  9.9 18 150   M    M   0        23 170
17  95  75  85   1   0  20 0.00  0.0    0 10.8 21 140   M    M   0        25 140
18  97  78  88   4   0  23 0.00  0.0    0 11.0 21 150   M    M   0        25 150
19  96  75  86   2   0  21 0.00  0.0    0  9.7 18 150   M    M   0        23 140
20  98  75  87   3   0  22 0.00  0.0    0  8.3 16 150   M    M   0        22 190
21  95  76  86   2   0  21 0.00  0.0    0  8.2 16 150   M    M   0        20 140
22  96  78  87   3   0  22    T  0.0    0  9.7 18 170   M    M   0        23 150
23  99  79  89   5   0  24 0.00  0.0    0 10.5 20 150   M    M   0        25 130
24  98  76  87   3   0  22 0.00  0.0    0  8.5 17 150   M    M   0        22 150
25  98  74  86   2   0  21 0.00  0.0    0  6.9 16 140   M    M   0        19 160
26  99  72  86   2   0  21 0.00  0.0    0  5.7 15 150   M    M   0        18 110
27  98  75  87   3   0  22 0.00  0.0    0  7.0 18 160   M    M   0        25 170
28  98  76  87   2   0  22 0.00  0.0    0  9.5 22 150   M    M   0        28 150
29  99  74  87   2   0  22 0.00  0.0    0  5.0 14 150   M    M   0        17 150
30 101  73  87   2   0  22 0.00  0.0    0  3.3 18  70   M    M   0        23  60
================================================================================
SM 2841 2247         0 601  1.12     0.0 292.9          M       26
================================================================================
AV 94.7 74.9                               9.8 FASTST   M    M   1    MAX(MPH)
                                 MISC ---->  # 28 170               # 36  200
================================================================================
NOTES:
# LAST OF SEVERAL OCCURRENCES

COLUMN 17 PEAK WIND IN M.P.H.

PRELIMINARY LOCAL CLIMATOLOGICAL DATA (WS FORM: F-6) , PAGE 2

                                          STATION:  MCKINNEY
                                          MONTH:    JULY
                                          YEAR:     2015
                                          LATITUDE:   33 10 N
                                          LONGITUDE:  96 35 W

[TEMPERATURE DATA]      [PRECIPITATION DATA]       SYMBOLS USED IN COLUMN 16

AVERAGE MONTHLY: 84.8   TOTAL FOR MONTH:   1.12    1 = FOG OR MIST
DPTR FM NORMAL:   1.5   DPTR FM NORMAL:   -1.00    2 = FOG REDUCING VISIBILITY
HIGHEST:   101 ON 30    GRTST 24HR  0.62 ON  3- 3      TO 1/4 MILE OR LESS
LOWEST:     71 ON 10                               3 = THUNDER
                        SNOW, ICE PELLETS, HAIL    4 = ICE PELLETS
                        TOTAL MONTH:   0.0 INCH    5 = HAIL
                        GRTST 24HR     0.0         6 = FREEZING RAIN OR DRIZZLE
                        GRTST DEPTH:   0           7 = DUSTSTORM OR SANDSTORM:
                                                       VSBY 1/2 MILE OR LESS
                                                   8 = SMOKE OR HAZE
[NO. OF DAYS WITH]      [WEATHER - DAYS WITH]      9 = BLOWING SNOW
                                                   X = TORNADO
MAX 32 OR BELOW:   0    0.01 INCH OR MORE:   3
MAX 90 OR ABOVE:  28    0.10 INCH OR MORE:   3
MIN 32 OR BELOW:   0    0.50 INCH OR MORE:   1
MIN  0 OR BELOW:   0    1.00 INCH OR MORE:   0

[HDD (BASE 65) ]
TOTAL THIS MO.     0    CLEAR  (SCALE 0-3)  26
DPTR FM NORMAL     0    PTCLDY (SCALE 4-7)   4
TOTAL FM JUL 1     0    CLOUDY (SCALE 8-10)  0
DPTR FM NORMAL     0

[CDD (BASE 65) ]
TOTAL THIS MO.   601
DPTR FM NORMAL    52    [PRESSURE DATA]
TOTAL FM JAN 1  1387    HIGHEST SLP M ON M
DPTR FM NORMAL    87    LOWEST  SLP 29.75 ON 21

[REMARKS]
