000
CXUS55 KCYS 261000
CF6TOR
PRELIMINARY LOCAL CLIMATOLOGICAL DATA (WS FORM: F-6)

                                          STATION:   TORRINGTON WY AIRPORT
                                          MONTH:     JANUARY
                                          YEAR:      2015
                                          LATITUDE:   42  3 N
                                          LONGITUDE: 104  9 W

  TEMPERATURE IN F:       :PCPN:    SNOW:  WIND      :SUNSHINE: SKY     :PK WND
================================================================================
1   2   3   4   5  6A  6B    7    8   9   10  11  12  13   14  15   16   17  18
                                     12Z  AVG MX 2MIN
DY MAX MIN AVG DEP HDD CDD  WTR  SNW DPTH SPD SPD DIR MIN PSBL S-S WX    SPD DR
================================================================================

 1  26  -9   9 -18  56   0 0.00    M    M  8.0 37 310   M    M   4        23 290
 2  29   9  19  -8  46   0 0.00    M    M  4.2 12  70   M    M   4 12     13 220
 3  32 -11  11 -16  54   0    T    M    M 10.8 37  10   M    M   5 1289   42  10
 4   M   M   M   M   M   M 0.00    M    M  0.0  M   M   M    M   7         M  M
 5   M   M   M   M   M   M    M    M    M 15.0 28 360   0    0   0        44 280
 6  45  11  28   0  37   0 0.00    M    M  6.0 35  30   M    M   4        43  30
 7  19  11  15 -13  50   0    T    M    0  9.9 18 360   M    M   5        25  20
 8  42  13  28   0  37   0    T    M    M 13.2 36  10   M    M   6        49 350
 9  21  -2  10 -18  55   0 0.00    M    M  5.7 22 330   M    M   0        26 330
10  41   8  25  -3  40   0 0.00    M    M  6.0 13 310   M    M   0        16 310
11  39  18  29   1  36   0 0.01    M    M  6.4 14 320   M    M   5 1      17 320
12  23  15  19  -9  46   0    T    M    M 12.7 18 130   M    M  10 1      24 120
13  35  10  23  -5  42   0 0.00    M    M  7.9 20 340   M    M   4 18     27 350
14  31   4  18 -10  47   0 0.00    M    M  4.2 15 300   M    M   0 1      19 290
15  42  18  30   2  35   0 0.00    M    M  7.9 16 250   M    M   0        21 240
16  53  32  43  15  22   0 0.00    M    M 16.9 41 250   M    M   0        53 250
17  46  31  39  11  26   0 0.00    M    M 11.2 26 270   M    M   2        35 280
18  57  38  48  20  17   0 0.00    M    M 18.5 35 280   M    M   0        45 280
19  52  28  40  12  25   0 0.00    M    M 10.4 25 280   M    M   2        34 290
20  44  23  34   6  31   0 0.00    M    M  9.6 21 290   M    M   6        27 320
21  35  17  26  -3  39   0 0.00    M    M  9.3 24 330   M    M   1        32 310
22  45   7  26  -3  39   0 0.00    M    M  5.8 12 300   M    M   0        14 310
23  47  23  35   6  30   0 0.00    M    M 12.6 25 310   M    M   5        31 320
24  50  25  38   9  27   0    T    M    M 17.2 33 330   M    M   5        44 330
25  58  28  43  14  22   0    T    M    M 10.5 22 270   M    M   5        26 270
================================================================================
SM  912  347       859   0  0.01    M    239.9            0     80
================================================================================
AV 39.7 15.1                               9.6 FASTST    0   0   3    MAX(MPH)
                                 MISC ---->  # 41 250               # 53  250
================================================================================
NOTES:
# LAST OF SEVERAL OCCURRENCES

COLUMN 17 PEAK WIND IN M.P.H.

PRELIMINARY LOCAL CLIMATOLOGICAL DATA (WS FORM: F-6) , PAGE 2

                                          STATION:  TORRINGTON WY AIRPORT
                                          MONTH:    JANUARY
                                          YEAR:     2015
                                          LATITUDE:   42  3 N
                                          LONGITUDE: 104  9 W

[TEMPERATURE DATA]      [PRECIPITATION DATA]       SYMBOLS USED IN COLUMN 16

AVERAGE MONTHLY: 27.4   TOTAL FOR MONTH:   0.01    1 = FOG OR MIST
DPTR FM NORMAL:  -0.7   DPTR FM NORMAL:   -0.20    2 = FOG REDUCING VISIBILITY
HIGHEST:    58 ON 25    GRTST 24HR  0.01 ON 11-11      TO 1/4 MILE OR LESS
LOWEST:    -11 ON  3                               3 = THUNDER
                        SNOW, ICE PELLETS, HAIL    4 = ICE PELLETS
                        TOTAL MONTH:    M          5 = HAIL
                        GRTST 24HR    M  ON   M    6 = FREEZING RAIN OR DRIZZLE
                        GRTST DEPTH:   0           7 = DUSTSTORM OR SANDSTORM:
                                                       VSBY 1/2 MILE OR LESS
                                                   8 = SMOKE OR HAZE
[NO. OF DAYS WITH]      [WEATHER - DAYS WITH]      9 = BLOWING SNOW
                                                   X = TORNADO
MAX 32 OR BELOW:   7    0.01 INCH OR MORE:   1
MAX 90 OR ABOVE:   0    0.10 INCH OR MORE:   0
MIN 32 OR BELOW:  22    0.50 INCH OR MORE:   0
MIN  0 OR BELOW:   3    1.00 INCH OR MORE:   0

[HDD (BASE 65) ]
TOTAL THIS MO.   859    CLEAR  (SCALE 0-3)  11
DPTR FM NORMAL   -64    PTCLDY (SCALE 4-7)  13
TOTAL FM JUL 1  3575    CLOUDY (SCALE 8-10)  1
DPTR FM NORMAL  -104

[CDD (BASE 65) ]
TOTAL THIS MO.     0
DPTR FM NORMAL     0    [PRESSURE DATA]
TOTAL FM JAN 1     0    HIGHEST SLP  0.00 ON  5
DPTR FM NORMAL     0    LOWEST  SLP 29.72 ON 16

[REMARKS]
