000
CXUS53 KOAX 181000
CF6TQE
PRELIMINARY LOCAL CLIMATOLOGICAL DATA (WS FORM: F-6)

                                          STATION:   TEKAMAH, NEBRASKA
                                          MONTH:     AUGUST
                                          YEAR:      2017
                                          LATITUDE:   41 46 N
                                          LONGITUDE:  96 11 W

  TEMPERATURE IN F:       :PCPN:    SNOW:  WIND      :SUNSHINE: SKY     :PK WND
================================================================================
1   2   3   4   5  6A  6B    7    8   9   10  11  12  13   14  15   16   17  18
                                     12Z  AVG MX 2MIN
DY MAX MIN AVG DEP HDD CDD  WTR  SNW DPTH SPD SPD DIR MIN PSBL S-S WX    SPD DR
================================================================================

 1  86  64  75   0   0  10    T    M    M  4.3 24 330   M    M   4        32 320
 2  85  61  73  -2   0   8 0.00    M    M  4.2 12  30   M    M   0        15  30
 3  74  50  62 -13   3   0    T    M    M 12.6 25 300   M    M   6        35 310
 4  78  49  64 -11   1   0 0.00    M    M  4.5 12 310   M    M   1        16 320
 5  66  52  59 -16   6   0 0.11    M    M  4.4 15 240   M    M   7 1      23 240
 6  76  60  68  -6   0   3 0.00    M    M  3.6  7 340   M    M   7        10  30
 7  80  57  69  -5   0   4 0.00    M    M  5.8 16  30   M    M   3        21  40
 8  82  52  67  -7   0   2 0.00    M    M  4.0 12 130   M    M   2 12     15 150
 9  79  57  68  -6   0   3    T    M    M  7.7 17 200   M    M   4        23 200
10  81  59  70  -4   0   5    T    M    M  6.3 17 360   M    M   2 13     22 350
11  81  55  68  -6   0   3 0.00    M    M  3.2  9  60   M    M   1        13  30
12  81  51  66  -8   0   1 0.00    M    M  4.5 13 120   M    M   0 1      16 130
13  80  63  72  -2   0   7 0.19    M    M  7.3 18 160   M    M   9 1      27 140
14  85  63  74   1   0   9 0.01    M    M  4.6 10 350   M    M   3 13     15 330
15  85  62  74   1   0   9 2.63    M    M 10.2 30 330   M    M   7 13     39 320
16  80  65  73   0   0   8 1.13    M    M  8.5 26 220   M    M   6 13     33 220
17  81  62  72  -1   0   7 0.00    M    M  8.2 18 300   M    M   2 1      26 320
================================================================================
SM 1360  982        10  79  4.07    M    103.9          M       64
================================================================================
AV 80.0 57.8                               6.1 FASTST   M    M   4    MAX(MPH)
                                 MISC ---->  # 30 330               # 39  320
================================================================================
NOTES:
# LAST OF SEVERAL OCCURRENCES

COLUMN 17 PEAK WIND IN M.P.H.

PRELIMINARY LOCAL CLIMATOLOGICAL DATA (WS FORM: F-6) , PAGE 2

                                          STATION:  TEKAMAH, NEBRASKA
                                          MONTH:    AUGUST
                                          YEAR:     2017
                                          LATITUDE:   41 46 N
                                          LONGITUDE:  96 11 W

[TEMPERATURE DATA]      [PRECIPITATION DATA]       SYMBOLS USED IN COLUMN 16

AVERAGE MONTHLY: 68.9   TOTAL FOR MONTH:   4.07    1 = FOG OR MIST
DPTR FM NORMAL:  -5.2   DPTR FM NORMAL:    1.67    2 = FOG REDUCING VISIBILITY
HIGHEST:    86 ON  1    GRTST 24HR  2.63 ON 15-15      TO 1/4 MILE OR LESS
LOWEST:     49 ON  4                               3 = THUNDER
                        SNOW, ICE PELLETS, HAIL    4 = ICE PELLETS
                        TOTAL MONTH:    M          5 = HAIL
                        GRTST 24HR    M  ON   M    6 = FREEZING RAIN OR DRIZZLE
                        GRTST DEPTH:  M  ON   M    7 = DUSTSTORM OR SANDSTORM:
                                                       VSBY 1/2 MILE OR LESS
                                                   8 = SMOKE OR HAZE
[NO. OF DAYS WITH]      [WEATHER - DAYS WITH]      9 = BLOWING SNOW
                                                   X = TORNADO
MAX 32 OR BELOW:   0    0.01 INCH OR MORE:   5
MAX 90 OR ABOVE:   0    0.10 INCH OR MORE:   4
MIN 32 OR BELOW:   0    0.50 INCH OR MORE:   2
MIN  0 OR BELOW:   0    1.00 INCH OR MORE:   2

[HDD (BASE 65) ]
TOTAL THIS MO.    10    CLEAR  (SCALE 0-3)   9
DPTR FM NORMAL    10    PTCLDY (SCALE 4-7)   7
TOTAL FM JUL 1    10    CLOUDY (SCALE 8-10)  1
DPTR FM NORMAL     7

[CDD (BASE 65) ]
TOTAL THIS MO.    79
DPTR FM NORMAL   -77    [PRESSURE DATA]
TOTAL FM JAN 1   846    HIGHEST SLP M ON M
DPTR FM NORMAL    62    LOWEST  SLP 29.67 ON 16

[REMARKS]
