000
CXUS54 KMRX 301000
CF6TRI
PRELIMINARY LOCAL CLIMATOLOGICAL DATA (WS FORM: F-6)

                                          STATION:   TRI-CITIES      ASOS
                                          MONTH:     SEPTEMBER
                                          YEAR:      2016
                                          LATITUDE:   36 28 N
                                          LONGITUDE:  82 24 W

  TEMPERATURE IN F:       :PCPN:    SNOW:  WIND      :SUNSHINE: SKY     :PK WND
================================================================================
1   2   3   4   5  6A  6B    7    8   9   10  11  12  13   14  15   16   17  18
                                     12Z  AVG MX 2MIN
DY MAX MIN AVG DEP HDD CDD  WTR  SNW DPTH SPD SPD DIR MIN PSBL S-S WX    SPD DR
================================================================================

 1  82  65  74   2   0   9 0.61  0.0    0  2.5 16 360   M    M   6 13     22  20
 2  79  60  70  -2   0   5 0.00  0.0    0  4.2 14  60   M    M   8        21  40
 3  82  54  68  -3   0   3 0.00  0.0    0  1.9  8 260   M    M   2 12     13  90
 4  86  56  71   0   0   6 0.00  0.0    0  1.4  9 320   M    M   3        14  80
 5  87  55  71   0   0   6 0.00  0.0    0  1.4  9 240   M    M   1 1      12 230
 6  89  56  73   2   0   8 0.00  0.0    0  1.7 10 340   M    M   1 1      17  60
 7  91  57  74   4   0   9 0.00  0.0    0  2.0 12 230   M    M   1 1      15 280
 8  91  60  76   6   0  11 0.00  0.0    0  2.7 13 320   M    M   2 1      18 200
 9  91  63  77   7   0  12 0.00  0.0    0  2.1 17 260   M    M   4 1      22 260
10  90  64  77   8   0  12    T  0.0    0  3.8 17 310   M    M   5 18     22 300
11  85  61  73   4   0   8 0.00  0.0    0  4.6 13 270   M    M   6        16 250
12  90  57  74   5   0   9 0.00  0.0    0  3.0 14 270   M    M   4        16 270
13  92  60  76   8   0  11 0.00  0.0    0  0.6 13  60   M    M   2 1      22 110
14  92  61  77   9   0  12 0.00  0.0    0  2.0 14 310   M    M   3 1      19  80
15  92  56  74   6   0   9 0.00  0.0    0  1.5  8 180   M    M   2        13 140
16  91  62  77  10   0  12 0.00  0.0    0  3.2 10 140   M    M   5 1      15 120
17  89  61  75   8   0  10 0.00  0.0    0  4.2 15 190   M    M   5 1      20 210
18  85  64  75   9   0  10 1.29  0.0    0  2.9 13 270   M    M   9 1      17 280
19  83  65  74   8   0   9 0.07  0.0    0  2.9 10 360   M    M   6 1      23 260
20  86  61  74   8   0   9 0.00  0.0    0  2.8 14 350   M    M   4 12     19 340
21  87  58  73   8   0   8 0.00  0.0    0  1.2  8  20   M    M   3 12     16 150
22  84  60  72   7   0   7 0.00  0.0    0  2.2  8 110   M    M   3         M  M
23  88  60  74  10   0   9 0.00  0.0    0  1.7 12 340   M    M   2 1      19  70
24  89  59  74  10   0   9 0.00  0.0    0  1.1  6 320   M    M   1 1      12 310
25  90  59  75  11   0  10 0.00  0.0    0  1.5 12 250   M    M   1 1      15 280
26  86  62  74  11   0   9 0.42  0.0    0  4.1 21 290   M    M   5 13     30 290
27  77  57  67   4   0   2 0.18  0.0    0  2.5 10 270   M    M   6 1      14 260
28  81  55  68   6   0   3 0.00  0.0    0  2.9 14 230   M    M   4 128    24 240
29  70  55  63   1   2   0    T  0.0    0  3.0 14 300   M    M   7 3      19 310
================================================================================
SM 2505 1723         2 237  2.57     0.0  71.6          M      111
================================================================================
AV 86.4 59.4                               2.5 FASTST   M    M   4    MAX(MPH)
                                 MISC ---->  # 21 290               # 30  290
================================================================================
NOTES:
# LAST OF SEVERAL OCCURRENCES

COLUMN 17 PEAK WIND IN M.P.H.

PRELIMINARY LOCAL CLIMATOLOGICAL DATA (WS FORM: F-6) , PAGE 2

                                          STATION:  TRI-CITIES      ASOS
                                          MONTH:    SEPTEMBER
                                          YEAR:     2016
                                          LATITUDE:   36 28 N
                                          LONGITUDE:  82 24 W

[TEMPERATURE DATA]      [PRECIPITATION DATA]       SYMBOLS USED IN COLUMN 16

AVERAGE MONTHLY: 72.9   TOTAL FOR MONTH:   2.57    1 = FOG OR MIST
DPTR FM NORMAL:   5.6   DPTR FM NORMAL:   -0.33    2 = FOG REDUCING VISIBILITY
HIGHEST:    92 ON 15,14 GRTST 24HR  1.36 ON 18-19      TO 1/4 MILE OR LESS
LOWEST:     54 ON  3                               3 = THUNDER
                        SNOW, ICE PELLETS, HAIL    4 = ICE PELLETS
                        TOTAL MONTH:   0.0 INCH    5 = HAIL
                        GRTST 24HR     0.0         6 = FREEZING RAIN OR DRIZZLE
                        GRTST DEPTH:   0           7 = DUSTSTORM OR SANDSTORM:
                                                       VSBY 1/2 MILE OR LESS
                                                   8 = SMOKE OR HAZE
[NO. OF DAYS WITH]      [WEATHER - DAYS WITH]      9 = BLOWING SNOW
                                                   X = TORNADO
MAX 32 OR BELOW:   0    0.01 INCH OR MORE:   5
MAX 90 OR ABOVE:  10    0.10 INCH OR MORE:   4
MIN 32 OR BELOW:   0    0.50 INCH OR MORE:   2
MIN  0 OR BELOW:   0    1.00 INCH OR MORE:   1

[HDD (BASE 65) ]
TOTAL THIS MO.     2    CLEAR  (SCALE 0-3)  14
DPTR FM NORMAL   -43    PTCLDY (SCALE 4-7)  13
TOTAL FM JUL 1     2    CLOUDY (SCALE 8-10)  2
DPTR FM NORMAL   -44

[CDD (BASE 65) ]
TOTAL THIS MO.   237
DPTR FM NORMAL   122    [PRESSURE DATA]
TOTAL FM JAN 1  1470    HIGHEST SLP M ON M
DPTR FM NORMAL   503    LOWEST  SLP 29.82 ON  1

[REMARKS]
