000
CXUS54 KMRX 301000
CF6TRI
PRELIMINARY LOCAL CLIMATOLOGICAL DATA (WS FORM: F-6)

                                          STATION:   TRI-CITIES      ASOS
                                          MONTH:     APRIL
                                          YEAR:      2016
                                          LATITUDE:   36 28 N
                                          LONGITUDE:  82 24 W

  TEMPERATURE IN F:       :PCPN:    SNOW:  WIND      :SUNSHINE: SKY     :PK WND
================================================================================
1   2   3   4   5  6A  6B    7    8   9   10  11  12  13   14  15   16   17  18
                                     12Z  AVG MX 2MIN
DY MAX MIN AVG DEP HDD CDD  WTR  SNW DPTH SPD SPD DIR MIN PSBL S-S WX    SPD DR
================================================================================

 1  74  55  65  14   0   0 0.59  0.0    0  7.1 29 220   M    M   9 13     37 230
 2  59  50  55   4  10   0 0.00  0.0    0 14.8 33 270   M    M   7        42 260
 3  57  34  46  -6  19   0 0.00  0.0    0  7.9 32 310   M    M   1        42 300
 4  73  31  52   0  13   0    T  0.0    0  9.1 26 230   M    M   2        32 230
 5  54  31  43  -9  22   0 0.00  0.0    0  5.8 23 320   M    M   2        30 330
 6  65  28  47  -5  18   0 0.20  0.0    0  7.6 22 230   M    M   6 1      27 200
 7  62  44  53   0  12   0 0.15  0.0    0 16.1 36 250   M    M   8 1      46 250
 8  54  37  46  -7  19   0 0.16  0.0    0 11.3 25 300   M    M   8 138    37 320
 9  48  30  39 -14  26   0    T  0.0    0 12.3 26 310   M    M   5        35 280
10  64  24  44 -10  21   0    T  0.0    0  3.9 15 260   M    M   5        19 260
11  74  46  60   6   5   0    T  0.0    0  7.9 22 250   M    M   7        28 240
12  62  40  51  -3  14   0 0.37  0.0    0  3.5 14 350   M    M   6 1      19  10
13  71  32  52  -2  13   0 0.00  0.0    0  2.0  9 110   M    M   4        14 130
14  75  40  58   3   7   0 0.00  0.0    0  3.3 13 120   M    M   4        17 110
15  72  44  58   3   7   0 0.00  0.0    0  6.1 14  60   M    M   5        18 110
16  75  40  58   3   7   0 0.00  0.0    0  1.9  8 360   M    M   2        11 350
17  80  38  59   3   6   0 0.00  0.0    0  1.2  8  20   M    M   0        14  40
18  83  41  62   6   3   0 0.00  0.0    0  1.4  9 290   M    M   1        12 300
19  82  42  62   6   3   0 0.00  0.0    0  2.8 16 230   M    M   6        19 220
20  85  52  69  13   0   4 0.00  0.0    0  4.0 15 150   M    M   6 8      18 120
21  80  52  66   9   0   1    T  0.0    0  7.5 20 200   M    M   7        26 200
22  66  54  60   3   5   0 0.56  0.0    0  3.4 17 340   M    M   9 1      20 340
23  68  45  57   0   8   0 0.00  0.0    0  4.6 16 350   M    M   7 12     21 350
24  78  40  59   1   6   0 0.00  0.0    0  2.0 12 220   M    M   2 12     15 230
25  80  47  64   6   1   0 0.00  0.0    0  3.3 21 230   M    M   4        25 230
26  81  53  67   9   0   2 0.00  0.0    0  4.8 16 230   M    M   4        21 250
27  83  59  71  13   0   6 0.39  0.0    0  5.2 18 240   M    M   7 13     23 240
28  80  58  69  10   0   4 0.56  0.0    0  6.7 21 240   M    M   5 13     26 230
29  79  51  65   6   0   0 0.00  0.0    0  3.6 15 260   M    M   5 1      20 270
================================================================================
SM 2064 1238       245  17  2.98     0.0 171.1          M      144
================================================================================
AV 71.2 42.7                               5.9 FASTST   M    M   5    MAX(MPH)
                                 MISC ---->  # 36 250               # 46  250
================================================================================
NOTES:
# LAST OF SEVERAL OCCURRENCES

COLUMN 17 PEAK WIND IN M.P.H.

PRELIMINARY LOCAL CLIMATOLOGICAL DATA (WS FORM: F-6) , PAGE 2

                                          STATION:  TRI-CITIES      ASOS
                                          MONTH:    APRIL
                                          YEAR:     2016
                                          LATITUDE:   36 28 N
                                          LONGITUDE:  82 24 W

[TEMPERATURE DATA]      [PRECIPITATION DATA]       SYMBOLS USED IN COLUMN 16

AVERAGE MONTHLY: 56.9   TOTAL FOR MONTH:   2.98    1 = FOG OR MIST
DPTR FM NORMAL:   1.9   DPTR FM NORMAL:   -0.24    2 = FOG REDUCING VISIBILITY
HIGHEST:    85 ON 20    GRTST 24HR  0.95 ON 27-28      TO 1/4 MILE OR LESS
LOWEST:     24 ON 10                               3 = THUNDER
                        SNOW, ICE PELLETS, HAIL    4 = ICE PELLETS
                        TOTAL MONTH:   0.0 INCH    5 = HAIL
                        GRTST 24HR     0.0         6 = FREEZING RAIN OR DRIZZLE
                        GRTST DEPTH:   0           7 = DUSTSTORM OR SANDSTORM:
                                                       VSBY 1/2 MILE OR LESS
                                                   8 = SMOKE OR HAZE
[NO. OF DAYS WITH]      [WEATHER - DAYS WITH]      9 = BLOWING SNOW
                                                   X = TORNADO
MAX 32 OR BELOW:   0    0.01 INCH OR MORE:   8
MAX 90 OR ABOVE:   0    0.10 INCH OR MORE:   8
MIN 32 OR BELOW:   6    0.50 INCH OR MORE:   3
MIN  0 OR BELOW:   0    1.00 INCH OR MORE:   0

[HDD (BASE 65) ]
TOTAL THIS MO.   245    CLEAR  (SCALE 0-3)   7
DPTR FM NORMAL   -53    PTCLDY (SCALE 4-7)  19
TOTAL FM JUL 1  3454    CLOUDY (SCALE 8-10)  3
DPTR FM NORMAL  -794

[CDD (BASE 65) ]
TOTAL THIS MO.    17
DPTR FM NORMAL     9    [PRESSURE DATA]
TOTAL FM JAN 1    23    HIGHEST SLP M ON M
DPTR FM NORMAL    14    LOWEST  SLP 29.67 ON  1

[REMARKS]
