000
CXUS54 KFWD 260730
CF6TRL
PRELIMINARY LOCAL CLIMATOLOGICAL DATA (WS FORM: F-6)

                                          STATION:   TERRELL
                                          MONTH:     MARCH
                                          YEAR:      2015
                                          LATITUDE:   32 42 N
                                          LONGITUDE:  96 16 W

  TEMPERATURE IN F:       :PCPN:    SNOW:  WIND      :SUNSHINE: SKY     :PK WND
================================================================================
1   2   3   4   5  6A  6B    7    8   9   10  11  12  13   14  15   16   17  18
                                     12Z  AVG MX 2MIN
DY MAX MIN AVG DEP HDD CDD  WTR  SNW DPTH SPD SPD DIR MIN PSBL S-S WX    SPD DR
================================================================================

 1  41  34  38 -15  27   0 0.13  0.0    M  8.1 15  20   M    M  10 1      18  20
 2  44  37  41 -12  24   0 0.08  0.0    M  7.1 14 360   M    M   9 1      18 360
 3  53  43  48  -6  17   0 0.09  0.0    0  3.4  9 210   M    M  10 12     13 200
 4  55  31  43 -11  22   0 0.78    M    0 13.3 25  10   M    M  10 1236   35 360
 5  40  26  33 -21  32   0 0.06    M    M  9.7 21 360   M    M   2 1268   27  10
 6  53  24  39 -15  26   0 0.00  0.0    M  1.1  8 240   M    M   0 18     11 170
 7  62  28  45 -10  20   0 0.00  0.0    0  4.2 10 160   M    M   3        17 200
 8  52  47  50  -5  15   0 0.44  0.0    0  6.1 12 140   M    M  10 1      14 150
 9  52  49  51  -4  14   0 1.25  0.0    0  7.2 21  80   M    M   9 1      27  80
10  57  51  54  -1  11   0 0.00  0.0    0  4.8 10 330   M    M  10 1      14 290
11  68  51  60   4   5   0 0.00  0.0    0  4.7 14  40   M    M   7        24 360
12  64  51  58   2   7   0    T  0.0    0  7.5 16  30   M    M   8 18     21  70
13  62  57  60   4   5   0 0.43  0.0    0  8.6 15 310   M    M  10 18     20 320
14  60  57  59   3   6   0 0.06  0.0    0  9.5 18 320   M    M  10 18     25 310
15  70  54  62   6   3   0 0.00  0.0    0  4.2 12  40   M    M   9 18     20  20
16  77  49  63   6   2   0 0.00  0.0    0  4.8 14 170   M    M   1 12     18 190
17  80  64  72  15   0   7 0.00  0.0    0  6.3 14 210   M    M   3 18     19 280
18  70  60  65   8   0   0 0.12  0.0    0  3.2 10  20   M    M   8 1      15  10
19  72  60  66   8   0   1    T  0.0    0  6.3 13  20   M    M   6 128    17  50
20  65  58  62   4   3   0 0.50  0.0    0  8.8 17  20   M    M  10 1      22  20
21  62  54  58   0   7   0 0.13  0.0    0  6.8 14  30   M    M   9 18      M  M
22  70  53  62   4   3   0 0.01  0.0    0  4.6 12 300   M    M   6 1      15  50
23  76  47  62   4   3   0 0.00  0.0    0  4.0 10 130   M    M   1 12     19 180
24  81  57  69  10   0   4 0.00  0.0    0 11.6 23 180   M    M   0        30 210
25  83  62  73  14   0   8    T  0.0    0 13.1 23 180   M    M   1        31 170
================================================================================
SM 1569 1204       252  20  4.08     0.0 169.0          M      162
================================================================================
AV 62.8 48.2                               6.8 FASTST   M    M   6    MAX(MPH)
                                 MISC ---->  # 25  10               # 35  360
================================================================================
NOTES:
# LAST OF SEVERAL OCCURRENCES

COLUMN 17 PEAK WIND IN M.P.H.

PRELIMINARY LOCAL CLIMATOLOGICAL DATA (WS FORM: F-6) , PAGE 2

                                          STATION:  TERRELL
                                          MONTH:    MARCH
                                          YEAR:     2015
                                          LATITUDE:   32 42 N
                                          LONGITUDE:  96 16 W

[TEMPERATURE DATA]      [PRECIPITATION DATA]       SYMBOLS USED IN COLUMN 16

AVERAGE MONTHLY: 55.5   TOTAL FOR MONTH:   4.08    1 = FOG OR MIST
DPTR FM NORMAL:  -0.6   DPTR FM NORMAL:    0.94    2 = FOG REDUCING VISIBILITY
HIGHEST:    83 ON 25    GRTST 24HR  1.25 ON  9- 9      TO 1/4 MILE OR LESS
LOWEST:     24 ON  6                               3 = THUNDER
                        SNOW, ICE PELLETS, HAIL    4 = ICE PELLETS
                        TOTAL MONTH:   0.0 INCH    5 = HAIL
                        GRTST 24HR     0.0         6 = FREEZING RAIN OR DRIZZLE
                        GRTST DEPTH:   0           7 = DUSTSTORM OR SANDSTORM:
                                                       VSBY 1/2 MILE OR LESS
                                                   8 = SMOKE OR HAZE
[NO. OF DAYS WITH]      [WEATHER - DAYS WITH]      9 = BLOWING SNOW
                                                   X = TORNADO
MAX 32 OR BELOW:   0    0.01 INCH OR MORE:  13
MAX 90 OR ABOVE:   0    0.10 INCH OR MORE:   8
MIN 32 OR BELOW:   4    0.50 INCH OR MORE:   3
MIN  0 OR BELOW:   0    1.00 INCH OR MORE:   1

[HDD (BASE 65) ]
TOTAL THIS MO.   252    CLEAR  (SCALE 0-3)   7
DPTR FM NORMAL    13    PTCLDY (SCALE 4-7)   6
TOTAL FM JUL 1  2152    CLOUDY (SCALE 8-10) 12
DPTR FM NORMAL   -62

[CDD (BASE 65) ]
TOTAL THIS MO.    20
DPTR FM NORMAL    -1    [PRESSURE DATA]
TOTAL FM JAN 1    20    HIGHEST SLP M ON M
DPTR FM NORMAL    -7    LOWEST  SLP 29.71 ON 25

[REMARKS]
