000
CXUS54 KFWD 010730
CF6TRL
PRELIMINARY LOCAL CLIMATOLOGICAL DATA (WS FORM: F-6)

                                          STATION:   TERRELL
                                          MONTH:     APRIL
                                          YEAR:      2016
                                          LATITUDE:   32 42 N
                                          LONGITUDE:  96 16 W

  TEMPERATURE IN F:       :PCPN:    SNOW:  WIND      :SUNSHINE: SKY     :PK WND
================================================================================
1   2   3   4   5  6A  6B    7    8   9   10  11  12  13   14  15   16   17  18
                                     12Z  AVG MX 2MIN
DY MAX MIN AVG DEP HDD CDD  WTR  SNW DPTH SPD SPD DIR MIN PSBL S-S WX    SPD DR
================================================================================

 1  64  47  56  -5   9   0    T  0.0    0  9.4 25  30   M    M   5        32  30
 2  67  41  54  -7  11   0 0.00  0.0    0  5.2 16 320   M    M   0        23  10
 3  74  39  57  -4   8   0 0.00  0.0    0  5.6 16 170   M    M   0        21 200
 4  80  50  65   3   0   0 0.00  0.0    0  6.4 14 180   M    M   0        21 190
 5  82  51  67   5   0   2 0.00  0.0    0  7.7 20 170   M    M   0        25 180
 6  76  51  64   2   1   0 0.00  0.0    0 10.4 23 320   M    M   0 8      33 310
 7  85  45  65   3   0   0 0.00  0.0    0  5.7 15 230   M    M   0        25 230
 8  73  50  62  -1   3   0 0.00  0.0    0  6.0 18  40   M    M   0        24  60
 9  72  49  61  -2   4   0 0.10  0.0    0  6.5 29 160   M    M   5        36 160
10  78  59  69   6   0   4 0.00  0.0    0 14.9 23 180   M    M   7        29 200
11  85  63  74  10   0   9 0.09  0.0    0 11.3 22  20   M    M   7 13     29  10
12  70  57  64   0   1   0 0.02  0.0    0  9.2 16  50   M    M   5        21  50
13  65  54  60  -4   5   0 0.24  0.0    0  7.4 15  10   M    M   8 1      20  80
14  71  55  63  -1   2   0 0.01  0.0    0  6.3 13  50   M    M   5 1      16  40
15  74  52  63  -1   2   0 0.00  0.0    0  6.0 14 150   M    M   4 12     18 150
16  79  62  71   6   0   6    T  0.0    0 13.0 21 100   M    M   8        27 120
17  71  62  67   2   0   2 2.26  0.0    0 11.1 24 120   M    M  10 13     32 130
18  74  63  69   4   0   4 0.60  0.0    0  7.9 25  80   M    M   6 13     31  80
19  78  64  71   5   0   6 0.00  0.0    0  4.7  9 120   M    M   7        13 110
20  72  58  65  -1   0   0 0.95  0.0    0  5.2 16 130   M    M   8 13     21 340
21  78  57  68   2   0   3 0.28  0.0    0  7.1 20 150   M    M   2 13     24 160
22  80  53  67   1   0   2 0.00  0.0    0  4.0 14 310   M    M   1        22 270
23  80  54  67   0   0   2 0.00  0.0    0  3.1 14 160   M    M   0        18 150
24  78  59  69   2   0   4 0.00  0.0    0 10.3 26 170   M    M   0        32 170
25  83  66  75   8   0  10 0.00  0.0    0 11.7 20 170   M    M   8        25 160
26  84  62  73   5   0   8 1.33  0.0    0 13.4 23 170   M    M   7 13     30 180
27  82  59  71   3   0   6 0.06  0.0    0  7.2 17  90   M    M   3 13     22 100
28  85  57  71   3   0   6 0.03  0.0    0  7.7 17  90   M    M   1 3      21 100
29  79  68  74   6   0   9 1.92  0.0    0  9.0 30 180   M    M   9 138    41 290
30  77  62  70   1   0   5    T  0.0    0  5.8 14 300   M    M   6 1      17 330
================================================================================
SM 2296 1669        46  88  7.89     0.0 239.2          M      122
================================================================================
AV 76.5 55.6                               8.0 FASTST   M    M   4    MAX(MPH)
                                 MISC ---->  # 30 180               # 41  290
================================================================================
NOTES:
# LAST OF SEVERAL OCCURRENCES

COLUMN 17 PEAK WIND IN M.P.H.

PRELIMINARY LOCAL CLIMATOLOGICAL DATA (WS FORM: F-6) , PAGE 2

                                          STATION:  TERRELL
                                          MONTH:    APRIL
                                          YEAR:     2016
                                          LATITUDE:   32 42 N
                                          LONGITUDE:  96 16 W

[TEMPERATURE DATA]      [PRECIPITATION DATA]       SYMBOLS USED IN COLUMN 16

AVERAGE MONTHLY: 66.1   TOTAL FOR MONTH:   7.89    1 = FOG OR MIST
DPTR FM NORMAL:   1.4   DPTR FM NORMAL:    4.68    2 = FOG REDUCING VISIBILITY
HIGHEST:    85 ON 28,11 GRTST 24HR  2.86 ON 17-18      TO 1/4 MILE OR LESS
LOWEST:     39 ON  3                               3 = THUNDER
                        SNOW, ICE PELLETS, HAIL    4 = ICE PELLETS
                        TOTAL MONTH:   0.0 INCH    5 = HAIL
                        GRTST 24HR     0.0         6 = FREEZING RAIN OR DRIZZLE
                        GRTST DEPTH:   0           7 = DUSTSTORM OR SANDSTORM:
                                                       VSBY 1/2 MILE OR LESS
                                                   8 = SMOKE OR HAZE
[NO. OF DAYS WITH]      [WEATHER - DAYS WITH]      9 = BLOWING SNOW
                                                   X = TORNADO
MAX 32 OR BELOW:   0    0.01 INCH OR MORE:  13
MAX 90 OR ABOVE:   0    0.10 INCH OR MORE:   8
MIN 32 OR BELOW:   0    0.50 INCH OR MORE:   5
MIN  0 OR BELOW:   0    1.00 INCH OR MORE:   3

[HDD (BASE 65) ]
TOTAL THIS MO.    46    CLEAR  (SCALE 0-3)  13
DPTR FM NORMAL   -48    PTCLDY (SCALE 4-7)  14
TOTAL FM JUL 1  1771    CLOUDY (SCALE 8-10)  3
DPTR FM NORMAL  -576

[CDD (BASE 65) ]
TOTAL THIS MO.    88
DPTR FM NORMAL     3    [PRESSURE DATA]
TOTAL FM JAN 1   113    HIGHEST SLP M ON M
DPTR FM NORMAL    -2    LOWEST  SLP 29.48 ON 29

[REMARKS]
#FINAL-04-16#
